INSERT INTO `drupal_cache_views` (`cid`, `data`, `expire`, `created`, `serialized`) VALUES
('views_data:field_data_field_url:en', 0x[encoded data, 6080 characters], 0, 1411405135, 1),
('views_data:field_revision_body:en', 0x[encoded data, 7566 characters], 0, 1411405135, 1),
('views_data:field_revision_field_categories:en', 0x[encoded data, 6964 characters], 0, 1411405135, 1),
('views_data:field_revision_field_icon:en', 0x[encoded data, 6476 characters], 0, 1411405135, 1),
('views_data:field_revision_field_image:en', 0x[encoded data, 16280 characters], 0, 1411405135, 1);
INSERT INTO `drupal_cache_views` (`cid`, `data`, `expire`, `created`, `serialized`) VALUES
('views_data:field_revision_field_tags:en', 0x[encoded data, 6572 characters], 0, 1411405135, 1),
('views_data:field_revision_field_url:en', 0x[encoded data, 6366 characters], 0, 1411405135, 1),
('views_data:files:en', 0x613a313a7b733a383a226d6f76656420746f223b733a31323a2266696c655f6d616e61676564223b7d, 0, 1411405135, 1),
('views_data:file_managed:en', 0x[encoded data, 7662 characters], 0, 1411405135, 1),
('views_data:file_usage:en', 0x[encoded data, 16872 characters], 0, 1411405135, 1),
('views_data:filter_format:en', 0x613a313a7b733a353a227461626c65223b613a313a7b733a343a226a6f696e223b613a323a7b733a31333a226e6f64655f7265766973696f6e223b613a323a7b733a31303a226c6566745f6669656c64223b733a363a22666f726d6174223b733a353a226669656c64223b733a363a22666f726d6174223b7d733a343a226e6f6465223b613a333a7b733a31303a226c6566745f7461626c65223b733a31333a226e6f64655f7265766973696f6e223b733a31303a226c6566745f6669656c64223b733a363a22666f726d6174223b733a353a226669656c64223b733a363a22666f726d6174223b7d7d7d7d, 0, 1411405135, 1),
('views_data:filter_formats:en', 0x613a313a7b733a383a226d6f76656420746f223b733a31333a2266696c7465725f666f726d6174223b7d, 0, 1411405135, 1),
('views_data:history:en', 0x613a323a7b733a353a227461626c65223b613a323a7b733a353a2267726f7570223b733a373a22436f6e74656e74223b733a343a226a6f696e223b613a313a7b733a343a226e6f6465223b613a343a7b733a353a227461626c65223b733a373a22686973746f7279223b733a31303a226c6566745f6669656c64223b733a333a226e6964223b733a353a226669656c64223b733a333a226e6964223b733a353a226578747261223b613a313a7b693a303b613a333a7b733a353a226669656c64223b733a333a22756964223b733a353a2276616c7565223b733a31383a222a2a2a43555252454e545f555345522a2a2a223b733a373a226e756d65726963223b623a313b7d7d7d7d7d733a393a2274696d657374616d70223b613a333a7b733a353a227469746c65223b733a31353a22486173206e657720636f6e74656e74223b733a353a226669656c64223b613a323a7b733a373a2268616e646c6572223b733a34323a2276696577735f68616e646c65725f6669656c645f686973746f72795f757365725f74696d657374616d70223b733a343a2268656c70223b733a34373a2253686f772061206d61726b65722069662074686520636f6e74656e74206973206e6577206f7220757064617465642e223b7d733a363a2266696c746572223b613a323a7b733a343a2268656c70223b733a34313a2253686f77206f6e6c7920636f6e74656e742074686174206973206e6577206f7220757064617465642e223b733a373a2268616e646c6572223b733a34333a2276696577735f68616e646c65725f66696c7465725f686973746f72795f757365725f74696d657374616d70223b7d7d7d, 0, 1411405135, 1),
('views_data:history_user:en', 0x613a313a7b733a383a226d6f76656420746f223b733a373a22686973746f7279223b7d, 0, 1411405135, 1);
INSERT INTO `drupal_cache_views` (`cid`, `data`, `expire`, `created`, `serialized`) VALUES
('views_data:node:en', 0x[encoded data, 23154 characters], 0, 1411405135, 1),
('views_data:node_access:en', 0x613a323a7b733a353a227461626c65223b613a323a7b733a353a2267726f7570223b733a31343a22436f6e74656e7420616363657373223b733a343a226a6f696e223b613a313a7b733a343a226e6f6465223b613a323a7b733a31303a226c6566745f6669656c64223b733a333a226e6964223b733a353a226669656c64223b733a333a226e6964223b7d7d7d733a333a226e6964223b613a333a7b733a353a227469746c65223b733a363a22416363657373223b733a343a2268656c70223b733a31373a2246696c746572206279206163636573732e223b733a363a2266696c746572223b613a323a7b733a373a2268616e646c6572223b733a33323a2276696577735f68616e646c65725f66696c7465725f6e6f64655f616363657373223b733a343a2268656c70223b733a3130373a2246696c74657220666f7220636f6e74656e742062792076696577206163636573732e203c7374726f6e673e4e6f74206e656365737361727920696620796f7520617265207573696e67206e6f646520617320796f75722062617365207461626c652e3c2f7374726f6e673e223b7d7d7d, 0, 1411405135, 1),
('views_data:node_comment_statistics:en', 0x[encoded data, 5342 characters], 0, 1411405135, 1),
('views_data:node_revision:en', 0x[encoded data, 7078 characters], 0, 1411405135, 1),
('views_data:node_revisions:en', 0x613a323a7b733a383a226d6f76656420746f223b733a31333a226e6f64655f7265766973696f6e223b733a343a22626f6479223b613a313a7b733a383a226d6f76656420746f223b613a323a7b693a303b733a31393a226669656c645f7265766973696f6e5f64617461223b693a313b733a31363a22626f64792d7265766973696f6e5f6964223b7d7d7d, 0, 1411405135, 1),
('views_data:role:en', 0x613a313a7b733a353a227461626c65223b613a323a7b733a343a226a6f696e223b613a323a7b733a353a227573657273223b613a333a7b733a31303a226c6566745f7461626c65223b733a31313a2275736572735f726f6c6573223b733a31303a226c6566745f6669656c64223b733a333a22726964223b733a353a226669656c64223b733a333a22726964223b7d733a31313a2275736572735f726f6c6573223b613a323a7b733a31303a226c6566745f6669656c64223b733a333a22726964223b733a353a226669656c64223b733a333a22726964223b7d7d733a32303a2264656661756c745f72656c6174696f6e73686970223b613a323a7b733a343a226e6f6465223b613a323a7b733a353a227461626c65223b733a343a226e6f6465223b733a353a226669656c64223b733a333a22756964223b7d733a31333a226e6f64655f7265766973696f6e223b613a323a7b733a353a227461626c65223b733a31333a226e6f64655f7265766973696f6e223b733a353a226669656c64223b733a333a22756964223b7d7d7d7d, 0, 1411405135, 1),
('views_data:role_permission:en', 0x613a323a7b733a353a227461626c65223b613a323a7b733a353a2267726f7570223b733a343a2255736572223b733a343a226a6f696e223b613a313a7b733a353a227573657273223b613a333a7b733a31303a226c6566745f7461626c65223b733a31313a2275736572735f726f6c6573223b733a31303a226c6566745f6669656c64223b733a333a22726964223b733a353a226669656c64223b733a333a22726964223b7d7d7d733a31303a227065726d697373696f6e223b613a343a7b733a353a227469746c65223b733a31303a225065726d697373696f6e223b733a343a2268656c70223b733a32313a225468652075736572207065726d697373696f6e732e223b733a353a226669656c64223b613a323a7b733a373a2268616e646c6572223b733a33363a2276696577735f68616e646c65725f6669656c645f757365725f7065726d697373696f6e73223b733a31313a226e6f2067726f7570206279223b623a313b7d733a363a2266696c746572223b613a313a7b733a373a2268616e646c6572223b733a33373a2276696577735f68616e646c65725f66696c7465725f757365725f7065726d697373696f6e73223b7d7d7d, 0, 1411405135, 1),
('views_data:search_dataset:en', 0x613a313a7b733a353a227461626c65223b613a313a7b733a343a226a6f696e223b613a323a7b733a343a226e6f6465223b613a353a7b733a31303a226c6566745f7461626c65223b733a31323a227365617263685f696e646578223b733a31303a226c6566745f6669656c64223b733a333a22736964223b733a353a226669656c64223b733a333a22736964223b733a353a226578747261223b733a33393a227365617263685f696e6465782e74797065203d207365617263685f646174617365742e74797065223b733a343a2274797065223b733a353a22494e4e4552223b7d733a353a227573657273223b613a353a7b733a31303a226c6566745f7461626c65223b733a31323a227365617263685f696e646578223b733a31303a226c6566745f6669656c64223b733a333a22736964223b733a353a226669656c64223b733a333a22736964223b733a353a226578747261223b733a33393a227365617263685f696e6465782e74797065203d207365617263685f646174617365742e74797065223b733a343a2274797065223b733a353a22494e4e4552223b7d7d7d7d, 0, 1411405135, 1),
('views_data:search_index:en', 0x613a333a7b733a353a227461626c65223b613a323a7b733a353a2267726f7570223b733a363a22536561726368223b733a343a226a6f696e223b613a313a7b733a343a226e6f6465223b613a323a7b733a31303a226c6566745f6669656c64223b733a333a226e6964223b733a353a226669656c64223b733a333a22736964223b7d7d7d733a353a2273636f7265223b613a343a7b733a353a227469746c65223b733a353a2253636f7265223b733a343a2268656c70223b733a39333a225468652073636f7265206f662074686520736561726368206974656d2e20546869732077696c6c206e6f74206265207573656420696620746865207365617263682066696c746572206973206e6f7420616c736f2070726573656e742e223b733a353a226669656c64223b613a343a7b733a373a2268616e646c6572223b733a33323a2276696577735f68616e646c65725f6669656c645f7365617263685f73636f7265223b733a31343a22636c69636b20736f727461626c65223b623a313b733a353a22666c6f6174223b623a313b733a31313a226e6f2067726f7570206279223b623a313b7d733a343a22736f7274223b613a323a7b733a373a2268616e646c6572223b733a33313a2276696577735f68616e646c65725f736f72745f7365617263685f73636f7265223b733a31313a226e6f2067726f7570206279223b623a313b7d7d733a343a226b657973223b613a343a7b733a353a227469746c65223b733a31323a22536561726368205465726d73223b733a343a2268656c70223b733a32343a22546865207465726d7320746f2073656172636820666f722e223b733a363a2266696c746572223b613a323a7b733a373a2268616e646c6572223b733a32373a2276696577735f68616e646c65725f66696c7465725f736561726368223b733a31313a226e6f2067726f7570206279223b623a313b7d733a383a22617267756d656e74223b613a323a7b733a373a2268616e646c6572223b733a32393a2276696577735f68616e646c65725f617267756d656e745f736561726368223b733a31313a226e6f2067726f7570206279223b623a313b7d7d7d, 0, 1411405135, 1),
('views_data:search_node_links_from:en', 0x613a323a7b733a353a227461626c65223b613a323a7b733a353a2267726f7570223b733a363a22536561726368223b733a343a226a6f696e223b613a313a7b733a343a226e6f6465223b613a313a7b733a393a22617267756d656e7473223b613a363a7b693a303b733a31373a227365617263685f6e6f64655f6c696e6b73223b693a313b733a343a226e6f6465223b693a323b733a333a226e6964223b693a333b733a333a226e6964223b693a343b4e3b693a353b733a353a22494e4e4552223b7d7d7d7d733a333a22736964223b613a343a7b733a353a227469746c65223b733a31303a224c696e6b732066726f6d223b733a343a2268656c70223b733a34323a224f74686572206e6f646573207468617420617265206c696e6b65642066726f6d20746865206e6f64652e223b733a383a22617267756d656e74223b613a313a7b733a373a2268616e646c6572223b733a33313a2276696577735f68616e646c65725f617267756d656e745f6e6f64655f6e6964223b7d733a363a2266696c746572223b613a313a7b733a373a2268616e646c6572223b733a32393a2276696577735f68616e646c65725f66696c7465725f657175616c697479223b7d7d7d, 0, 1411405135, 1),
('views_data:search_node_links_to:en', 0x613a323a7b733a353a227461626c65223b613a323a7b733a353a2267726f7570223b733a363a22536561726368223b733a343a226a6f696e223b613a313a7b733a343a226e6f6465223b613a313a7b733a393a22617267756d656e7473223b613a363a7b693a303b733a31373a227365617263685f6e6f64655f6c696e6b73223b693a313b733a343a226e6f6465223b693a323b733a333a226e6964223b693a333b733a333a22736964223b693a343b4e3b693a353b733a353a22494e4e4552223b7d7d7d7d733a333a226e6964223b613a343a7b733a353a227469746c65223b733a383a224c696e6b7320746f223b733a343a2268656c70223b733a33343a224f74686572206e6f6465732074686174206c696e6b20746f20746865206e6f64652e223b733a383a22617267756d656e74223b613a313a7b733a373a2268616e646c6572223b733a33313a2276696577735f68616e646c65725f617267756d656e745f6e6f64655f6e6964223b7d733a363a2266696c746572223b613a313a7b733a373a2268616e646c6572223b733a32393a2276696577735f68616e646c65725f66696c7465725f657175616c697479223b7d7d7d, 0, 1411405135, 1),
('views_data:search_total:en', 0x613a313a7b733a353a227461626c65223b613a313a7b733a343a226a6f696e223b613a323a7b733a343a226e6f6465223b613a333a7b733a31303a226c6566745f7461626c65223b733a31323a227365617263685f696e646578223b733a31303a226c6566745f6669656c64223b733a343a22776f7264223b733a353a226669656c64223b733a343a22776f7264223b7d733a353a227573657273223b613a333a7b733a31303a226c6566745f7461626c65223b733a31323a227365617263685f696e646578223b733a31303a226c6566745f6669656c64223b733a343a22776f7264223b733a353a226669656c64223b733a343a22776f7264223b7d7d7d7d, 0, 1411405135, 1),
('views_data:system:en', 0x[encoded data, 5364 characters], 0, 1411405135, 1);
INSERT INTO `drupal_cache_views` (`cid`, `data`, `expire`, `created`, `serialized`) VALUES
('views_data:taxonomy_index:en', 0x613a333a7b733a353a227461626c65223b613a323a7b733a353a2267726f7570223b733a31333a225461786f6e6f6d79207465726d223b733a343a226a6f696e223b613a333a7b733a31383a227461786f6e6f6d795f7465726d5f64617461223b613a323a7b733a31303a226c6566745f6669656c64223b733a333a22746964223b733a353a226669656c64223b733a333a22746964223b7d733a343a226e6f6465223b613a323a7b733a31303a226c6566745f6669656c64223b733a333a226e6964223b733a353a226669656c64223b733a333a226e6964223b7d733a32333a227461786f6e6f6d795f7465726d5f686965726172636879223b613a323a7b733a31303a226c6566745f6669656c64223b733a333a22746964223b733a353a226669656c64223b733a333a22746964223b7d7d7d733a333a226e6964223b613a333a7b733a353a227469746c65223b733a31373a22436f6e74656e742077697468207465726d223b733a343a2268656c70223b733a33383a2252656c61746520616c6c20636f6e74656e742074616767656420776974682061207465726d2e223b733a31323a2272656c6174696f6e73686970223b613a353a7b733a373a2268616e646c6572223b733a32363a2276696577735f68616e646c65725f72656c6174696f6e73686970223b733a343a2262617365223b733a343a226e6f6465223b733a31303a2262617365206669656c64223b733a333a226e6964223b733a353a226c6162656c223b733a343a226e6f6465223b733a393a22736b69702062617365223b733a343a226e6f6465223b7d7d733a333a22746964223b613a353a7b733a353a2267726f7570223b733a373a22436f6e74656e74223b733a353a227469746c65223b733a32303a22486173207461786f6e6f6d79207465726d204944223b733a343a2268656c70223b733a35343a22446973706c617920636f6e74656e7420696620697420686173207468652073656c6563746564207461786f6e6f6d79207465726d732e223b733a383a22617267756d656e74223b613a363a7b733a373a2268616e646c6572223b733a33363a2276696577735f68616e646c65725f617267756d656e745f7465726d5f6e6f64655f746964223b733a31303a226e616d65207461626c65223b733a31383a227461786f6e6f6d795f7465726d5f64617461223b733a31303a226e616d65206669656c64223b733a343a226e616d65223b733a31363a22656d707479206669656c64206e616d65223b733a31333a22556e63617465676f72697a6564223b733a373a226e756d65726963223b623a313b733a393a22736b69702062617365223b733a31383a227461786f6e6f6d795f7465726d5f64617461223b7d733a363a2266696c746572223b613a363a7b733a353a227469746c65223b733a31373a22486173207461786f6e6f6d79207465726d223b733a373a2268616e646c6572223b733a33343a2276696577735f68616e646c65725f66696c7465725f7465726d5f6e6f64655f746964223b733a31353a22686965726172636879207461626c65223b733a32333a227461786f6e6f6d795f7465726d5f686965726172636879223b733a373a226e756d65726963223b623a313b733a393a22736b69702062617365223b733a31383a227461786f6e6f6d795f7465726d5f64617461223b733a31313a22616c6c6f7720656d707479223b623a313b7d7d7d, 0, 1411405135, 1),
('views_data:taxonomy_term_data:en', 0x[encoded data, 9416 characters], 0, 1411405135, 1),
('views_data:taxonomy_term_hierarchy:en', 0x613a323a7b733a353a227461626c65223b613a333a7b733a353a2267726f7570223b733a31333a225461786f6e6f6d79207465726d223b733a343a226a6f696e223b613a323a7b733a32333a227461786f6e6f6d795f7465726d5f686965726172636879223b613a323a7b733a31303a226c6566745f6669656c64223b733a333a22746964223b733a353a226669656c64223b733a363a22706172656e74223b7d733a31383a227461786f6e6f6d795f7465726d5f64617461223b613a323a7b733a31303a226c6566745f6669656c64223b733a333a22746964223b733a353a226669656c64223b733a333a22746964223b7d7d733a32303a2264656661756c745f72656c6174696f6e73686970223b613a313a7b733a343a226e6f6465223b613a323a7b733a353a227461626c65223b733a343a226e6f6465223b733a353a226669656c64223b733a31333a227465726d5f6e6f64655f746964223b7d7d7d733a363a22706172656e74223b613a353a7b733a353a227469746c65223b733a31313a22506172656e74207465726d223b733a343a2268656c70223b733a3132333a2254686520706172656e74207465726d206f6620746865207465726d2e20546869732063616e2070726f64756365206475706c696361746520656e747269657320696620796f7520617265207573696e67206120766f636162756c617279207468617420616c6c6f7773206d756c7469706c6520706172656e74732e223b733a31323a2272656c6174696f6e73686970223b613a333a7b733a343a2262617365223b733a31383a227461786f6e6f6d795f7465726d5f64617461223b733a353a226669656c64223b733a363a22706172656e74223b733a353a226c6162656c223b733a363a22506172656e74223b7d733a363a2266696c746572223b613a323a7b733a343a2268656c70223b733a35373a2246696c7465722074686520726573756c7473206f6620225461786f6e6f6d793a205465726d222062792074686520706172656e74207069642e223b733a373a2268616e646c6572223b733a32383a2276696577735f68616e646c65725f66696c7465725f6e756d65726963223b7d733a383a22617267756d656e74223b613a323a7b733a343a2268656c70223b733a32383a2254686520706172656e74207465726d206f6620746865207465726d2e223b733a373a2268616e646c6572223b733a33313a2276696577735f68616e646c65725f617267756d656e745f7461786f6e6f6d79223b7d7d7d, 0, 1411405135, 1),
('views_data:taxonomy_vocabulary:en', 0x[encoded data, 4582 characters], 0, 1411405135, 1),
('views_data:term_data:en', 0x613a313a7b733a383a226d6f76656420746f223b733a31383a227461786f6e6f6d795f7465726d5f64617461223b7d, 0, 1411405135, 1),
('views_data:term_hierarchy:en', 0x613a313a7b733a383a226d6f76656420746f223b733a32333a227461786f6e6f6d795f7465726d5f686965726172636879223b7d, 0, 1411405135, 1),
('views_data:term_node:en', 0x613a313a7b733a383a226d6f76656420746f223b733a31343a227461786f6e6f6d795f696e646578223b7d, 0, 1411405135, 1),
('views_data:users:en', 0x[encoded data, 16062 characters], 0, 1411405135, 1),
('views_data:users_roles:en', 0x613a323a7b733a353a227461626c65223b613a333a7b733a353a2267726f7570223b733a343a2255736572223b733a343a226a6f696e223b613a313a7b733a353a227573657273223b613a323a7b733a31303a226c6566745f6669656c64223b733a333a22756964223b733a353a226669656c64223b733a333a22756964223b7d7d733a32303a2264656661756c745f72656c6174696f6e73686970223b613a323a7b733a343a226e6f6465223b613a323a7b733a353a227461626c65223b733a343a226e6f6465223b733a353a226669656c64223b733a333a22756964223b7d733a31333a226e6f64655f7265766973696f6e223b613a323a7b733a353a227461626c65223b733a31333a226e6f64655f7265766973696f6e223b733a353a226669656c64223b733a333a22756964223b7d7d7d733a333a22726964223b613a353a7b733a353a227469746c65223b733a353a22526f6c6573223b733a343a2268656c70223b733a32393a22526f6c65732074686174206120757365722062656c6f6e677320746f2e223b733a353a226669656c64223b613a323a7b733a373a2268616e646c6572223b733a33303a2276696577735f68616e646c65725f6669656c645f757365725f726f6c6573223b733a31313a226e6f2067726f7570206279223b623a313b7d733a363a2266696c746572223b613a333a7b733a373a2268616e646c6572223b733a33313a2276696577735f68616e646c65725f66696c7465725f757365725f726f6c6573223b733a373a226e756d65726963223b623a313b733a31313a22616c6c6f7720656d707479223b623a313b7d733a383a22617267756d656e74223b613a363a7b733a373a2268616e646c6572223b733a33383a2276696577735f68616e646c65725f617267756d656e745f75736572735f726f6c65735f726964223b733a31303a226e616d65207461626c65223b733a343a22726f6c65223b733a31303a226e616d65206669656c64223b733a343a226e616d65223b733a31363a22656d707479206669656c64206e616d65223b733a373a224e6f20726f6c65223b733a31323a227a65726f206973206e756c6c223b623a313b733a373a226e756d65726963223b623a313b7d7d7d, 0, 1411405135, 1),
('views_data:views:en', 0x[encoded data, 4576 characters], 0, 1411405135, 1),
('views_data:views_entity_comment:en', 0x613a313a7b733a353a227461626c65223b613a333a7b733a343a226a6f696e223b613a323a7b733a373a22636f6d6d656e74223b613a313a7b733a31303a226c6566745f7461626c65223b733a373a22636f6d6d656e74223b7d733a32303a2276696577735f656e746974795f636f6d6d656e74223b613a313a7b733a31303a226c6566745f7461626c65223b733a32303a2276696577735f656e746974795f636f6d6d656e74223b7d7d733a31313a22656e746974792074797065223b733a373a22636f6d6d656e74223b733a353a2267726f7570223b733a373a22436f6d6d656e74223b7d7d, 0, 1411405135, 1),
('views_data:views_entity_file:en', 0x613a313a7b733a353a227461626c65223b613a333a7b733a343a226a6f696e223b613a323a7b733a31323a2266696c655f6d616e61676564223b613a313a7b733a31303a226c6566745f7461626c65223b733a31323a2266696c655f6d616e61676564223b7d733a31373a2276696577735f656e746974795f66696c65223b613a313a7b733a31303a226c6566745f7461626c65223b733a31373a2276696577735f656e746974795f66696c65223b7d7d733a31313a22656e746974792074797065223b733a343a2266696c65223b733a353a2267726f7570223b733a343a2246696c65223b7d7d, 0, 1411405135, 1),
('views_data:views_entity_node:en', 0x613a343a7b733a353a227461626c65223b613a333a7b733a353a2267726f7570223b733a373a22436f6e74656e74223b733a343a226a6f696e223b613a333a7b733a343a226e6f6465223b613a313a7b733a31303a226c6566745f7461626c65223b733a343a226e6f6465223b7d733a31373a2276696577735f656e746974795f6e6f6465223b613a313a7b733a31303a226c6566745f7461626c65223b733a31373a2276696577735f656e746974795f6e6f6465223b7d733a31333a226e6f64655f7265766973696f6e223b613a313a7b733a31303a226c6566745f7461626c65223b733a31333a226e6f64655f7265766973696f6e223b7d7d733a31313a22656e746974792074797065223b733a343a226e6f6465223b7d733a393a22766965775f6e6f6465223b613a313a7b733a353a226669656c64223b613a333a7b733a353a227469746c65223b733a343a224c696e6b223b733a343a2268656c70223b733a33373a2250726f7669646520612073696d706c65206c696e6b20746f2074686520636f6e74656e742e223b733a373a2268616e646c6572223b733a32393a2276696577735f68616e646c65725f6669656c645f6e6f64655f6c696e6b223b7d7d733a393a22656469745f6e6f6465223b613a313a7b733a353a226669656c64223b613a333a7b733a353a227469746c65223b733a393a2245646974206c696e6b223b733a343a2268656c70223b733a34323a2250726f7669646520612073696d706c65206c696e6b20746f20656469742074686520636f6e74656e742e223b733a373a2268616e646c6572223b733a33343a2276696577735f68616e646c65725f6669656c645f6e6f64655f6c696e6b5f65646974223b7d7d733a31313a2264656c6574655f6e6f6465223b613a313a7b733a353a226669656c64223b613a333a7b733a353a227469746c65223b733a31313a2244656c657465206c696e6b223b733a343a2268656c70223b733a34343a2250726f7669646520612073696d706c65206c696e6b20746f2064656c6574652074686520636f6e74656e742e223b733a373a2268616e646c6572223b733a33363a2276696577735f68616e646c65725f6669656c645f6e6f64655f6c696e6b5f64656c657465223b7d7d7d, 0, 1411405135, 1),
('views_data:views_entity_taxonomy_term:en', 0x613a313a7b733a353a227461626c65223b613a333a7b733a343a226a6f696e223b613a323a7b733a31383a227461786f6e6f6d795f7465726d5f64617461223b613a313a7b733a31303a226c6566745f7461626c65223b733a31383a227461786f6e6f6d795f7465726d5f64617461223b7d733a32363a2276696577735f656e746974795f7461786f6e6f6d795f7465726d223b613a313a7b733a31303a226c6566745f7461626c65223b733a32363a2276696577735f656e746974795f7461786f6e6f6d795f7465726d223b7d7d733a31313a22656e746974792074797065223b733a31333a227461786f6e6f6d795f7465726d223b733a353a2267726f7570223b733a31333a225461786f6e6f6d79207465726d223b7d7d, 0, 1411405135, 1),
('views_data:views_entity_user:en', 0x613a313a7b733a353a227461626c65223b613a333a7b733a343a226a6f696e223b613a323a7b733a353a227573657273223b613a313a7b733a31303a226c6566745f7461626c65223b733a353a227573657273223b7d733a31373a2276696577735f656e746974795f75736572223b613a313a7b733a31303a226c6566745f7461626c65223b733a31373a2276696577735f656e746974795f75736572223b7d7d733a31313a22656e746974792074797065223b733a343a2275736572223b733a353a2267726f7570223b733a343a2255736572223b7d7d, 0, 1411405135, 1),
('views_data:vocabulary:en', 0x613a313a7b733a383a226d6f76656420746f223b733a31393a227461786f6e6f6d795f766f636162756c617279223b7d, 0, 1411405135, 1);

-- --------------------------------------------------------

--
-- Structure de la table `drupal_cache_views_data`
--

CREATE TABLE IF NOT EXISTS `drupal_cache_views_data` (
  `cid` varchar(255) NOT NULL DEFAULT '' COMMENT 'Primary Key: Unique cache ID.',
  `data` longblob COMMENT 'A collection of data to cache.',
  `expire` int(11) NOT NULL DEFAULT '0' COMMENT 'A Unix timestamp indicating when the cache entry should expire, or 0 for never.',
  `created` int(11) NOT NULL DEFAULT '0' COMMENT 'A Unix timestamp indicating when the cache entry was created.',
  `serialized` smallint(6) NOT NULL DEFAULT '1' COMMENT 'A flag to indicate whether content is serialized (1) or not (0).'
) ENGINE=InnoDB DEFAULT CHARSET=utf8 COMMENT='Cache table for views to store pre-rendered queries,...';

-- --------------------------------------------------------

--
-- Structure de la table `drupal_comment`
--

CREATE TABLE IF NOT EXISTS `drupal_comment` (
  `cid` int(11) NOT NULL COMMENT 'Primary Key: Unique comment ID.',
  `pid` int(11) NOT NULL DEFAULT '0' COMMENT 'The comment.cid to which this comment is a reply. If set to 0, this comment is not a reply to an existing comment.',
  `nid` int(11) NOT NULL DEFAULT '0' COMMENT 'The node.nid to which this comment is a reply.',
  `uid` int(11) NOT NULL DEFAULT '0' COMMENT 'The users.uid who authored the comment. If set to 0, this comment was created by an anonymous user.',
  `subject` varchar(64) NOT NULL DEFAULT '' COMMENT 'The comment title.',
  `hostname` varchar(128) NOT NULL DEFAULT '' COMMENT 'The author’s host name.',
  `created` int(11) NOT NULL DEFAULT '0' COMMENT 'The time that the comment was created, as a Unix timestamp.',
  `changed` int(11) NOT NULL DEFAULT '0' COMMENT 'The time that the comment was last edited, as a Unix timestamp.',
  `status` tinyint(3) unsigned NOT NULL DEFAULT '1' COMMENT 'The published status of a comment. (0 = Not Published, 1 = Published)',
  `thread` varchar(255) NOT NULL COMMENT 'The vancode representation of the comment’s place in a thread.',
  `name` varchar(60) DEFAULT NULL COMMENT 'The comment author’s name. Uses users.name if the user is logged in, otherwise uses the value typed into the comment form.',
  `mail` varchar(64) DEFAULT NULL COMMENT 'The comment author’s e-mail address from the comment form, if user is anonymous, and the ’Anonymous users may/must leave their contact information’ setting is turned on.',
  `homepage` varchar(255) DEFAULT NULL COMMENT 'The comment author’s home page address from the comment form, if user is anonymous, and the ’Anonymous users may/must leave their contact information’ setting is turned on.',
  `language` varchar(12) NOT NULL DEFAULT '' COMMENT 'The languages.language of this comment.'
) ENGINE=InnoDB AUTO_INCREMENT=2 DEFAULT CHARSET=utf8 COMMENT='Stores comments and associated data.';

--
-- Contenu de la table `drupal_comment`
--

INSERT INTO `drupal_comment` (`cid`, `pid`, `nid`, `uid`, `subject`, `hostname`, `created`, `changed`, `status`, `thread`, `name`, `mail`, `homepage`, `language`) VALUES
(1, 0, 2, 0, 'Lorem Ipsum is simply dummy', '127.0.0.1', 1396017950, 1396017949, 1, '01/', 'Drupalet', '', '', 'und');

-- --------------------------------------------------------

--
-- Structure de la table `drupal_contact`
--

CREATE TABLE IF NOT EXISTS `drupal_contact` (
  `cid` int(10) unsigned NOT NULL COMMENT 'Primary Key: Unique category ID.',
  `category` varchar(255) NOT NULL DEFAULT '' COMMENT 'Category name.',
  `recipients` longtext NOT NULL COMMENT 'Comma-separated list of recipient e-mail addresses.',
  `reply` longtext NOT NULL COMMENT 'Text of the auto-reply message.',
  `weight` int(11) NOT NULL DEFAULT '0' COMMENT 'The category’s weight.',
  `selected` tinyint(4) NOT NULL DEFAULT '0' COMMENT 'Flag to indicate whether or not category is selected by default. (1 = Yes, 0 = No)'
) ENGINE=InnoDB AUTO_INCREMENT=2 DEFAULT CHARSET=utf8 COMMENT='Contact form category settings.';

--
-- Contenu de la table `drupal_contact`
--

INSERT INTO `drupal_contact` (`cid`, `category`, `recipients`, `reply`, `weight`, `selected`) VALUES
(1, 'Website feedback', 'drupalet022@gmail.com', '', 0, 1);

-- --------------------------------------------------------

--
-- Structure de la table `drupal_context`
--

CREATE TABLE IF NOT EXISTS `drupal_context` (
  `name` varchar(255) NOT NULL DEFAULT '' COMMENT 'The primary identifier for a context.',
  `description` varchar(255) NOT NULL DEFAULT '' COMMENT 'Description for this context.',
  `tag` varchar(255) NOT NULL DEFAULT '' COMMENT 'Tag for this context.',
  `conditions` text COMMENT 'Serialized storage of all context condition settings.',
  `reactions` text COMMENT 'Serialized storage of all context reaction settings.',
  `condition_mode` int(11) DEFAULT '0' COMMENT 'Condition mode for this context.'
) ENGINE=InnoDB DEFAULT CHARSET=utf8 COMMENT='Storage for normal (user-defined) contexts.';

--
-- Contenu de la table `drupal_context`
--

INSERT INTO `drupal_context` (`name`, `description`, `tag`, `conditions`, `reactions`, `condition_mode`) VALUES
('home-page-1', 'Contexts for homepage layout #1', 'ipress - homepage', 'a:1:{s:4:"path";a:1:{s:6:"values";a:1:{s:7:"<front>";s:7:"<front>";}}}', 'a:1:{s:5:"block";a:1:{s:6:"blocks";a:7:{s:28:"views-ipress_blocks-top_news";a:4:{s:6:"module";s:5:"views";s:5:"delta";s:22:"ipress_blocks-top_news";s:6:"region";s:8:"top_news";s:6:"weight";s:2:"-9";}s:35:"views-ipress_blocks-post_of_the_day";a:4:{s:6:"module";s:5:"views";s:5:"delta";s:29:"ipress_blocks-post_of_the_day";s:6:"region";s:7:"content";s:6:"weight";s:3:"-10";}s:31:"views-ipress_blocks-block_music";a:4:{s:6:"module";s:5:"views";s:5:"delta";s:25:"ipress_blocks-block_music";s:6:"region";s:7:"content";s:6:"weight";s:2:"-9";}s:38:"views-04fd750c426e6a8a06c5e00db3b02330";a:4:{s:6:"module";s:5:"views";s:5:"delta";s:32:"04fd750c426e6a8a06c5e00db3b02330";s:6:"region";s:7:"content";s:6:"weight";s:2:"-8";}s:7:"block-2";a:4:{s:6:"module";s:5:"block";s:5:"delta";s:1:"2";s:6:"region";s:7:"content";s:6:"weight";s:2:"-7";}s:38:"views-dd4fbbb79c038e52dc3b207f30e9893e";a:4:{s:6:"module";s:5:"views";s:5:"delta";s:32:"dd4fbbb79c038e52dc3b207f30e9893e";s:6:"region";s:7:"content";s:6:"weight";s:2:"-6";}s:38:"views-ed71e802979487af45aafa3eb66675fb";a:4:{s:6:"module";s:5:"views";s:5:"delta";s:32:"ed71e802979487af45aafa3eb66675fb";s:6:"region";s:7:"content";s:6:"weight";s:2:"-5";}}}}', 0);

-- --------------------------------------------------------

--
-- Structure de la table `drupal_ctools_css_cache`
--

CREATE TABLE IF NOT EXISTS `drupal_ctools_css_cache` (
  `cid` varchar(128) NOT NULL COMMENT 'The CSS ID this cache object belongs to.',
  `filename` varchar(255) DEFAULT NULL COMMENT 'The filename this CSS is stored in.',
  `css` longtext COMMENT 'CSS being stored.',
  `filter` tinyint(4) DEFAULT NULL COMMENT 'Whether or not this CSS needs to be filtered.'
) ENGINE=InnoDB DEFAULT CHARSET=utf8 COMMENT='A special cache used to store CSS that must be non-volatile.';

-- --------------------------------------------------------

--
-- Structure de la table `drupal_ctools_object_cache`
--

CREATE TABLE IF NOT EXISTS `drupal_ctools_object_cache` (
  `sid` varchar(64) NOT NULL COMMENT 'The session ID this cache object belongs to.',
  `name` varchar(128) NOT NULL COMMENT 'The name of the object this cache is attached to.',
  `obj` varchar(32) NOT NULL COMMENT 'The type of the object this cache is attached to; this essentially represents the owner so that several sub-systems can use this cache.',
  `updated` int(10) unsigned NOT NULL DEFAULT '0' COMMENT 'The time this cache was created or updated.',
  `data` longblob COMMENT 'Serialized data being stored.'
) ENGINE=InnoDB DEFAULT CHARSET=utf8 COMMENT='A special cache used to store objects that are being...';

-- --------------------------------------------------------

--
-- Structure de la table `drupal_date_formats`
--

CREATE TABLE IF NOT EXISTS `drupal_date_formats` (
  `dfid` int(10) unsigned NOT NULL COMMENT 'The date format identifier.',
  `format` varchar(100) CHARACTER SET utf8 COLLATE utf8_bin NOT NULL COMMENT 'The date format string.',
  `type` varchar(64) NOT NULL COMMENT 'The date format type, e.g. medium.',
  `locked` tinyint(4) NOT NULL DEFAULT '0' COMMENT 'Whether or not this format can be modified.'
) ENGINE=InnoDB AUTO_INCREMENT=36 DEFAULT CHARSET=utf8 COMMENT='Stores configured date formats.';

--
-- Contenu de la table `drupal_date_formats`
--

INSERT INTO `drupal_date_formats` (`dfid`, `format`, `type`, `locked`) VALUES
(1, 'Y-m-d H:i', 'short', 1),
(2, 'm/d/Y - H:i', 'short', 1),
(3, 'd/m/Y - H:i', 'short', 1),
(4, 'Y/m/d - H:i', 'short', 1),
(5, 'd.m.Y - H:i', 'short', 1),
(6, 'm/d/Y - g:ia', 'short', 1),
(7, 'd/m/Y - g:ia', 'short', 1),
(8, 'Y/m/d - g:ia', 'short', 1),
(9, 'M j Y - H:i', 'short', 1),
(10, 'j M Y - H:i', 'short', 1),
(11, 'Y M j - H:i', 'short', 1),
(12, 'M j Y - g:ia', 'short', 1),
(13, 'j M Y - g:ia', 'short', 1),
(14, 'Y M j - g:ia', 'short', 1),
(15, 'D, Y-m-d H:i', 'medium', 1),
(16, 'D, m/d/Y - H:i', 'medium', 1),
(17, 'D, d/m/Y - H:i', 'medium', 1),
(18, 'D, Y/m/d - H:i', 'medium', 1),
(19, 'F j, Y - H:i', 'medium', 1),
(20, 'j F, Y - H:i', 'medium', 1),
(21, 'Y, F j - H:i', 'medium', 1),
(22, 'D, m/d/Y - g:ia', 'medium', 1),
(23, 'D, d/m/Y - g:ia', 'medium', 1),
(24, 'D, Y/m/d - g:ia', 'medium', 1),
(25, 'F j, Y - g:ia', 'medium', 1),
(26, 'j F Y - g:ia', 'medium', 1),
(27, 'Y, F j - g:ia', 'medium', 1),
(28, 'j. F Y - G:i', 'medium', 1),
(29, 'l, F j, Y - H:i', 'long', 1),
(30, 'l, j F, Y - H:i', 'long', 1),
(31, 'l, Y,  F j - H:i', 'long', 1),
(32, 'l, F j, Y - g:ia', 'long', 1),
(33, 'l, j F Y - g:ia', 'long', 1),
(34, 'l, Y,  F j - g:ia', 'long', 1),
(35, 'l, j. F Y - G:i', 'long', 1);

-- --------------------------------------------------------

--
-- Structure de la table `drupal_date_format_locale`
--

CREATE TABLE IF NOT EXISTS `drupal_date_format_locale` (
  `format` varchar(100) NOT NULL COMMENT 'The date format string.',
  `type` varchar(64) NOT NULL COMMENT 'The date format type, e.g. medium.',
  `language` varchar(12) NOT NULL COMMENT 'A languages.language for this format to be used with.'
) ENGINE=InnoDB DEFAULT CHARSET=utf8 COMMENT='Stores configured date formats for each locale.';

-- --------------------------------------------------------

--
-- Structure de la table `drupal_date_format_type`
--

CREATE TABLE IF NOT EXISTS `drupal_date_format_type` (
  `type` varchar(64) NOT NULL COMMENT 'The date format type, e.g. medium.',
  `title` varchar(255) NOT NULL COMMENT 'The human readable name of the format type.',
  `locked` tinyint(4) NOT NULL DEFAULT '0' COMMENT 'Whether or not this is a system provided format.'
) ENGINE=InnoDB DEFAULT CHARSET=utf8 COMMENT='Stores configured date format types.';

--
-- Contenu de la table `drupal_date_format_type`
--

INSERT INTO `drupal_date_format_type` (`type`, `title`, `locked`) VALUES
('long', 'Long', 1),
('medium', 'Medium', 1),
('short', 'Short', 1);

-- --------------------------------------------------------

--
-- Structure de la table `drupal_field_config`
--

CREATE TABLE IF NOT EXISTS `drupal_field_config` (
  `id` int(11) NOT NULL COMMENT 'The primary identifier for a field',
  `field_name` varchar(32) NOT NULL COMMENT 'The name of this field. Non-deleted field names are unique, but multiple deleted fields can have the same name.',
  `type` varchar(128) NOT NULL COMMENT 'The type of this field.',
  `module` varchar(128) NOT NULL DEFAULT '' COMMENT 'The module that implements the field type.',
  `active` tinyint(4) NOT NULL DEFAULT '0' COMMENT 'Boolean indicating whether the module that implements the field type is enabled.',
  `storage_type` varchar(128) NOT NULL COMMENT 'The storage backend for the field.',
  `storage_module` varchar(128) NOT NULL DEFAULT '' COMMENT 'The module that implements the storage backend.',
  `storage_active` tinyint(4) NOT NULL DEFAULT '0' COMMENT 'Boolean indicating whether the module that implements the storage backend is enabled.',
  `locked` tinyint(4) NOT NULL DEFAULT '0' COMMENT '@TODO',
  `data` longblob NOT NULL COMMENT 'Serialized data containing the field properties that do not warrant a dedicated column.',
  `cardinality` tinyint(4) NOT NULL DEFAULT '0',
  `translatable` tinyint(4) NOT NULL DEFAULT '0',
  `deleted` tinyint(4) NOT NULL DEFAULT '0'
) ENGINE=InnoDB AUTO_INCREMENT=8 DEFAULT CHARSET=utf8;

--
-- Contenu de la table `drupal_field_config`
--

INSERT INTO `drupal_field_config` (`id`, `field_name`, `type`, `module`, `active`, `storage_type`, `storage_module`, `storage_active`, `locked`, `data`, `cardinality`, `translatable`, `deleted`) VALUES
(1, 'comment_body', 'text_long', 'text', 1, 'field_sql_storage', 'field_sql_storage', 1, 0, 0x613a363a7b733a31323a22656e746974795f7479706573223b613a313a7b693a303b733a373a22636f6d6d656e74223b7d733a31323a227472616e736c617461626c65223b623a303b733a383a2273657474696e6773223b613a303a7b7d733a373a2273746f72616765223b613a343a7b733a343a2274797065223b733a31373a226669656c645f73716c5f73746f72616765223b733a383a2273657474696e6773223b613a303a7b7d733a363a226d6f64756c65223b733a31373a226669656c645f73716c5f73746f72616765223b733a363a22616374697665223b693a313b7d733a31323a22666f726569676e206b657973223b613a313a7b733a363a22666f726d6174223b613a323a7b733a353a227461626c65223b733a31333a2266696c7465725f666f726d6174223b733a373a22636f6c756d6e73223b613a313a7b733a363a22666f726d6174223b733a363a22666f726d6174223b7d7d7d733a373a22696e6465786573223b613a313a7b733a363a22666f726d6174223b613a313a7b693a303b733a363a22666f726d6174223b7d7d7d, 1, 0, 0),
(2, 'body', 'text_with_summary', 'text', 1, 'field_sql_storage', 'field_sql_storage', 1, 0, 0x613a363a7b733a31323a22656e746974795f7479706573223b613a313a7b693a303b733a343a226e6f6465223b7d733a31323a227472616e736c617461626c65223b623a303b733a383a2273657474696e6773223b613a303a7b7d733a373a2273746f72616765223b613a343a7b733a343a2274797065223b733a31373a226669656c645f73716c5f73746f72616765223b733a383a2273657474696e6773223b613a303a7b7d733a363a226d6f64756c65223b733a31373a226669656c645f73716c5f73746f72616765223b733a363a22616374697665223b693a313b7d733a31323a22666f726569676e206b657973223b613a313a7b733a363a22666f726d6174223b613a323a7b733a353a227461626c65223b733a31333a2266696c7465725f666f726d6174223b733a373a22636f6c756d6e73223b613a313a7b733a363a22666f726d6174223b733a363a22666f726d6174223b7d7d7d733a373a22696e6465786573223b613a313a7b733a363a22666f726d6174223b613a313a7b693a303b733a363a22666f726d6174223b7d7d7d, 1, 0, 0),
(3, 'field_tags', 'taxonomy_term_reference', 'taxonomy', 1, 'field_sql_storage', 'field_sql_storage', 1, 0, 0x613a373a7b733a383a2273657474696e6773223b613a313a7b733a31343a22616c6c6f7765645f76616c756573223b613a313a7b693a303b613a323a7b733a31303a22766f636162756c617279223b733a343a2274616773223b733a363a22706172656e74223b693a303b7d7d7d733a31323a22656e746974795f7479706573223b613a303a7b7d733a31323a227472616e736c617461626c65223b733a313a2230223b733a373a2273746f72616765223b613a353a7b733a343a2274797065223b733a31373a226669656c645f73716c5f73746f72616765223b733a383a2273657474696e6773223b613a303a7b7d733a363a226d6f64756c65223b733a31373a226669656c645f73716c5f73746f72616765223b733a363a22616374697665223b733a313a2231223b733a373a2264657461696c73223b613a313a7b733a333a2273716c223b613a323a7b733a31383a224649454c445f4c4f41445f43555252454e54223b613a313a7b733a32313a226669656c645f646174615f6669656c645f74616773223b613a313a7b733a333a22746964223b733a31343a226669656c645f746167735f746964223b7d7d733a31393a224649454c445f4c4f41445f5245564953494f4e223b613a313a7b733a32353a226669656c645f7265766973696f6e5f6669656c645f74616773223b613a313a7b733a333a22746964223b733a31343a226669656c645f746167735f746964223b7d7d7d7d7d733a31323a22666f726569676e206b657973223b613a313a7b733a333a22746964223b613a323a7b733a353a227461626c65223b733a31383a227461786f6e6f6d795f7465726d5f64617461223b733a373a22636f6c756d6e73223b613a313a7b733a333a22746964223b733a333a22746964223b7d7d7d733a373a22696e6465786573223b613a313a7b733a333a22746964223b613a313a7b693a303b733a333a22746964223b7d7d733a323a226964223b733a313a2233223b7d, -1, 0, 0),
(4, 'field_image', 'image', 'image', 1, 'field_sql_storage', 'field_sql_storage', 1, 0, 0x613a373a7b733a373a22696e6465786573223b613a313a7b733a333a22666964223b613a313a7b693a303b733a333a22666964223b7d7d733a383a2273657474696e6773223b613a323a7b733a31303a227572695f736368656d65223b733a363a227075626c6963223b733a31333a2264656661756c745f696d616765223b693a303b7d733a373a2273746f72616765223b613a353a7b733a343a2274797065223b733a31373a226669656c645f73716c5f73746f72616765223b733a383a2273657474696e6773223b613a303a7b7d733a363a226d6f64756c65223b733a31373a226669656c645f73716c5f73746f72616765223b733a363a22616374697665223b733a313a2231223b733a373a2264657461696c73223b613a313a7b733a333a2273716c223b613a323a7b733a31383a224649454c445f4c4f41445f43555252454e54223b613a313a7b733a32323a226669656c645f646174615f6669656c645f696d616765223b613a353a7b733a333a22666964223b733a31353a226669656c645f696d6167655f666964223b733a333a22616c74223b733a31353a226669656c645f696d6167655f616c74223b733a353a227469746c65223b733a31373a226669656c645f696d6167655f7469746c65223b733a353a227769647468223b733a31373a226669656c645f696d6167655f7769647468223b733a363a22686569676874223b733a31383a226669656c645f696d6167655f686569676874223b7d7d733a31393a224649454c445f4c4f41445f5245564953494f4e223b613a313a7b733a32363a226669656c645f7265766973696f6e5f6669656c645f696d616765223b613a353a7b733a333a22666964223b733a31353a226669656c645f696d6167655f666964223b733a333a22616c74223b733a31353a226669656c645f696d6167655f616c74223b733a353a227469746c65223b733a31373a226669656c645f696d6167655f7469746c65223b733a353a227769647468223b733a31373a226669656c645f696d6167655f7769647468223b733a363a22686569676874223b733a31383a226669656c645f696d6167655f686569676874223b7d7d7d7d7d733a31323a22656e746974795f7479706573223b613a303a7b7d733a31323a227472616e736c617461626c65223b733a313a2230223b733a31323a22666f726569676e206b657973223b613a313a7b733a333a22666964223b613a323a7b733a353a227461626c65223b733a31323a2266696c655f6d616e61676564223b733a373a22636f6c756d6e73223b613a313a7b733a333a22666964223b733a333a22666964223b7d7d7d733a323a226964223b733a313a2234223b7d, 1, 0, 0),
(5, 'field_icon', 'text', 'text', 1, 'field_sql_storage', 'field_sql_storage', 1, 0, 0x613a373a7b733a31323a227472616e736c617461626c65223b733a313a2230223b733a31323a22656e746974795f7479706573223b613a303a7b7d733a383a2273657474696e6773223b613a313a7b733a31303a226d61785f6c656e677468223b733a333a22323535223b7d733a373a2273746f72616765223b613a353a7b733a343a2274797065223b733a31373a226669656c645f73716c5f73746f72616765223b733a383a2273657474696e6773223b613a303a7b7d733a363a226d6f64756c65223b733a31373a226669656c645f73716c5f73746f72616765223b733a363a22616374697665223b733a313a2231223b733a373a2264657461696c73223b613a313a7b733a333a2273716c223b613a323a7b733a31383a224649454c445f4c4f41445f43555252454e54223b613a313a7b733a32313a226669656c645f646174615f6669656c645f69636f6e223b613a323a7b733a353a2276616c7565223b733a31363a226669656c645f69636f6e5f76616c7565223b733a363a22666f726d6174223b733a31373a226669656c645f69636f6e5f666f726d6174223b7d7d733a31393a224649454c445f4c4f41445f5245564953494f4e223b613a313a7b733a32353a226669656c645f7265766973696f6e5f6669656c645f69636f6e223b613a323a7b733a353a2276616c7565223b733a31363a226669656c645f69636f6e5f76616c7565223b733a363a22666f726d6174223b733a31373a226669656c645f69636f6e5f666f726d6174223b7d7d7d7d7d733a31323a22666f726569676e206b657973223b613a313a7b733a363a22666f726d6174223b613a323a7b733a353a227461626c65223b733a31333a2266696c7465725f666f726d6174223b733a373a22636f6c756d6e73223b613a313a7b733a363a22666f726d6174223b733a363a22666f726d6174223b7d7d7d733a373a22696e6465786573223b613a313a7b733a363a22666f726d6174223b613a313a7b693a303b733a363a22666f726d6174223b7d7d733a323a226964223b733a313a2235223b7d, 1, 0, 0),
(6, 'field_url', 'text', 'text', 1, 'field_sql_storage', 'field_sql_storage', 1, 0, 0x613a373a7b733a31323a227472616e736c617461626c65223b733a313a2230223b733a31323a22656e746974795f7479706573223b613a303a7b7d733a383a2273657474696e6773223b613a313a7b733a31303a226d61785f6c656e677468223b733a333a22323535223b7d733a373a2273746f72616765223b613a353a7b733a343a2274797065223b733a31373a226669656c645f73716c5f73746f72616765223b733a383a2273657474696e6773223b613a303a7b7d733a363a226d6f64756c65223b733a31373a226669656c645f73716c5f73746f72616765223b733a363a22616374697665223b733a313a2231223b733a373a2264657461696c73223b613a313a7b733a333a2273716c223b613a323a7b733a31383a224649454c445f4c4f41445f43555252454e54223b613a313a7b733a32303a226669656c645f646174615f6669656c645f75726c223b613a323a7b733a353a2276616c7565223b733a31353a226669656c645f75726c5f76616c7565223b733a363a22666f726d6174223b733a31363a226669656c645f75726c5f666f726d6174223b7d7d733a31393a224649454c445f4c4f41445f5245564953494f4e223b613a313a7b733a32343a226669656c645f7265766973696f6e5f6669656c645f75726c223b613a323a7b733a353a2276616c7565223b733a31353a226669656c645f75726c5f76616c7565223b733a363a22666f726d6174223b733a31363a226669656c645f75726c5f666f726d6174223b7d7d7d7d7d733a31323a22666f726569676e206b657973223b613a313a7b733a363a22666f726d6174223b613a323a7b733a353a227461626c65223b733a31333a2266696c7465725f666f726d6174223b733a373a22636f6c756d6e73223b613a313a7b733a363a22666f726d6174223b733a363a22666f726d6174223b7d7d7d733a373a22696e6465786573223b613a313a7b733a363a22666f726d6174223b613a313a7b693a303b733a363a22666f726d6174223b7d7d733a323a226964223b733a313a2236223b7d, 1, 0, 0),
(7, 'field_categories', 'taxonomy_term_reference', 'taxonomy', 1, 'field_sql_storage', 'field_sql_storage', 1, 0, 0x613a373a7b733a31323a227472616e736c617461626c65223b733a313a2230223b733a31323a22656e746974795f7479706573223b613a303a7b7d733a383a2273657474696e6773223b613a313a7b733a31343a22616c6c6f7765645f76616c756573223b613a313a7b693a303b613a323a7b733a31303a22766f636162756c617279223b733a31303a2263617465676f72696573223b733a363a22706172656e74223b733a313a2230223b7d7d7d733a373a2273746f72616765223b613a353a7b733a343a2274797065223b733a31373a226669656c645f73716c5f73746f72616765223b733a383a2273657474696e6773223b613a303a7b7d733a363a226d6f64756c65223b733a31373a226669656c645f73716c5f73746f72616765223b733a363a22616374697665223b733a313a2231223b733a373a2264657461696c73223b613a313a7b733a333a2273716c223b613a323a7b733a31383a224649454c445f4c4f41445f43555252454e54223b613a313a7b733a32373a226669656c645f646174615f6669656c645f63617465676f72696573223b613a313a7b733a333a22746964223b733a32303a226669656c645f63617465676f726965735f746964223b7d7d733a31393a224649454c445f4c4f41445f5245564953494f4e223b613a313a7b733a33313a226669656c645f7265766973696f6e5f6669656c645f63617465676f72696573223b613a313a7b733a333a22746964223b733a32303a226669656c645f63617465676f726965735f746964223b7d7d7d7d7d733a31323a22666f726569676e206b657973223b613a313a7b733a333a22746964223b613a323a7b733a353a227461626c65223b733a31383a227461786f6e6f6d795f7465726d5f64617461223b733a373a22636f6c756d6e73223b613a313a7b733a333a22746964223b733a333a22746964223b7d7d7d733a373a22696e6465786573223b613a313a7b733a333a22746964223b613a313a7b693a303b733a333a22746964223b7d7d733a323a226964223b733a313a2237223b7d, -1, 0, 0);

-- --------------------------------------------------------

--
-- Structure de la table `drupal_field_config_instance`
--

CREATE TABLE IF NOT EXISTS `drupal_field_config_instance` (
  `id` int(11) NOT NULL COMMENT 'The primary identifier for a field instance',
  `field_id` int(11) NOT NULL COMMENT 'The identifier of the field attached by this instance',
  `field_name` varchar(32) NOT NULL DEFAULT '',
  `entity_type` varchar(32) NOT NULL DEFAULT '',
  `bundle` varchar(128) NOT NULL DEFAULT '',
  `data` longblob NOT NULL,
  `deleted` tinyint(4) NOT NULL DEFAULT '0'
) ENGINE=InnoDB AUTO_INCREMENT=16 DEFAULT CHARSET=utf8;

--
-- Contenu de la table `drupal_field_config_instance`
--

INSERT INTO `drupal_field_config_instance` (`id`, `field_id`, `field_name`, `entity_type`, `bundle`, `data`, `deleted`) VALUES
(1, 1, 'comment_body', 'comment', 'comment_node_page', 0x613a363a7b733a353a226c6162656c223b733a373a22436f6d6d656e74223b733a383a2273657474696e6773223b613a323a7b733a31353a22746578745f70726f63657373696e67223b693a313b733a31383a22757365725f72656769737465725f666f726d223b623a303b7d733a383a227265717569726564223b623a313b733a373a22646973706c6179223b613a313a7b733a373a2264656661756c74223b613a353a7b733a353a226c6162656c223b733a363a2268696464656e223b733a343a2274797065223b733a31323a22746578745f64656661756c74223b733a363a22776569676874223b693a303b733a383a2273657474696e6773223b613a303a7b7d733a363a226d6f64756c65223b733a343a2274657874223b7d7d733a363a22776964676574223b613a343a7b733a343a2274797065223b733a31333a22746578745f7465787461726561223b733a383a2273657474696e6773223b613a313a7b733a343a22726f7773223b693a353b7d733a363a22776569676874223b693a303b733a363a226d6f64756c65223b733a343a2274657874223b7d733a31313a226465736372697074696f6e223b733a303a22223b7d, 0),
(2, 2, 'body', 'node', 'page', 0x613a363a7b733a353a226c6162656c223b733a343a22426f6479223b733a363a22776964676574223b613a343a7b733a343a2274797065223b733a32363a22746578745f74657874617265615f776974685f73756d6d617279223b733a383a2273657474696e6773223b613a323a7b733a343a22726f7773223b693a32303b733a31323a2273756d6d6172795f726f7773223b693a353b7d733a363a22776569676874223b693a2d343b733a363a226d6f64756c65223b733a343a2274657874223b7d733a383a2273657474696e6773223b613a333a7b733a31353a22646973706c61795f73756d6d617279223b623a313b733a31353a22746578745f70726f63657373696e67223b693a313b733a31383a22757365725f72656769737465725f666f726d223b623a303b7d733a373a22646973706c6179223b613a323a7b733a373a2264656661756c74223b613a353a7b733a353a226c6162656c223b733a363a2268696464656e223b733a343a2274797065223b733a31323a22746578745f64656661756c74223b733a383a2273657474696e6773223b613a303a7b7d733a363a226d6f64756c65223b733a343a2274657874223b733a363a22776569676874223b693a303b7d733a363a22746561736572223b613a353a7b733a353a226c6162656c223b733a363a2268696464656e223b733a343a2274797065223b733a32333a22746578745f73756d6d6172795f6f725f7472696d6d6564223b733a383a2273657474696e6773223b613a313a7b733a31313a227472696d5f6c656e677468223b693a3630303b7d733a363a226d6f64756c65223b733a343a2274657874223b733a363a22776569676874223b693a303b7d7d733a383a227265717569726564223b623a303b733a31313a226465736372697074696f6e223b733a303a22223b7d, 0),
(3, 1, 'comment_body', 'comment', 'comment_node_article', 0x613a363a7b733a353a226c6162656c223b733a373a22436f6d6d656e74223b733a383a2273657474696e6773223b613a323a7b733a31353a22746578745f70726f63657373696e67223b693a313b733a31383a22757365725f72656769737465725f666f726d223b623a303b7d733a383a227265717569726564223b623a313b733a373a22646973706c6179223b613a313a7b733a373a2264656661756c74223b613a353a7b733a353a226c6162656c223b733a363a2268696464656e223b733a343a2274797065223b733a31323a22746578745f64656661756c74223b733a363a22776569676874223b693a303b733a383a2273657474696e6773223b613a303a7b7d733a363a226d6f64756c65223b733a343a2274657874223b7d7d733a363a22776964676574223b613a343a7b733a343a2274797065223b733a31333a22746578745f7465787461726561223b733a383a2273657474696e6773223b613a313a7b733a343a22726f7773223b693a353b7d733a363a22776569676874223b693a303b733a363a226d6f64756c65223b733a343a2274657874223b7d733a31313a226465736372697074696f6e223b733a303a22223b7d, 0),
(4, 2, 'body', 'node', 'article', 0x613a363a7b733a353a226c6162656c223b733a343a22426f6479223b733a363a22776964676574223b613a343a7b733a343a2274797065223b733a32363a22746578745f74657874617265615f776974685f73756d6d617279223b733a383a2273657474696e6773223b613a323a7b733a343a22726f7773223b693a32303b733a31323a2273756d6d6172795f726f7773223b693a353b7d733a363a22776569676874223b693a2d343b733a363a226d6f64756c65223b733a343a2274657874223b7d733a383a2273657474696e6773223b613a333a7b733a31353a22646973706c61795f73756d6d617279223b623a313b733a31353a22746578745f70726f63657373696e67223b693a313b733a31383a22757365725f72656769737465725f666f726d223b623a303b7d733a373a22646973706c6179223b613a323a7b733a373a2264656661756c74223b613a353a7b733a353a226c6162656c223b733a363a2268696464656e223b733a343a2274797065223b733a31323a22746578745f64656661756c74223b733a383a2273657474696e6773223b613a303a7b7d733a363a226d6f64756c65223b733a343a2274657874223b733a363a22776569676874223b693a303b7d733a363a22746561736572223b613a353a7b733a353a226c6162656c223b733a363a2268696464656e223b733a343a2274797065223b733a32333a22746578745f73756d6d6172795f6f725f7472696d6d6564223b733a383a2273657474696e6773223b613a313a7b733a31313a227472696d5f6c656e677468223b693a3630303b7d733a363a226d6f64756c65223b733a343a2274657874223b733a363a22776569676874223b693a303b7d7d733a383a227265717569726564223b623a303b733a31313a226465736372697074696f6e223b733a303a22223b7d, 0),
(5, 3, 'field_tags', 'node', 'article', 0x613a363a7b733a353a226c6162656c223b733a343a2254616773223b733a31313a226465736372697074696f6e223b733a36333a22456e746572206120636f6d6d612d736570617261746564206c697374206f6620776f72647320746f20646573637269626520796f757220636f6e74656e742e223b733a363a22776964676574223b613a343a7b733a343a2274797065223b733a32313a227461786f6e6f6d795f6175746f636f6d706c657465223b733a363a22776569676874223b693a2d343b733a383a2273657474696e6773223b613a323a7b733a343a2273697a65223b693a36303b733a31373a226175746f636f6d706c6574655f70617468223b733a32313a227461786f6e6f6d792f6175746f636f6d706c657465223b7d733a363a226d6f64756c65223b733a383a227461786f6e6f6d79223b7d733a373a22646973706c6179223b613a323a7b733a373a2264656661756c74223b613a353a7b733a343a2274797065223b733a32383a227461786f6e6f6d795f7465726d5f7265666572656e63655f6c696e6b223b733a363a22776569676874223b693a31303b733a353a226c6162656c223b733a353a2261626f7665223b733a383a2273657474696e6773223b613a303a7b7d733a363a226d6f64756c65223b733a383a227461786f6e6f6d79223b7d733a363a22746561736572223b613a353a7b733a343a2274797065223b733a32383a227461786f6e6f6d795f7465726d5f7265666572656e63655f6c696e6b223b733a363a22776569676874223b693a31303b733a353a226c6162656c223b733a353a2261626f7665223b733a383a2273657474696e6773223b613a303a7b7d733a363a226d6f64756c65223b733a383a227461786f6e6f6d79223b7d7d733a383a2273657474696e6773223b613a313a7b733a31383a22757365725f72656769737465725f666f726d223b623a303b7d733a383a227265717569726564223b623a303b7d, 0),
(6, 4, 'field_image', 'node', 'article', 0x613a363a7b733a353a226c6162656c223b733a353a22496d616765223b733a31313a226465736372697074696f6e223b733a34303a2255706c6f616420616e20696d61676520746f20676f207769746820746869732061727469636c652e223b733a383a227265717569726564223b623a303b733a383a2273657474696e6773223b613a393a7b733a31343a2266696c655f6469726563746f7279223b733a31313a226669656c642f696d616765223b733a31353a2266696c655f657874656e73696f6e73223b733a31363a22706e6720676966206a7067206a706567223b733a31323a226d61785f66696c6573697a65223b733a303a22223b733a31343a226d61785f7265736f6c7574696f6e223b733a303a22223b733a31343a226d696e5f7265736f6c7574696f6e223b733a303a22223b733a393a22616c745f6669656c64223b623a313b733a31313a227469746c655f6669656c64223b733a303a22223b733a31333a2264656661756c745f696d616765223b693a303b733a31383a22757365725f72656769737465725f666f726d223b623a303b7d733a363a22776964676574223b613a343a7b733a343a2274797065223b733a31313a22696d6167655f696d616765223b733a383a2273657474696e6773223b613a323a7b733a31383a2270726f67726573735f696e64696361746f72223b733a383a227468726f62626572223b733a31393a22707265766965775f696d6167655f7374796c65223b733a393a227468756d626e61696c223b7d733a363a22776569676874223b693a2d313b733a363a226d6f64756c65223b733a353a22696d616765223b7d733a373a22646973706c6179223b613a323a7b733a373a2264656661756c74223b613a353a7b733a353a226c6162656c223b733a363a2268696464656e223b733a343a2274797065223b733a353a22696d616765223b733a383a2273657474696e6773223b613a323a7b733a31313a22696d6167655f7374796c65223b733a353a226c61726765223b733a31303a22696d6167655f6c696e6b223b733a303a22223b7d733a363a22776569676874223b693a2d313b733a363a226d6f64756c65223b733a353a22696d616765223b7d733a363a22746561736572223b613a353a7b733a353a226c6162656c223b733a363a2268696464656e223b733a343a2274797065223b733a353a22696d616765223b733a383a2273657474696e6773223b613a323a7b733a31313a22696d6167655f7374796c65223b733a363a226d656469756d223b733a31303a22696d6167655f6c696e6b223b733a373a22636f6e74656e74223b7d733a363a22776569676874223b693a2d313b733a363a226d6f64756c65223b733a353a22696d616765223b7d7d7d, 0),
(7, 1, 'comment_body', 'comment', 'comment_node_blog', 0x613a363a7b733a353a226c6162656c223b733a373a22436f6d6d656e74223b733a383a2273657474696e6773223b613a323a7b733a31353a22746578745f70726f63657373696e67223b693a313b733a31383a22757365725f72656769737465725f666f726d223b623a303b7d733a383a227265717569726564223b623a313b733a373a22646973706c6179223b613a313a7b733a373a2264656661756c74223b613a353a7b733a353a226c6162656c223b733a363a2268696464656e223b733a343a2274797065223b733a31323a22746578745f64656661756c74223b733a363a22776569676874223b693a303b733a383a2273657474696e6773223b613a303a7b7d733a363a226d6f64756c65223b733a343a2274657874223b7d7d733a363a22776964676574223b613a343a7b733a343a2274797065223b733a31333a22746578745f7465787461726561223b733a383a2273657474696e6773223b613a313a7b733a343a22726f7773223b693a353b7d733a363a22776569676874223b693a303b733a363a226d6f64756c65223b733a343a2274657874223b7d733a31313a226465736372697074696f6e223b733a303a22223b7d, 0),
(8, 2, 'body', 'node', 'blog', 0x613a363a7b733a353a226c6162656c223b733a343a22426f6479223b733a363a22776964676574223b613a343a7b733a343a2274797065223b733a32363a22746578745f74657874617265615f776974685f73756d6d617279223b733a383a2273657474696e6773223b613a323a7b733a343a22726f7773223b693a32303b733a31323a2273756d6d6172795f726f7773223b693a353b7d733a363a22776569676874223b733a313a2235223b733a363a226d6f64756c65223b733a343a2274657874223b7d733a383a2273657474696e6773223b613a333a7b733a31353a22646973706c61795f73756d6d617279223b623a313b733a31353a22746578745f70726f63657373696e67223b693a313b733a31383a22757365725f72656769737465725f666f726d223b623a303b7d733a373a22646973706c6179223b613a323a7b733a373a2264656661756c74223b613a353a7b733a353a226c6162656c223b733a363a2268696464656e223b733a343a2274797065223b733a31323a22746578745f64656661756c74223b733a383a2273657474696e6773223b613a303a7b7d733a363a226d6f64756c65223b733a343a2274657874223b733a363a22776569676874223b693a303b7d733a363a22746561736572223b613a353a7b733a353a226c6162656c223b733a363a2268696464656e223b733a343a2274797065223b733a32333a22746578745f73756d6d6172795f6f725f7472696d6d6564223b733a383a2273657474696e6773223b613a313a7b733a31313a227472696d5f6c656e677468223b693a3630303b7d733a363a226d6f64756c65223b733a343a2274657874223b733a363a22776569676874223b693a303b7d7d733a383a227265717569726564223b623a303b733a31313a226465736372697074696f6e223b733a303a22223b7d, 0),
(9, 1, 'comment_body', 'comment', 'comment_node_social', 0x613a363a7b733a353a226c6162656c223b733a373a22436f6d6d656e74223b733a383a2273657474696e6773223b613a323a7b733a31353a22746578745f70726f63657373696e67223b693a313b733a31383a22757365725f72656769737465725f666f726d223b623a303b7d733a383a227265717569726564223b623a313b733a373a22646973706c6179223b613a313a7b733a373a2264656661756c74223b613a353a7b733a353a226c6162656c223b733a363a2268696464656e223b733a343a2274797065223b733a31323a22746578745f64656661756c74223b733a363a22776569676874223b693a303b733a383a2273657474696e6773223b613a303a7b7d733a363a226d6f64756c65223b733a343a2274657874223b7d7d733a363a22776964676574223b613a343a7b733a343a2274797065223b733a31333a22746578745f7465787461726561223b733a383a2273657474696e6773223b613a313a7b733a343a22726f7773223b693a353b7d733a363a22776569676874223b693a303b733a363a226d6f64756c65223b733a343a2274657874223b7d733a31313a226465736372697074696f6e223b733a303a22223b7d, 0),
(11, 5, 'field_icon', 'node', 'social', 0x613a373a7b733a353a226c6162656c223b733a343a2249636f6e223b733a363a22776964676574223b613a353a7b733a363a22776569676874223b733a323a223332223b733a343a2274797065223b733a31343a22746578745f746578746669656c64223b733a363a226d6f64756c65223b733a343a2274657874223b733a363a22616374697665223b693a313b733a383a2273657474696e6773223b613a313a7b733a343a2273697a65223b733a323a223630223b7d7d733a383a2273657474696e6773223b613a323a7b733a31353a22746578745f70726f63657373696e67223b733a313a2230223b733a31383a22757365725f72656769737465725f666f726d223b623a303b7d733a373a22646973706c6179223b613a313a7b733a373a2264656661756c74223b613a353a7b733a353a226c6162656c223b733a353a2261626f7665223b733a343a2274797065223b733a31323a22746578745f64656661756c74223b733a383a2273657474696e6773223b613a303a7b7d733a363a226d6f64756c65223b733a343a2274657874223b733a363a22776569676874223b693a313b7d7d733a383a227265717569726564223b693a303b733a31313a226465736372697074696f6e223b733a303a22223b733a31333a2264656661756c745f76616c7565223b4e3b7d, 0),
(12, 6, 'field_url', 'node', 'social', 0x613a373a7b733a353a226c6162656c223b733a333a2255726c223b733a363a22776964676574223b613a353a7b733a363a22776569676874223b733a323a223333223b733a343a2274797065223b733a31343a22746578745f746578746669656c64223b733a363a226d6f64756c65223b733a343a2274657874223b733a363a22616374697665223b693a313b733a383a2273657474696e6773223b613a313a7b733a343a2273697a65223b733a323a223630223b7d7d733a383a2273657474696e6773223b613a323a7b733a31353a22746578745f70726f63657373696e67223b733a313a2230223b733a31383a22757365725f72656769737465725f666f726d223b623a303b7d733a373a22646973706c6179223b613a313a7b733a373a2264656661756c74223b613a353a7b733a353a226c6162656c223b733a353a2261626f7665223b733a343a2274797065223b733a31323a22746578745f64656661756c74223b733a383a2273657474696e6773223b613a303a7b7d733a363a226d6f64756c65223b733a343a2274657874223b733a363a22776569676874223b693a323b7d7d733a383a227265717569726564223b693a303b733a31313a226465736372697074696f6e223b733a303a22223b733a31333a2264656661756c745f76616c7565223b4e3b7d, 0),
(13, 4, 'field_image', 'node', 'blog', 0x613a363a7b733a353a226c6162656c223b733a353a22496d616765223b733a363a22776964676574223b613a353a7b733a363a22776569676874223b733a313a2232223b733a343a2274797065223b733a31313a22696d6167655f696d616765223b733a363a226d6f64756c65223b733a353a22696d616765223b733a363a22616374697665223b693a313b733a383a2273657474696e6773223b613a323a7b733a31383a2270726f67726573735f696e64696361746f72223b733a383a227468726f62626572223b733a31393a22707265766965775f696d6167655f7374796c65223b733a353a226c61726765223b7d7d733a383a2273657474696e6773223b613a393a7b733a31343a2266696c655f6469726563746f7279223b733a303a22223b733a31353a2266696c655f657874656e73696f6e73223b733a31363a22706e6720676966206a7067206a706567223b733a31323a226d61785f66696c6573697a65223b733a303a22223b733a31343a226d61785f7265736f6c7574696f6e223b733a303a22223b733a31343a226d696e5f7265736f6c7574696f6e223b733a303a22223b733a393a22616c745f6669656c64223b693a303b733a31313a227469746c655f6669656c64223b693a303b733a31333a2264656661756c745f696d616765223b693a303b733a31383a22757365725f72656769737465725f666f726d223b623a303b7d733a373a22646973706c6179223b613a313a7b733a373a2264656661756c74223b613a353a7b733a353a226c6162656c223b733a353a2261626f7665223b733a343a2274797065223b733a353a22696d616765223b733a383a2273657474696e6773223b613a323a7b733a31313a22696d6167655f7374796c65223b733a303a22223b733a31303a22696d6167655f6c696e6b223b733a303a22223b7d733a363a226d6f64756c65223b733a353a22696d616765223b733a363a22776569676874223b693a313b7d7d733a383a227265717569726564223b693a303b733a31313a226465736372697074696f6e223b733a303a22223b7d, 0),
(14, 7, 'field_categories', 'node', 'blog', 0x613a373a7b733a353a226c6162656c223b733a31303a2243617465676f72696573223b733a363a22776964676574223b613a353a7b733a363a22776569676874223b733a313a2233223b733a343a2274797065223b733a31343a226f7074696f6e735f73656c656374223b733a363a226d6f64756c65223b733a373a226f7074696f6e73223b733a363a22616374697665223b693a313b733a383a2273657474696e6773223b613a303a7b7d7d733a383a2273657474696e6773223b613a313a7b733a31383a22757365725f72656769737465725f666f726d223b623a303b7d733a373a22646973706c6179223b613a313a7b733a373a2264656661756c74223b613a353a7b733a353a226c6162656c223b733a353a2261626f7665223b733a343a2274797065223b733a32383a227461786f6e6f6d795f7465726d5f7265666572656e63655f6c696e6b223b733a383a2273657474696e6773223b613a303a7b7d733a363a226d6f64756c65223b733a383a227461786f6e6f6d79223b733a363a22776569676874223b693a323b7d7d733a383a227265717569726564223b693a303b733a31313a226465736372697074696f6e223b733a303a22223b733a31333a2264656661756c745f76616c7565223b4e3b7d, 0),
(15, 3, 'field_tags', 'node', 'blog', 0x613a373a7b733a353a226c6162656c223b733a343a2254616773223b733a363a22776964676574223b613a353a7b733a363a22776569676874223b733a313a2234223b733a343a2274797065223b733a32313a227461786f6e6f6d795f6175746f636f6d706c657465223b733a363a226d6f64756c65223b733a383a227461786f6e6f6d79223b733a363a22616374697665223b693a303b733a383a2273657474696e6773223b613a323a7b733a343a2273697a65223b693a36303b733a31373a226175746f636f6d706c6574655f70617468223b733a32313a227461786f6e6f6d792f6175746f636f6d706c657465223b7d7d733a383a2273657474696e6773223b613a313a7b733a31383a22757365725f72656769737465725f666f726d223b623a303b7d733a373a22646973706c6179223b613a313a7b733a373a2264656661756c74223b613a353a7b733a353a226c6162656c223b733a353a2261626f7665223b733a343a2274797065223b733a32383a227461786f6e6f6d795f7465726d5f7265666572656e63655f6c696e6b223b733a383a2273657474696e6773223b613a303a7b7d733a363a226d6f64756c65223b733a383a227461786f6e6f6d79223b733a363a22776569676874223b693a333b7d7d733a383a227265717569726564223b693a303b733a31313a226465736372697074696f6e223b733a303a22223b733a31333a2264656661756c745f76616c7565223b4e3b7d, 0);

-- --------------------------------------------------------

--
-- Structure de la table `drupal_field_data_body`
--

CREATE TABLE IF NOT EXISTS `drupal_field_data_body` (
  `entity_type` varchar(128) NOT NULL DEFAULT '' COMMENT 'The entity type this data is attached to',
  `bundle` varchar(128) NOT NULL DEFAULT '' COMMENT 'The field instance bundle to which this row belongs, used when deleting a field instance',
  `deleted` tinyint(4) NOT NULL DEFAULT '0' COMMENT 'A boolean indicating whether this data item has been deleted',
  `entity_id` int(10) unsigned NOT NULL COMMENT 'The entity id this data is attached to',
  `revision_id` int(10) unsigned DEFAULT NULL COMMENT 'The entity revision id this data is attached to, or NULL if the entity type is not versioned',
  `language` varchar(32) NOT NULL DEFAULT '' COMMENT 'The language for this data item.',
  `delta` int(10) unsigned NOT NULL COMMENT 'The sequence number for this data item, used for multi-value fields',
  `body_value` longtext,
  `body_summary` longtext,
  `body_format` varchar(255) DEFAULT NULL
) ENGINE=InnoDB DEFAULT CHARSET=utf8 COMMENT='Data storage for field 2 (body)';

--
-- Contenu de la table `drupal_field_data_body`
--

INSERT INTO `drupal_field_data_body` (`entity_type`, `bundle`, `deleted`, `entity_id`, `revision_id`, `language`, `delta`, `body_value`, `body_summary`, `body_format`) VALUES
('node', 'blog', 0, 1, 1, 'und', 0, 'Lorem Ipsum is simply dummy text of the printing and typesetting industry unknown\r\n printer took a galley of type and scrambled it to make a type has survived not only fiv', 'Lorem Ipsum is simply dummy text of the printing and typesetting industry unknown printer took a galley of type and scrambled it to make a type has survived not only fiv..', 'full_html'),
('node', 'blog', 0, 2, 2, 'und', 0, 'Lorem Ipsum is simply dummy text of the printing and typesetting industry unknown printer took a galley of type and scrambled it to make a type has survived not only fiv', 'Lorem Ipsum is simply dummy text of the printing and typesetting', 'full_html'),
('node', 'blog', 0, 3, 3, 'und', 0, 'Contrary to popular belief, Lorem Ipsum is not simply random text. It has roots in a piece of classical Latin literature from 45 BC, making it over 2000 years old. Richard McClintock, a Latin professor at Hampden-Sydney College in Virginia, looked up one of the more obscure \r\n\r\nLatin words, consectetur, from a Lorem Ipsum passage, and going through the cites of the word in classical literature, discovered the undoubtable source. Lorem Ipsum comes from sections 1.10.32 and 1.10.33 of "de Finibus Bonorum et Malorum" (The Extremes of Good and Evil) by Cicero, written in 45 BC. This book is a treatise on the theory of ethics, very popular during the Renaissance. The first line of Lorem Ipsum, "Lorem ipsum dolor sit amet..", comes from a line in section 1.10.32.', 'Lorem Ipsum is simply dummy text of the printing and typesetting industry. Lorem Ipsum has been the industry''s standard dummy text ever since the 1500s,', 'full_html'),
('node', 'blog', 0, 4, 4, 'und', 0, 'There are many variations of passages of Lorem Ipsum available, but the majority have suffered alteration in some form, by injected humour, or randomised words which don''t look even slightly believable. If you are going to use a passage of Lorem Ipsum, you need to be sure there isn''t anything embarrassing hidden in the middle of text.\r\n All the Lorem Ipsum generators on the Internet tend to repeat predefined chunks as necessary, making this the first true generator on the Internet. It uses a dictionary of over 200 Latin words, combined with a handful of model sentence structures, to generate Lorem Ipsum which looks reasonable. The generated Lorem Ipsum is therefore always free from repetition, injected humour, or non-characteristic words etc.', 'Contrary to popular belief, Lorem Ipsum is not simply random text. It has roots in a piece of classical Latin literature from 45 BC, making it over 2000 years old', 'full_html'),
('node', 'blog', 0, 5, 5, 'und', 0, 'Lorem Ipsum, you need to be sure there isn''t anything embarrassing hidden in the middle of text. All the Lorem Ipsum generators on the Internet tend to repeat predefined chunks as necessary, making this the first true generator on the Internet. It uses a dictionary of over 200 Latin words, combined with a handful of model sentence structures, to generate Lorem Ipsum which looks reasonable. \r\n\r\nThe generated Lorem Ipsum is therefore always free from repetition, injected humour, or non-characteristic words etc.', 'There are many variations of passages of Lorem Ipsum available characteristic words etc.', 'full_html'),
('node', 'blog', 0, 13, 13, 'und', 0, 'Sed ut perspiciatis unde omnis iste natus error sit voluptatem accusantium doloremque laudantium, totam rem aperiam, eaque ipsa quae ab illo inventore veritatis et quasi architecto beatae vitae dicta sunt explicabo. Nemo enim ipsam voluptatem quia voluptas sit aspernatur aut odit aut fugit, sed quia consequuntur magni dolores eos qui ratione voluptatem sequi nesciunt.\r\n\r\n Neque porro quisquam est, qui dolorem ipsum quia dolor sit amet, consectetur, adipisci velit, sed quia non numquam eius modi tempora incidunt ut labore et dolore magnam aliquam quaerat voluptatem. Ut enim ad minima veniam, quis nostrum exercitationem ullam corporis suscipit laboriosam, nisi ut aliquid ex ea commodi consequatur? Quis autem vel eum iure reprehenderit qui in ea voluptate velit esse quam nihil molestiae consequatur?', 'Lorem Ipsum is simply dummy text of the printing and typesetting', 'full_html'),
('node', 'blog', 0, 14, 14, 'und', 0, 'Neque porro quisquam est, qui dolorem ipsum quia dolor sit amet, consectetur, adipisci velit, sed quia non numquam eius modi tempora incidunt ut labore et dolore magnam aliquam quaerat voluptatem. \r\nUt enim ad minima veniam, quis nostrum exercitationem ullam corporis suscipit laboriosam, nisi ut aliquid ex ea commodi consequatur? Quis autem vel eum iure reprehenderit qui in ea voluptate velit esse quam nihil molestiae consequatur?', 'Neque porro quisquam est, qui dolorem ipsum quia dolor sit amet, consectetur, adipisci velit, ', 'full_html'),
('node', 'blog', 0, 15, 15, 'und', 0, 'Nunc montes odio phasellus dignissim, aenean, nec augue velit integer elementum ut montes quis integer cursus, est purus, lectus duis, scelerisque tincidunt ultricies phasellus elementum turpis tristique.', 'Lectus duis, scelerisque tincidunt ultricies phasellus', 'full_html'),
('node', 'blog', 0, 16, 16, 'und', 0, 'Nunc montes odio phasellus dignissim, aenean, nec augue velit integer elementum ut montes quis integer cursus, est purus, lectus duis, scelerisque tincidunt ultricies phasellus elementum turpis tristique.', 'Aenean, nec augue velit integer elementum ut montes quis integer cursus, est purus', 'full_html'),
('node', 'page', 0, 17, 17, 'und', 0, '<div class="mbf clearfix">\r\n	<div class="grid_12 alpha">\r\n		<div class="title">\r\n			<h4> Accordion </h4>\r\n		</div>\r\n		<ul class="tt-accordion">\r\n			<li class="sub-accordion">\r\n				<div class="accordion-head">\r\n					<div class="accordion-head-sign"></div>\r\n					<p>Simply dummy text of the printing in this</p>\r\n				</div>\r\n				<div class="accordion-content">Lorem Ipsum is simply dummy text of the printing and typesetting industry.</div>\r\n			</li>\r\n			<!-- /accordion item -->\r\n			<li class="sub-accordion">\r\n				<div class="accordion-head">\r\n					<div class="accordion-head-sign"></div>\r\n					<p>Simple blockquote code in accordion content section</p>\r\n				</div>\r\n				<div class="accordion-content">\r\n					<div class="blockquote">\r\n						<div><i class="icon-quote-left icon-4x pull-left icon-muted"></i>Lorem Ipsum is simply dummy text of the printing and typesetting industry.</div>\r\n					</div>\r\n				</div>\r\n			</li>\r\n			<!-- /accordion item -->\r\n			<li class="sub-accordion">\r\n				<div class="accordion-head">\r\n					<div class="accordion-head-sign"></div>\r\n					<p>External Video in accordion content</p>\r\n				</div>\r\n				<div class="accordion-content">\r\n					<iframe src="http://player.vimeo.com/video/4749536?title=1&amp;byline=1&amp;portrait=1" width="100%" height="300"></iframe>\r\n				</div>\r\n			</li>\r\n			<!-- /accordion item -->\r\n		</ul>\r\n		<!-- /accordion -->\r\n	</div>\r\n	<!-- /grid6 alpha --><br>\r\n<br>\r\n\r\n	<div class="grid_12 omega">\r\n		<div class="title">\r\n			<h4> Toggle </h4>\r\n		</div>\r\n		<ul class="tt-toggle">\r\n			<li class="sub-toggle">\r\n				<div class="toggle-head">\r\n					<div class="toggle-head-sign"></div>\r\n					<p>Simply dummy text of the printing in this</p>\r\n				</div>\r\n				<div class="toggle-content">Lorem Ipsum is simply dummy text of the printing and typesetting industry.</div>\r\n			</li>\r\n			<!-- /toggle item -->\r\n			<li class="sub-toggle">\r\n				<div class="toggle-head">\r\n					<div class="toggle-head-sign"></div>\r\n					<p>Simple blockquote code in toggle content section</p>\r\n				</div>\r\n				<div class="toggle-content">\r\n					<div class="blockquote">\r\n						<div><i class="icon-quote-left icon-4x pull-left icon-muted"></i>Lorem Ipsum is simply dummy text of the printing and typesetting industry.</div>\r\n					</div>\r\n				</div>\r\n			</li>\r\n			<!-- /toggle item -->\r\n			<li class="sub-toggle">\r\n				<div class="toggle-head">\r\n					<div class="toggle-head-sign"></div>\r\n					<p>External Video in accordion content</p>\r\n				</div>\r\n				<div class="toggle-content">\r\n					<iframe src="http://player.vimeo.com/video/4749536?title=1&amp;byline=1&amp;portrait=1" width="100%" height="300"></iframe>\r\n				</div>\r\n			</li>\r\n			<!-- /toggle item -->\r\n		</ul>\r\n		<!-- /toggle -->\r\n	</div>\r\n	<!-- /grid6 omega -->\r\n</div>\r\n<!-- /mbf -->\r\n<div class="mbf clearfix">\r\n	<div class="title">\r\n		<h4>Grid System</h4>\r\n	</div>\r\n	<div class="mbf clearfix"><span class="grid_12 tt toptip" title="class=''grid_12''"> 1/1</span></div>\r\n	<div class="mbf clearfix"><span class="grid_6 tt toptip" title="class=''grid_6''"> 1/2 </span><span class="grid_6 tt toptip" title="class=''grid_6''"> 1/2 </span></div>\r\n	<div class="mbf clearfix"><span class="grid_4 tt toptip" title="class=''grid_4''"> 1/3 </span><span class="grid_4 tt toptip" title="class=''grid_4''"> 1/3 </span><span class="grid_4 tt toptip" title="class=''grid_4''"> 1/3 </span></div>\r\n	<div class="mbf clearfix"><span class="grid_3 tt toptip" title="class=''grid_3''"> 1/4 </span><span class="grid_3 tt toptip" title="class=''grid_3''"> 1/4 </span><span class="grid_3 tt toptip" title="class=''grid_3''"> 1/4 </span><span class="grid_3 tt toptip" title="class=''grid_3''"> 1/4 </span></div>\r\n	<div class="mbf clearfix"><span class="grid_5 tt toptip" title="class=''grid_5''"> 5/12 </span><span class="grid_7 tt toptip" title="class=''grid_7''"> 7/12 </span></div>\r\n	<div class="mbf clearfix"><span class="grid_4 tt toptip" title="class=''grid_4''"> 1/3 </span><span class="grid_8 tt toptip" title="class=''grid_8''"> 2/3 </span></div>\r\n	<div class="mbf clearfix"><span class="grid_3 tt toptip" title="class=''grid_3''"> 1/4 </span><span class="grid_9 tt toptip" title="class=''grid_9''"> 3/4 </span></div>\r\n	<div class="mbf clearfix"><span class="grid_2 tt toptip" title="class=''grid_2''"> 2/12 </span><span class="grid_10 tt toptip" title="class=''grid_10''"> 10/12 </span></div>\r\n	<div class="mbt clearfix"><span class="grid_1 tt toptip" title="class=''grid_1''"> 1/12 </span><span class="grid_11 tt toptip" title="class=''grid_11''"> 11/12 </span></div>\r\n</div>\r\n<!-- /mbf -->\r\n<div class="mbf clearfix">\r\n	<div class="title">\r\n		<h4>BlockQuotes</h4>\r\n	</div>\r\n	<div class="blockquote"> Contrary to popular belief, Lorem Ipsum is not simply random text. It has roots in a piece of classical Latin literature from 45 BC, making it over 2000 years old. Richard McClintock, a Latin professor at Hampden-Sydney College in Virginia, looked up one of the more obscure Latin words.</div>\r\n</div>\r\n<!-- /mbf -->\r\n<div class="mbf clearfix">\r\n	<div class="grid_12 alpha">\r\n		<div class="title">\r\n			<h4>Messages</h4>\r\n		</div>\r\n		<div class="notification-box notification-box-success"><p><i class="fa-check"></i>Your Account Activated Successfully.</p><a href="#" class="notification-close notification-close-success"><i class="fa-times"></i></a></div>\r\n		<div class="notification-box notification-box-info"><p><i class="fa-flag"></i>Insert your information text here for box info.</p><a href="#" class="notification-close notification-close-info"><i class="fa-times"></i></a></div>\r\n		<div class="notification-box notification-box-error"><p><i class="fa-power-off"></i>Error: This Input Required.</p><a href="#" class="notification-close notification-close-error"><i class="fa-times"></i></a></div>\r\n		<div class="notification-box notification-box-warning"><p><i class="fa-exclamation-triangle"></i>Warning: Please Read All Terms.</p><a href="#" class="notification-close notification-close-warning"><i class="fa-times"></i></a></div>\r\n	</div>\r\n	<!-- /grid6 alpha -->\r\n	<div class="grid_12 mbt omega">\r\n		<div class="title">\r\n			<h4> Buttons </h4>\r\n		</div>\r\n		<a href="" class="tbutton large"><span>Large Button</span></a>&nbsp;&nbsp;<a href="" class="tbutton medium"><span>Medium Button</span></a>&nbsp;&nbsp;<a href="" class="tbutton small"><span>Smal Button</span></a></div>\r\n	<!-- /grid6 omega -->\r\n	<div class="grid_6 omega">\r\n		<div class="title">\r\n			<h4> Video iFrame </h4>\r\n		</div>\r\n		<iframe src="http://www.youtube.com/embed/xv7ayM0mrls" width="100%" height="200"></iframe>\r\n	</div>\r\n	<!-- /grid6 omega -->\r\n</div>\r\n<!-- /mbf -->\r\n<div class="mbf clearfix">\r\n	<div class="grid_12 alpha">\r\n		<div class="title">\r\n			<h4>Tabs</h4>\r\n		</div>\r\n		<ul class="tabs">\r\n			<li><a href="#t-1" class="active">Tab 1</a></li>\r\n			<li><a href="#t-2">Tab 2</a></li>\r\n			<li><a href="#t-3">Tab 3</a></li>\r\n		</ul>\r\n		<!-- tabs -->\r\n		<ul class="tabs-content">\r\n			<li id="t-1" class="active"> Lorem ipsum dolor sit amet, consectetur adipiscing elit. Integer sem dui, molestie vitae ornare tincidunt, semper non metus. Nulla sagittis porttitor varius. Vestibulum eleifend, lorem sit amet gravida accumsan, nisi est tempor risus, non suscipit lectus nunc sit amet nunc. Pellentesque iaculis sapien at lacus vulputate sodales et eget quam. Etiam tristique bibendum leo, quis sagittis urna tempus non. </li>\r\n			<!-- tab content -->\r\n			<li id="t-2"> Donec sed odio dui. Nulla vitae elit libero, a pharetra augue. Nullam id dolor id nibh ultricies vehicula ut id elit. Integer posuere erat a ante venenatis dapibus aliquet. Duis mollis, est non commodo luctus. </li>\r\n			<!-- tab content -->\r\n			<li id="t-3"> Nulla sagittis porttitor varius. Vestibulum eleifend, lorem sit amet gravida accumsan, nisi est tempor risus, non suscipit lectus nunc sit amet nunc. Pellentesque iaculis sapien at lacus vulputate sodales et eget quam. Etiam tristique bibendum leo, quis sagittis urna tempus non. </li>\r\n			<!-- tab content -->\r\n		</ul>\r\n		<!-- end tabs -->\r\n	</div>\r\n	<!-- /grid4 alpha -->\r\n	<div class="grid_12 mbt omega">\r\n		<div class="title">\r\n			<h4> Table </h4>\r\n		</div>\r\n		<table class="table">\r\n			<thead>\r\n				<tr>\r\n					<th scope="col">/</th>\r\n					<th scope="col">HTML Files</th>\r\n					<th scope="col">PHP Files</th>\r\n					<th scope="col">PSD Files</th>\r\n					<th scope="col">Animation Version</th>\r\n					<th scope="col">More Colors</th>\r\n				</tr>\r\n			</thead>\r\n			<tbody>\r\n				<tr>\r\n					<td>Basic Package</td>\r\n					<td><i class="fa-check"></i></td>\r\n					<td><i class="fa-check"></i></td>\r\n					<td><i class="fa-times"></i></td>\r\n					<td><i class="fa-times"></i></td>\r\n					<td><i class="fa-times"></i></td>\r\n				</tr>\r\n				<tr>\r\n					<td>Developer Package</td>\r\n					<td><i class="fa-check"></i></td>\r\n					<td><i class="fa-check"></i></td>\r\n					<td><i class="fa-check"></i></td>\r\n					<td><i class="fa-times"></i></td>\r\n					<td><i class="fa-times"></i></td>\r\n				</tr>\r\n				<tr>\r\n					<td>Pro Package</td>\r\n					<td><i class="fa-check"></i></td>\r\n					<td><i class="fa-check"></i></td>\r\n					<td><i class="fa-check"></i></td>\r\n					<td><i class="fa-check"></i></td>\r\n					<td><i class="fa-times"></i></td>\r\n				</tr>\r\n				<tr>\r\n					<td>Premium Package</td>\r\n					<td><i class="fa-check"></i></td>\r\n					<td><i class="fa-check"></i></td>\r\n					<td><i class="fa-check"></i></td>\r\n					<td><i class="fa-check"></i></td>\r\n					<td><i class="fa-check"></i></td>\r\n				</tr>\r\n			</tbody>\r\n			<tfoot>\r\n				<tr>\r\n					<td colspan="6">Footer Note: Lorem ipsum dolor sit amet</td>\r\n				</tr>\r\n			</tfoot>\r\n		</table>\r\n	</div>\r\n	<!-- /grid8 omega -->\r\n</div>', '', 'full_html'),
('node', 'page', 0, 18, 18, 'und', 0, '<div class="mbf clearfix">\r\n<div class="mbf clearfix errorpage">\r\n	<div class="clearfix">\r\n		<div class="grid_12 alpha"><img src="./sites/all/themes/ipress/images/404.jpg" alt=""></div>\r\n		<div class="grid_12 alpha">\r\n			<h2 class="mts mb"> PAGE NOT FOUND <small> The page you are looking for might have been removed, had its name changed. </small></h2>\r\n			<a href="" class="tbutton medium"><span><i class="fa-arrow-left mi"></i> Back To Homepage</span></a></div>\r\n	</div>\r\n	<!-- /row -->\r\n</div>', '', 'full_html'),
('node', 'blog', 0, 19, 19, 'und', 0, 'Lorem Ipsum is simply dummy text of the printing and typesetting industry\r\n unknown printer took a galley of type and scrambled it to make a type has survived not only fiv.\r\nThere are many variations of passages of Lorem Ipsum available, but the majority have suffered alteration in some form, ... slightly believable. If you are going to use a passage of Lorem Ipsum, you need to be sure there isn''t anything embarrassing hidden in', 'Lorem Ipsum is simply dummy text of the printing and typesetting industry unknown printer took a galley of type and scrambled it to make a type has survived not only fiv.', 'full_html'),
('node', 'blog', 0, 20, 20, 'und', 0, 'Lorem Ipsum, you need to be sure there isn''t anything embarrassing hidden in the middle of text.\r\n All the Lorem Ipsum generators on the Internet tend to repeat predefined chunks as ... with a handful of model sentence structures, to generate Lorem Ipsum which looks reasonable. The generated Lorem Ipsum is therefore ...', 'If you are going to use a passage of Lorem Ipsum', 'full_html'),
('node', 'blog', 0, 21, 21, 'und', 0, 'Lorem Ipsum, you need to be sure there isn''t anything embarrassing hidden in the middle of text. All the Lorem Ipsum generators on the Internet tend to repeat predefined chunks as ... with a handful of model sentence structures, to generate Lorem Ipsum which looks reasonable. The generated Lorem Ipsum is therefore ...', 'Lorem Ipsum, you need to be sure there isn''t anything embarrassing hidden in the middle of text', 'full_html');

-- --------------------------------------------------------

--
-- Structure de la table `drupal_field_data_comment_body`
--

CREATE TABLE IF NOT EXISTS `drupal_field_data_comment_body` (
  `entity_type` varchar(128) NOT NULL DEFAULT '' COMMENT 'The entity type this data is attached to',
  `bundle` varchar(128) NOT NULL DEFAULT '' COMMENT 'The field instance bundle to which this row belongs, used when deleting a field instance',
  `deleted` tinyint(4) NOT NULL DEFAULT '0' COMMENT 'A boolean indicating whether this data item has been deleted',
  `entity_id` int(10) unsigned NOT NULL COMMENT 'The entity id this data is attached to',
  `revision_id` int(10) unsigned DEFAULT NULL COMMENT 'The entity revision id this data is attached to, or NULL if the entity type is not versioned',
  `language` varchar(32) NOT NULL DEFAULT '' COMMENT 'The language for this data item.',
  `delta` int(10) unsigned NOT NULL COMMENT 'The sequence number for this data item, used for multi-value fields',
  `comment_body_value` longtext,
  `comment_body_format` varchar(255) DEFAULT NULL
) ENGINE=InnoDB DEFAULT CHARSET=utf8 COMMENT='Data storage for field 1 (comment_body)';

--
-- Contenu de la table `drupal_field_data_comment_body`
--

INSERT INTO `drupal_field_data_comment_body` (`entity_type`, `bundle`, `deleted`, `entity_id`, `revision_id`, `language`, `delta`, `comment_body_value`, `comment_body_format`) VALUES
('comment', 'comment_node_blog', 0, 1, 1, 'und', 0, 'Typesetting industry unknown printer took a galley of type and scrambled it to make a type has survived not only fiv', 'filtered_html');

-- --------------------------------------------------------

--
-- Structure de la table `drupal_field_data_field_categories`
--

CREATE TABLE IF NOT EXISTS `drupal_field_data_field_categories` (
  `entity_type` varchar(128) NOT NULL DEFAULT '' COMMENT 'The entity type this data is attached to',
  `bundle` varchar(128) NOT NULL DEFAULT '' COMMENT 'The field instance bundle to which this row belongs, used when deleting a field instance',
  `deleted` tinyint(4) NOT NULL DEFAULT '0' COMMENT 'A boolean indicating whether this data item has been deleted',
  `entity_id` int(10) unsigned NOT NULL COMMENT 'The entity id this data is attached to',
  `revision_id` int(10) unsigned DEFAULT NULL COMMENT 'The entity revision id this data is attached to, or NULL if the entity type is not versioned',
  `language` varchar(32) NOT NULL DEFAULT '' COMMENT 'The language for this data item.',
  `delta` int(10) unsigned NOT NULL COMMENT 'The sequence number for this data item, used for multi-value fields',
  `field_categories_tid` int(10) unsigned DEFAULT NULL
) ENGINE=InnoDB DEFAULT CHARSET=utf8 COMMENT='Data storage for field 7 (field_categories)';

--
-- Contenu de la table `drupal_field_data_field_categories`
--

INSERT INTO `drupal_field_data_field_categories` (`entity_type`, `bundle`, `deleted`, `entity_id`, `revision_id`, `language`, `delta`, `field_categories_tid`) VALUES
('node', 'blog', 0, 1, 1, 'und', 0, 5),
('node', 'blog', 0, 2, 2, 'und', 0, 4),
('node', 'blog', 0, 3, 3, 'und', 0, 6),
('node', 'blog', 0, 4, 4, 'und', 0, 3),
('node', 'blog', 0, 4, 4, 'und', 1, 6),
('node', 'blog', 0, 4, 4, 'und', 2, 4),
('node', 'blog', 0, 5, 5, 'und', 0, 6),
('node', 'blog', 0, 5, 5, 'und', 1, 5),
('node', 'blog', 0, 13, 13, 'und', 0, 7),
('node', 'blog', 0, 14, 14, 'und', 0, 6),
('node', 'blog', 0, 14, 14, 'und', 1, 7),
('node', 'blog', 0, 15, 15, 'und', 0, 5),
('node', 'blog', 0, 15, 15, 'und', 1, 4),
('node', 'blog', 0, 15, 15, 'und', 2, 7),
('node', 'blog', 0, 16, 16, 'und', 0, 5),
('node', 'blog', 0, 16, 16, 'und', 1, 4),
('node', 'blog', 0, 16, 16, 'und', 2, 7),
('node', 'blog', 0, 19, 19, 'und', 0, 5),
('node', 'blog', 0, 20, 20, 'und', 0, 6),
('node', 'blog', 0, 21, 21, 'und', 0, 8);

-- --------------------------------------------------------

--
-- Structure de la table `drupal_field_data_field_icon`
--

CREATE TABLE IF NOT EXISTS `drupal_field_data_field_icon` (
  `entity_type` varchar(128) NOT NULL DEFAULT '' COMMENT 'The entity type this data is attached to',
  `bundle` varchar(128) NOT NULL DEFAULT '' COMMENT 'The field instance bundle to which this row belongs, used when deleting a field instance',
  `deleted` tinyint(4) NOT NULL DEFAULT '0' COMMENT 'A boolean indicating whether this data item has been deleted',
  `entity_id` int(10) unsigned NOT NULL COMMENT 'The entity id this data is attached to',
  `revision_id` int(10) unsigned DEFAULT NULL COMMENT 'The entity revision id this data is attached to, or NULL if the entity type is not versioned',
  `language` varchar(32) NOT NULL DEFAULT '' COMMENT 'The language for this data item.',
  `delta` int(10) unsigned NOT NULL COMMENT 'The sequence number for this data item, used for multi-value fields',
  `field_icon_value` varchar(255) DEFAULT NULL,
  `field_icon_format` varchar(255) DEFAULT NULL
) ENGINE=InnoDB DEFAULT CHARSET=utf8 COMMENT='Data storage for field 5 (field_icon)';

--
-- Contenu de la table `drupal_field_data_field_icon`
--

INSERT INTO `drupal_field_data_field_icon` (`entity_type`, `bundle`, `deleted`, `entity_id`, `revision_id`, `language`, `delta`, `field_icon_value`, `field_icon_format`) VALUES
('node', 'social', 0, 6, 6, 'und', 0, 'fa-dribbble', NULL),
('node', 'social', 0, 7, 7, 'und', 0, 'fa-instagram', NULL),
('node', 'social', 0, 8, 8, 'und', 0, 'fa-github', NULL),
('node', 'social', 0, 9, 9, 'und', 0, 'fa-linkedin', NULL),
('node', 'social', 0, 10, 10, 'und', 0, 'fa-google-plus', NULL),
('node', 'social', 0, 11, 11, 'und', 0, 'fa-facebook', NULL),
('node', 'social', 0, 12, 12, 'und', 0, 'fa-twitter', NULL);

-- --------------------------------------------------------

--
-- Structure de la table `drupal_field_data_field_image`
--

CREATE TABLE IF NOT EXISTS `drupal_field_data_field_image` (
  `entity_type` varchar(128) NOT NULL DEFAULT '' COMMENT 'The entity type this data is attached to',
  `bundle` varchar(128) NOT NULL DEFAULT '' COMMENT 'The field instance bundle to which this row belongs, used when deleting a field instance',
  `deleted` tinyint(4) NOT NULL DEFAULT '0' COMMENT 'A boolean indicating whether this data item has been deleted',
  `entity_id` int(10) unsigned NOT NULL COMMENT 'The entity id this data is attached to',
  `revision_id` int(10) unsigned DEFAULT NULL COMMENT 'The entity revision id this data is attached to, or NULL if the entity type is not versioned',
  `language` varchar(32) NOT NULL DEFAULT '' COMMENT 'The language for this data item.',
  `delta` int(10) unsigned NOT NULL COMMENT 'The sequence number for this data item, used for multi-value fields',
  `field_image_fid` int(10) unsigned DEFAULT NULL COMMENT 'The file_managed.fid being referenced in this field.',
  `field_image_alt` varchar(512) DEFAULT NULL COMMENT 'Alternative image text, for the image’s ’alt’ attribute.',
  `field_image_title` varchar(1024) DEFAULT NULL COMMENT 'Image title text, for the image’s ’title’ attribute.',
  `field_image_width` int(10) unsigned DEFAULT NULL COMMENT 'The width of the image in pixels.',
  `field_image_height` int(10) unsigned DEFAULT NULL COMMENT 'The height of the image in pixels.'
) ENGINE=InnoDB DEFAULT CHARSET=utf8 COMMENT='Data storage for field 4 (field_image)';

--
-- Contenu de la table `drupal_field_data_field_image`
--

INSERT INTO `drupal_field_data_field_image` (`entity_type`, `bundle`, `deleted`, `entity_id`, `revision_id`, `language`, `delta`, `field_image_fid`, `field_image_alt`, `field_image_title`, `field_image_width`, `field_image_height`) VALUES
('node', 'blog', 0, 1, 1, 'und', 0, 4, '', '', 600, 500),
('node', 'blog', 0, 2, 2, 'und', 0, 5, '', '', 600, 250),
('node', 'blog', 0, 3, 3, 'und', 0, 3, '', '', 600, 250),
('node', 'blog', 0, 4, 4, 'und', 0, 2, '', '', 600, 251),
('node', 'blog', 0, 5, 5, 'und', 0, 1, '', '', 600, 500),
('node', 'blog', 0, 13, 13, 'und', 0, 6, '', '', 280, 250),
('node', 'blog', 0, 14, 14, 'und', 0, 7, '', '', 280, 200),
('node', 'blog', 0, 15, 15, 'und', 0, 8, '', '', 280, 200),
('node', 'blog', 0, 16, 16, 'und', 0, 9, '', '', 280, 200),
('node', 'blog', 0, 19, 19, 'und', 0, 11, '', '', 600, 250),
('node', 'blog', 0, 20, 20, 'und', 0, 12, '', '', 600, 251),
('node', 'blog', 0, 21, 21, 'und', 0, 13, '', '', 600, 500);

-- --------------------------------------------------------

--
-- Structure de la table `drupal_field_data_field_tags`
--

CREATE TABLE IF NOT EXISTS `drupal_field_data_field_tags` (
  `entity_type` varchar(128) NOT NULL DEFAULT '' COMMENT 'The entity type this data is attached to',
  `bundle` varchar(128) NOT NULL DEFAULT '' COMMENT 'The field instance bundle to which this row belongs, used when deleting a field instance',
  `deleted` tinyint(4) NOT NULL DEFAULT '0' COMMENT 'A boolean indicating whether this data item has been deleted',
  `entity_id` int(10) unsigned NOT NULL COMMENT 'The entity id this data is attached to',
  `revision_id` int(10) unsigned DEFAULT NULL COMMENT 'The entity revision id this data is attached to, or NULL if the entity type is not versioned',
  `language` varchar(32) NOT NULL DEFAULT '' COMMENT 'The language for this data item.',
  `delta` int(10) unsigned NOT NULL COMMENT 'The sequence number for this data item, used for multi-value fields',
  `field_tags_tid` int(10) unsigned DEFAULT NULL
) ENGINE=InnoDB DEFAULT CHARSET=utf8 COMMENT='Data storage for field 3 (field_tags)';

--
-- Contenu de la table `drupal_field_data_field_tags`
--

INSERT INTO `drupal_field_data_field_tags` (`entity_type`, `bundle`, `deleted`, `entity_id`, `revision_id`, `language`, `delta`, `field_tags_tid`) VALUES
('node', 'blog', 0, 2, 2, 'und', 0, 9),
('node', 'blog', 0, 3, 3, 'und', 0, 1),
('node', 'blog', 0, 3, 3, 'und', 1, 9),
('node', 'blog', 0, 3, 3, 'und', 2, 10),
('node', 'blog', 0, 3, 3, 'und', 3, 11),
('node', 'blog', 0, 4, 4, 'und', 0, 9),
('node', 'blog', 0, 5, 5, 'und', 0, 1),
('node', 'blog', 0, 5, 5, 'und', 1, 2),
('node', 'blog', 0, 13, 13, 'und', 0, 9),
('node', 'blog', 0, 13, 13, 'und', 1, 12),
('node', 'blog', 0, 14, 14, 'und', 0, 12),
('node', 'blog', 0, 14, 14, 'und', 1, 1),
('node', 'blog', 0, 16, 16, 'und', 0, 13),
('node', 'blog', 0, 19, 19, 'und', 0, 1),
('node', 'blog', 0, 20, 20, 'und', 0, 14),
('node', 'blog', 0, 21, 21, 'und', 0, 13);

-- --------------------------------------------------------

--
-- Structure de la table `drupal_field_data_field_url`
--

CREATE TABLE IF NOT EXISTS `drupal_field_data_field_url` (
  `entity_type` varchar(128) NOT NULL DEFAULT '' COMMENT 'The entity type this data is attached to',
  `bundle` varchar(128) NOT NULL DEFAULT '' COMMENT 'The field instance bundle to which this row belongs, used when deleting a field instance',
  `deleted` tinyint(4) NOT NULL DEFAULT '0' COMMENT 'A boolean indicating whether this data item has been deleted',
  `entity_id` int(10) unsigned NOT NULL COMMENT 'The entity id this data is attached to',
  `revision_id` int(10) unsigned DEFAULT NULL COMMENT 'The entity revision id this data is attached to, or NULL if the entity type is not versioned',
  `language` varchar(32) NOT NULL DEFAULT '' COMMENT 'The language for this data item.',
  `delta` int(10) unsigned NOT NULL COMMENT 'The sequence number for this data item, used for multi-value fields',
  `field_url_value` varchar(255) DEFAULT NULL,
  `field_url_format` varchar(255) DEFAULT NULL
) ENGINE=InnoDB DEFAULT CHARSET=utf8 COMMENT='Data storage for field 6 (field_url)';

--
-- Contenu de la table `drupal_field_data_field_url`
--

INSERT INTO `drupal_field_data_field_url` (`entity_type`, `bundle`, `deleted`, `entity_id`, `revision_id`, `language`, `delta`, `field_url_value`, `field_url_format`) VALUES
('node', 'social', 0, 6, 6, 'und', 0, '#', NULL),
('node', 'social', 0, 7, 7, 'und', 0, '#', NULL),
('node', 'social', 0, 8, 8, 'und', 0, '#', NULL),
('node', 'social', 0, 9, 9, 'und', 0, '#', NULL),
('node', 'social', 0, 10, 10, 'und', 0, '#', NULL),
('node', 'social', 0, 11, 11, 'und', 0, '#', NULL);

-- --------------------------------------------------------

--
-- Structure de la table `drupal_field_revision_body`
--

CREATE TABLE IF NOT EXISTS `drupal_field_revision_body` (
  `entity_type` varchar(128) NOT NULL DEFAULT '' COMMENT 'The entity type this data is attached to',
  `bundle` varchar(128) NOT NULL DEFAULT '' COMMENT 'The field instance bundle to which this row belongs, used when deleting a field instance',
  `deleted` tinyint(4) NOT NULL DEFAULT '0' COMMENT 'A boolean indicating whether this data item has been deleted',
  `entity_id` int(10) unsigned NOT NULL COMMENT 'The entity id this data is attached to',
  `revision_id` int(10) unsigned NOT NULL COMMENT 'The entity revision id this data is attached to',
  `language` varchar(32) NOT NULL DEFAULT '' COMMENT 'The language for this data item.',
  `delta` int(10) unsigned NOT NULL COMMENT 'The sequence number for this data item, used for multi-value fields',
  `body_value` longtext,
  `body_summary` longtext,
  `body_format` varchar(255) DEFAULT NULL
) ENGINE=InnoDB DEFAULT CHARSET=utf8 COMMENT='Revision archive storage for field 2 (body)';

--
-- Contenu de la table `drupal_field_revision_body`
--

INSERT INTO `drupal_field_revision_body` (`entity_type`, `bundle`, `deleted`, `entity_id`, `revision_id`, `language`, `delta`, `body_value`, `body_summary`, `body_format`) VALUES
('node', 'blog', 0, 1, 1, 'und', 0, 'Lorem Ipsum is simply dummy text of the printing and typesetting industry unknown\r\n printer took a galley of type and scrambled it to make a type has survived not only fiv', 'Lorem Ipsum is simply dummy text of the printing and typesetting industry unknown printer took a galley of type and scrambled it to make a type has survived not only fiv..', 'full_html'),
('node', 'blog', 0, 2, 2, 'und', 0, 'Lorem Ipsum is simply dummy text of the printing and typesetting industry unknown printer took a galley of type and scrambled it to make a type has survived not only fiv', 'Lorem Ipsum is simply dummy text of the printing and typesetting', 'full_html'),
('node', 'blog', 0, 3, 3, 'und', 0, 'Contrary to popular belief, Lorem Ipsum is not simply random text. It has roots in a piece of classical Latin literature from 45 BC, making it over 2000 years old. Richard McClintock, a Latin professor at Hampden-Sydney College in Virginia, looked up one of the more obscure \r\n\r\nLatin words, consectetur, from a Lorem Ipsum passage, and going through the cites of the word in classical literature, discovered the undoubtable source. Lorem Ipsum comes from sections 1.10.32 and 1.10.33 of "de Finibus Bonorum et Malorum" (The Extremes of Good and Evil) by Cicero, written in 45 BC. This book is a treatise on the theory of ethics, very popular during the Renaissance. The first line of Lorem Ipsum, "Lorem ipsum dolor sit amet..", comes from a line in section 1.10.32.', 'Lorem Ipsum is simply dummy text of the printing and typesetting industry. Lorem Ipsum has been the industry''s standard dummy text ever since the 1500s,', 'full_html'),
('node', 'blog', 0, 4, 4, 'und', 0, 'There are many variations of passages of Lorem Ipsum available, but the majority have suffered alteration in some form, by injected humour, or randomised words which don''t look even slightly believable. If you are going to use a passage of Lorem Ipsum, you need to be sure there isn''t anything embarrassing hidden in the middle of text.\r\n All the Lorem Ipsum generators on the Internet tend to repeat predefined chunks as necessary, making this the first true generator on the Internet. It uses a dictionary of over 200 Latin words, combined with a handful of model sentence structures, to generate Lorem Ipsum which looks reasonable. The generated Lorem Ipsum is therefore always free from repetition, injected humour, or non-characteristic words etc.', 'Contrary to popular belief, Lorem Ipsum is not simply random text. It has roots in a piece of classical Latin literature from 45 BC, making it over 2000 years old', 'full_html'),
('node', 'blog', 0, 5, 5, 'und', 0, 'Lorem Ipsum, you need to be sure there isn''t anything embarrassing hidden in the middle of text. All the Lorem Ipsum generators on the Internet tend to repeat predefined chunks as necessary, making this the first true generator on the Internet. It uses a dictionary of over 200 Latin words, combined with a handful of model sentence structures, to generate Lorem Ipsum which looks reasonable. \r\n\r\nThe generated Lorem Ipsum is therefore always free from repetition, injected humour, or non-characteristic words etc.', 'There are many variations of passages of Lorem Ipsum available characteristic words etc.', 'full_html'),
('node', 'blog', 0, 13, 13, 'und', 0, 'Sed ut perspiciatis unde omnis iste natus error sit voluptatem accusantium doloremque laudantium, totam rem aperiam, eaque ipsa quae ab illo inventore veritatis et quasi architecto beatae vitae dicta sunt explicabo. Nemo enim ipsam voluptatem quia voluptas sit aspernatur aut odit aut fugit, sed quia consequuntur magni dolores eos qui ratione voluptatem sequi nesciunt.\r\n\r\n Neque porro quisquam est, qui dolorem ipsum quia dolor sit amet, consectetur, adipisci velit, sed quia non numquam eius modi tempora incidunt ut labore et dolore magnam aliquam quaerat voluptatem. Ut enim ad minima veniam, quis nostrum exercitationem ullam corporis suscipit laboriosam, nisi ut aliquid ex ea commodi consequatur? Quis autem vel eum iure reprehenderit qui in ea voluptate velit esse quam nihil molestiae consequatur?', 'Lorem Ipsum is simply dummy text of the printing and typesetting', 'full_html'),
('node', 'blog', 0, 14, 14, 'und', 0, 'Neque porro quisquam est, qui dolorem ipsum quia dolor sit amet, consectetur, adipisci velit, sed quia non numquam eius modi tempora incidunt ut labore et dolore magnam aliquam quaerat voluptatem. \r\nUt enim ad minima veniam, quis nostrum exercitationem ullam corporis suscipit laboriosam, nisi ut aliquid ex ea commodi consequatur? Quis autem vel eum iure reprehenderit qui in ea voluptate velit esse quam nihil molestiae consequatur?', 'Neque porro quisquam est, qui dolorem ipsum quia dolor sit amet, consectetur, adipisci velit, ', 'full_html'),
('node', 'blog', 0, 15, 15, 'und', 0, 'Nunc montes odio phasellus dignissim, aenean, nec augue velit integer elementum ut montes quis integer cursus, est purus, lectus duis, scelerisque tincidunt ultricies phasellus elementum turpis tristique.', 'Lectus duis, scelerisque tincidunt ultricies phasellus', 'full_html'),
('node', 'blog', 0, 16, 16, 'und', 0, 'Nunc montes odio phasellus dignissim, aenean, nec augue velit integer elementum ut montes quis integer cursus, est purus, lectus duis, scelerisque tincidunt ultricies phasellus elementum turpis tristique.', 'Aenean, nec augue velit integer elementum ut montes quis integer cursus, est purus', 'full_html'),
('node', 'page', 0, 17, 17, 'und', 0, '<div class="mbf clearfix">\r\n	<div class="grid_12 alpha">\r\n		<div class="title">\r\n			<h4> Accordion </h4>\r\n		</div>\r\n		<ul class="tt-accordion">\r\n			<li class="sub-accordion">\r\n				<div class="accordion-head">\r\n					<div class="accordion-head-sign"></div>\r\n					<p>Simply dummy text of the printing in this</p>\r\n				</div>\r\n				<div class="accordion-content">Lorem Ipsum is simply dummy text of the printing and typesetting industry.</div>\r\n			</li>\r\n			<!-- /accordion item -->\r\n			<li class="sub-accordion">\r\n				<div class="accordion-head">\r\n					<div class="accordion-head-sign"></div>\r\n					<p>Simple blockquote code in accordion content section</p>\r\n				</div>\r\n				<div class="accordion-content">\r\n					<div class="blockquote">\r\n						<div><i class="icon-quote-left icon-4x pull-left icon-muted"></i>Lorem Ipsum is simply dummy text of the printing and typesetting industry.</div>\r\n					</div>\r\n				</div>\r\n			</li>\r\n			<!-- /accordion item -->\r\n			<li class="sub-accordion">\r\n				<div class="accordion-head">\r\n					<div class="accordion-head-sign"></div>\r\n					<p>External Video in accordion content</p>\r\n				</div>\r\n				<div class="accordion-content">\r\n					<iframe src="http://player.vimeo.com/video/4749536?title=1&amp;byline=1&amp;portrait=1" width="100%" height="300"></iframe>\r\n				</div>\r\n			</li>\r\n			<!-- /accordion item -->\r\n		</ul>\r\n		<!-- /accordion -->\r\n	</div>\r\n	<!-- /grid6 alpha --><br>\r\n<br>\r\n\r\n	<div class="grid_12 omega">\r\n		<div class="title">\r\n			<h4> Toggle </h4>\r\n		</div>\r\n		<ul class="tt-toggle">\r\n			<li class="sub-toggle">\r\n				<div class="toggle-head">\r\n					<div class="toggle-head-sign"></div>\r\n					<p>Simply dummy text of the printing in this</p>\r\n				</div>\r\n				<div class="toggle-content">Lorem Ipsum is simply dummy text of the printing and typesetting industry.</div>\r\n			</li>\r\n			<!-- /toggle item -->\r\n			<li class="sub-toggle">\r\n				<div class="toggle-head">\r\n					<div class="toggle-head-sign"></div>\r\n					<p>Simple blockquote code in toggle content section</p>\r\n				</div>\r\n				<div class="toggle-content">\r\n					<div class="blockquote">\r\n						<div><i class="icon-quote-left icon-4x pull-left icon-muted"></i>Lorem Ipsum is simply dummy text of the printing and typesetting industry.</div>\r\n					</div>\r\n				</div>\r\n			</li>\r\n			<!-- /toggle item -->\r\n			<li class="sub-toggle">\r\n				<div class="toggle-head">\r\n					<div class="toggle-head-sign"></div>\r\n					<p>External Video in accordion content</p>\r\n				</div>\r\n				<div class="toggle-content">\r\n					<iframe src="http://player.vimeo.com/video/4749536?title=1&amp;byline=1&amp;portrait=1" width="100%" height="300"></iframe>\r\n				</div>\r\n			</li>\r\n			<!-- /toggle item -->\r\n		</ul>\r\n		<!-- /toggle -->\r\n	</div>\r\n	<!-- /grid6 omega -->\r\n</div>\r\n<!-- /mbf -->\r\n<div class="mbf clearfix">\r\n	<div class="title">\r\n		<h4>Grid System</h4>\r\n	</div>\r\n	<div class="mbf clearfix"><span class="grid_12 tt toptip" title="class=''grid_12''"> 1/1</span></div>\r\n	<div class="mbf clearfix"><span class="grid_6 tt toptip" title="class=''grid_6''"> 1/2 </span><span class="grid_6 tt toptip" title="class=''grid_6''"> 1/2 </span></div>\r\n	<div class="mbf clearfix"><span class="grid_4 tt toptip" title="class=''grid_4''"> 1/3 </span><span class="grid_4 tt toptip" title="class=''grid_4''"> 1/3 </span><span class="grid_4 tt toptip" title="class=''grid_4''"> 1/3 </span></div>\r\n	<div class="mbf clearfix"><span class="grid_3 tt toptip" title="class=''grid_3''"> 1/4 </span><span class="grid_3 tt toptip" title="class=''grid_3''"> 1/4 </span><span class="grid_3 tt toptip" title="class=''grid_3''"> 1/4 </span><span class="grid_3 tt toptip" title="class=''grid_3''"> 1/4 </span></div>\r\n	<div class="mbf clearfix"><span class="grid_5 tt toptip" title="class=''grid_5''"> 5/12 </span><span class="grid_7 tt toptip" title="class=''grid_7''"> 7/12 </span></div>\r\n	<div class="mbf clearfix"><span class="grid_4 tt toptip" title="class=''grid_4''"> 1/3 </span><span class="grid_8 tt toptip" title="class=''grid_8''"> 2/3 </span></div>\r\n	<div class="mbf clearfix"><span class="grid_3 tt toptip" title="class=''grid_3''"> 1/4 </span><span class="grid_9 tt toptip" title="class=''grid_9''"> 3/4 </span></div>\r\n	<div class="mbf clearfix"><span class="grid_2 tt toptip" title="class=''grid_2''"> 2/12 </span><span class="grid_10 tt toptip" title="class=''grid_10''"> 10/12 </span></div>\r\n	<div class="mbt clearfix"><span class="grid_1 tt toptip" title="class=''grid_1''"> 1/12 </span><span class="grid_11 tt toptip" title="class=''grid_11''"> 11/12 </span></div>\r\n</div>\r\n<!-- /mbf -->\r\n<div class="mbf clearfix">\r\n	<div class="title">\r\n		<h4>BlockQuotes</h4>\r\n	</div>\r\n	<div class="blockquote"> Contrary to popular belief, Lorem Ipsum is not simply random text. It has roots in a piece of classical Latin literature from 45 BC, making it over 2000 years old. Richard McClintock, a Latin professor at Hampden-Sydney College in Virginia, looked up one of the more obscure Latin words.</div>\r\n</div>\r\n<!-- /mbf -->\r\n<div class="mbf clearfix">\r\n	<div class="grid_12 alpha">\r\n		<div class="title">\r\n			<h4>Messages</h4>\r\n		</div>\r\n		<div class="notification-box notification-box-success"><p><i class="fa-check"></i>Your Account Activated Successfully.</p><a href="#" class="notification-close notification-close-success"><i class="fa-times"></i></a></div>\r\n		<div class="notification-box notification-box-info"><p><i class="fa-flag"></i>Insert your information text here for box info.</p><a href="#" class="notification-close notification-close-info"><i class="fa-times"></i></a></div>\r\n		<div class="notification-box notification-box-error"><p><i class="fa-power-off"></i>Error: This Input Required.</p><a href="#" class="notification-close notification-close-error"><i class="fa-times"></i></a></div>\r\n		<div class="notification-box notification-box-warning"><p><i class="fa-exclamation-triangle"></i>Warning: Please Read All Terms.</p><a href="#" class="notification-close notification-close-warning"><i class="fa-times"></i></a></div>\r\n	</div>\r\n	<!-- /grid6 alpha -->\r\n	<div class="grid_12 mbt omega">\r\n		<div class="title">\r\n			<h4> Buttons </h4>\r\n		</div>\r\n		<a href="" class="tbutton large"><span>Large Button</span></a>&nbsp;&nbsp;<a href="" class="tbutton medium"><span>Medium Button</span></a>&nbsp;&nbsp;<a href="" class="tbutton small"><span>Smal Button</span></a></div>\r\n	<!-- /grid6 omega -->\r\n	<div class="grid_6 omega">\r\n		<div class="title">\r\n			<h4> Video iFrame </h4>\r\n		</div>\r\n		<iframe src="http://www.youtube.com/embed/xv7ayM0mrls" width="100%" height="200"></iframe>\r\n	</div>\r\n	<!-- /grid6 omega -->\r\n</div>\r\n<!-- /mbf -->\r\n<div class="mbf clearfix">\r\n	<div class="grid_12 alpha">\r\n		<div class="title">\r\n			<h4>Tabs</h4>\r\n		</div>\r\n		<ul class="tabs">\r\n			<li><a href="#t-1" class="active">Tab 1</a></li>\r\n			<li><a href="#t-2">Tab 2</a></li>\r\n			<li><a href="#t-3">Tab 3</a></li>\r\n		</ul>\r\n		<!-- tabs -->\r\n		<ul class="tabs-content">\r\n			<li id="t-1" class="active"> Lorem ipsum dolor sit amet, consectetur adipiscing elit. Integer sem dui, molestie vitae ornare tincidunt, semper non metus. Nulla sagittis porttitor varius. Vestibulum eleifend, lorem sit amet gravida accumsan, nisi est tempor risus, non suscipit lectus nunc sit amet nunc. Pellentesque iaculis sapien at lacus vulputate sodales et eget quam. Etiam tristique bibendum leo, quis sagittis urna tempus non. </li>\r\n			<!-- tab content -->\r\n			<li id="t-2"> Donec sed odio dui. Nulla vitae elit libero, a pharetra augue. Nullam id dolor id nibh ultricies vehicula ut id elit. Integer posuere erat a ante venenatis dapibus aliquet. Duis mollis, est non commodo luctus. </li>\r\n			<!-- tab content -->\r\n			<li id="t-3"> Nulla sagittis porttitor varius. Vestibulum eleifend, lorem sit amet gravida accumsan, nisi est tempor risus, non suscipit lectus nunc sit amet nunc. Pellentesque iaculis sapien at lacus vulputate sodales et eget quam. Etiam tristique bibendum leo, quis sagittis urna tempus non. </li>\r\n			<!-- tab content -->\r\n		</ul>\r\n		<!-- end tabs -->\r\n	</div>\r\n	<!-- /grid4 alpha -->\r\n	<div class="grid_12 mbt omega">\r\n		<div class="title">\r\n			<h4> Table </h4>\r\n		</div>\r\n		<table class="table">\r\n			<thead>\r\n				<tr>\r\n					<th scope="col">/</th>\r\n					<th scope="col">HTML Files</th>\r\n					<th scope="col">PHP Files</th>\r\n					<th scope="col">PSD Files</th>\r\n					<th scope="col">Animation Version</th>\r\n					<th scope="col">More Colors</th>\r\n				</tr>\r\n			</thead>\r\n			<tbody>\r\n				<tr>\r\n					<td>Basic Package</td>\r\n					<td><i class="fa-check"></i></td>\r\n					<td><i class="fa-check"></i></td>\r\n					<td><i class="fa-times"></i></td>\r\n					<td><i class="fa-times"></i></td>\r\n					<td><i class="fa-times"></i></td>\r\n				</tr>\r\n				<tr>\r\n					<td>Developer Package</td>\r\n					<td><i class="fa-check"></i></td>\r\n					<td><i class="fa-check"></i></td>\r\n					<td><i class="fa-check"></i></td>\r\n					<td><i class="fa-times"></i></td>\r\n					<td><i class="fa-times"></i></td>\r\n				</tr>\r\n				<tr>\r\n					<td>Pro Package</td>\r\n					<td><i class="fa-check"></i></td>\r\n					<td><i class="fa-check"></i></td>\r\n					<td><i class="fa-check"></i></td>\r\n					<td><i class="fa-check"></i></td>\r\n					<td><i class="fa-times"></i></td>\r\n				</tr>\r\n				<tr>\r\n					<td>Premium Package</td>\r\n					<td><i class="fa-check"></i></td>\r\n					<td><i class="fa-check"></i></td>\r\n					<td><i class="fa-check"></i></td>\r\n					<td><i class="fa-check"></i></td>\r\n					<td><i class="fa-check"></i></td>\r\n				</tr>\r\n			</tbody>\r\n			<tfoot>\r\n				<tr>\r\n					<td colspan="6">Footer Note: Lorem ipsum dolor sit amet</td>\r\n				</tr>\r\n			</tfoot>\r\n		</table>\r\n	</div>\r\n	<!-- /grid8 omega -->\r\n</div>', '', 'full_html'),
('node', 'page', 0, 18, 18, 'und', 0, '<div class="mbf clearfix">\r\n<div class="mbf clearfix errorpage">\r\n	<div class="clearfix">\r\n		<div class="grid_12 alpha"><img src="./sites/all/themes/ipress/images/404.jpg" alt=""></div>\r\n		<div class="grid_12 alpha">\r\n			<h2 class="mts mb"> PAGE NOT FOUND <small> The page you are looking for might have been removed, had its name changed. </small></h2>\r\n			<a href="" class="tbutton medium"><span><i class="fa-arrow-left mi"></i> Back To Homepage</span></a></div>\r\n	</div>\r\n	<!-- /row -->\r\n</div>', '', 'full_html'),
('node', 'blog', 0, 19, 19, 'und', 0, 'Lorem Ipsum is simply dummy text of the printing and typesetting industry\r\n unknown printer took a galley of type and scrambled it to make a type has survived not only fiv.\r\nThere are many variations of passages of Lorem Ipsum available, but the majority have suffered alteration in some form, ... slightly believable. If you are going to use a passage of Lorem Ipsum, you need to be sure there isn''t anything embarrassing hidden in', 'Lorem Ipsum is simply dummy text of the printing and typesetting industry unknown printer took a galley of type and scrambled it to make a type has survived not only fiv.', 'full_html'),
('node', 'blog', 0, 20, 20, 'und', 0, 'Lorem Ipsum, you need to be sure there isn''t anything embarrassing hidden in the middle of text.\r\n All the Lorem Ipsum generators on the Internet tend to repeat predefined chunks as ... with a handful of model sentence structures, to generate Lorem Ipsum which looks reasonable. The generated Lorem Ipsum is therefore ...', 'If you are going to use a passage of Lorem Ipsum', 'full_html'),
('node', 'blog', 0, 21, 21, 'und', 0, 'Lorem Ipsum, you need to be sure there isn''t anything embarrassing hidden in the middle of text. All the Lorem Ipsum generators on the Internet tend to repeat predefined chunks as ... with a handful of model sentence structures, to generate Lorem Ipsum which looks reasonable. The generated Lorem Ipsum is therefore ...', 'Lorem Ipsum, you need to be sure there isn''t anything embarrassing hidden in the middle of text', 'full_html');

-- --------------------------------------------------------

--
-- Structure de la table `drupal_field_revision_comment_body`
--

