CREATE TABLE IF NOT EXISTS `drupal_node` (
  `nid` int(10) unsigned NOT NULL COMMENT 'The primary identifier for a node.',
  `vid` int(10) unsigned DEFAULT NULL COMMENT 'The current node_revision.vid version identifier.',
  `type` varchar(32) NOT NULL DEFAULT '' COMMENT 'The node_type.type of this node.',
  `language` varchar(12) NOT NULL DEFAULT '' COMMENT 'The languages.language of this node.',
  `title` varchar(255) NOT NULL DEFAULT '' COMMENT 'The title of this node, always treated as non-markup plain text.',
  `uid` int(11) NOT NULL DEFAULT '0' COMMENT 'The users.uid that owns this node; initially, this is the user that created it.',
  `status` int(11) NOT NULL DEFAULT '1' COMMENT 'Boolean indicating whether the node is published (visible to non-administrators).',
  `created` int(11) NOT NULL DEFAULT '0' COMMENT 'The Unix timestamp when the node was created.',
  `changed` int(11) NOT NULL DEFAULT '0' COMMENT 'The Unix timestamp when the node was most recently saved.',
  `comment` int(11) NOT NULL DEFAULT '0' COMMENT 'Whether comments are allowed on this node: 0 = no, 1 = closed (read only), 2 = open (read/write).',
  `promote` int(11) NOT NULL DEFAULT '0' COMMENT 'Boolean indicating whether the node should be displayed on the front page.',
  `sticky` int(11) NOT NULL DEFAULT '0' COMMENT 'Boolean indicating whether the node should be displayed at the top of lists in which it appears.',
  `tnid` int(10) unsigned NOT NULL DEFAULT '0' COMMENT 'The translation set id for this node, which equals the node id of the source post in each set.',
  `translate` int(11) NOT NULL DEFAULT '0' COMMENT 'A boolean indicating whether this translation page needs to be updated.'
) ENGINE=InnoDB AUTO_INCREMENT=22 DEFAULT CHARSET=utf8 COMMENT='The base table for nodes.';

--
-- Contenu de la table `drupal_node`
--

INSERT INTO `drupal_node` (`nid`, `vid`, `type`, `language`, `title`, `uid`, `status`, `created`, `changed`, `comment`, `promote`, `sticky`, `tnid`, `translate`) VALUES
(1, 1, 'blog', 'und', 'Improving Search on the Envato Marketplaces: 2013 in Review', 1, 1, 1395398278, 1395453598, 2, 0, 0, 0, 0),
(2, 2, 'blog', 'und', '4 Ways To Find Free and Unique Photos for Your Next Website Theme', 1, 1, 1395398791, 1395453680, 2, 0, 0, 0, 0),
(3, 3, 'blog', 'und', 'Community Poll: Internet Speeds From Around the World in 2013', 1, 1, 1395398999, 1395453573, 2, 0, 0, 0, 0),
(4, 4, 'blog', 'und', 'New Hub, Header & Collections: 10 Ways to Improve Your Marketplaces Productivity', 1, 1, 1395399238, 1395626686, 2, 0, 0, 0, 0),
(5, 5, 'blog', 'und', 'Beyond Bland: 10+ Creative Packaging Designs That Will Leave You Inspired', 1, 1, 1395399838, 1395626428, 2, 0, 0, 0, 0),
(6, 6, 'social', 'und', 'Dribbble', 1, 1, 1395450482, 1395450482, 1, 0, 0, 0, 0),
(7, 7, 'social', 'und', 'instagram', 1, 1, 1395450536, 1395450536, 1, 0, 0, 0, 0),
(8, 8, 'social', 'und', 'Github', 1, 1, 1395450583, 1395450583, 1, 0, 0, 0, 0),
(9, 9, 'social', 'und', 'Linkedin', 1, 1, 1395450616, 1395450616, 1, 0, 0, 0, 0),
(10, 10, 'social', 'und', 'Google Plus', 1, 1, 1395450645, 1395450645, 1, 0, 0, 0, 0),
(11, 11, 'social', 'und', 'Facebook', 1, 1, 1395450678, 1395450678, 1, 0, 0, 0, 0),
(12, 12, 'social', 'und', 'Twitter', 1, 1, 1395450721, 1395450721, 1, 0, 0, 0, 0),
(13, 13, 'blog', 'und', ' Marfa scenester ennui', 1, 1, 1395630428, 1395630428, 2, 0, 0, 0, 0),
(14, 14, 'blog', 'und', 'Sed ut perspiciatis unde', 1, 1, 1395630490, 1395630490, 2, 0, 0, 0, 0),
(15, 15, 'blog', 'und', 'The printing and typesetting', 1, 1, 1395630679, 1396092402, 2, 0, 0, 0, 0),
(16, 16, 'blog', 'und', 'Nunc montes odio phasellus ', 1, 1, 1395630725, 1396092373, 2, 0, 0, 0, 0),
(17, 17, 'page', 'und', 'Shortcodes', 1, 1, 1396060178, 1396062411, 1, 0, 0, 0, 0),
(18, 18, 'page', 'und', '404 page', 1, 1, 1396062526, 1396063179, 1, 0, 0, 0, 0),
(19, 19, 'blog', 'und', 'The standard chunk of Lorem ipsum', 1, 1, 1396078214, 1396078214, 2, 0, 0, 0, 0),
(20, 20, 'blog', 'und', ' The generated Lorem Ipsum', 1, 1, 1396078323, 1396078323, 2, 0, 0, 0, 0),
(21, 21, 'blog', 'und', 'Lorem Ipsum is simply', 1, 1, 1396078473, 1396078473, 2, 0, 0, 0, 0);

-- --------------------------------------------------------

--
-- Structure de la table `drupal_node_access`
--

CREATE TABLE IF NOT EXISTS `drupal_node_access` (
  `nid` int(10) unsigned NOT NULL DEFAULT '0' COMMENT 'The node.nid this record affects.',
  `gid` int(10) unsigned NOT NULL DEFAULT '0' COMMENT 'The grant ID a user must possess in the specified realm to gain this row’s privileges on the node.',
  `realm` varchar(255) NOT NULL DEFAULT '' COMMENT 'The realm in which the user must possess the grant ID. Each node access node can define one or more realms.',
  `grant_view` tinyint(3) unsigned NOT NULL DEFAULT '0' COMMENT 'Boolean indicating whether a user with the realm/grant pair can view this node.',
  `grant_update` tinyint(3) unsigned NOT NULL DEFAULT '0' COMMENT 'Boolean indicating whether a user with the realm/grant pair can edit this node.',
  `grant_delete` tinyint(3) unsigned NOT NULL DEFAULT '0' COMMENT 'Boolean indicating whether a user with the realm/grant pair can delete this node.'
) ENGINE=InnoDB DEFAULT CHARSET=utf8 COMMENT='Identifies which realm/grant pairs a user must possess in...';

--
-- Contenu de la table `drupal_node_access`
--

INSERT INTO `drupal_node_access` (`nid`, `gid`, `realm`, `grant_view`, `grant_update`, `grant_delete`) VALUES
(0, 0, 'all', 1, 0, 0);

-- --------------------------------------------------------

--
-- Structure de la table `drupal_node_comment_statistics`
--

CREATE TABLE IF NOT EXISTS `drupal_node_comment_statistics` (
  `nid` int(10) unsigned NOT NULL DEFAULT '0' COMMENT 'The node.nid for which the statistics are compiled.',
  `cid` int(11) NOT NULL DEFAULT '0' COMMENT 'The comment.cid of the last comment.',
  `last_comment_timestamp` int(11) NOT NULL DEFAULT '0' COMMENT 'The Unix timestamp of the last comment that was posted within this node, from comment.changed.',
  `last_comment_name` varchar(60) DEFAULT NULL COMMENT 'The name of the latest author to post a comment on this node, from comment.name.',
  `last_comment_uid` int(11) NOT NULL DEFAULT '0' COMMENT 'The user ID of the latest author to post a comment on this node, from comment.uid.',
  `comment_count` int(10) unsigned NOT NULL DEFAULT '0' COMMENT 'The total number of comments on this node.'
) ENGINE=InnoDB DEFAULT CHARSET=utf8 COMMENT='Maintains statistics of node and comments posts to show ...';

--
-- Contenu de la table `drupal_node_comment_statistics`
--

INSERT INTO `drupal_node_comment_statistics` (`nid`, `cid`, `last_comment_timestamp`, `last_comment_name`, `last_comment_uid`, `comment_count`) VALUES
(1, 0, 1395398278, NULL, 1, 0),
(2, 1, 1396017949, 'Drupalet', 0, 1),
(3, 0, 1395398999, NULL, 1, 0),
(4, 0, 1395399238, NULL, 1, 0),
(5, 0, 1395399838, NULL, 1, 0),
(6, 0, 1395450482, NULL, 1, 0),
(7, 0, 1395450536, NULL, 1, 0),
(8, 0, 1395450583, NULL, 1, 0),
(9, 0, 1395450616, NULL, 1, 0),
(10, 0, 1395450645, NULL, 1, 0),
(11, 0, 1395450678, NULL, 1, 0),
(12, 0, 1395450721, NULL, 1, 0),
(13, 0, 1395630428, NULL, 1, 0),
(14, 0, 1395630490, NULL, 1, 0),
(15, 0, 1395630679, NULL, 1, 0),
(16, 0, 1395630725, NULL, 1, 0),
(17, 0, 1396060178, NULL, 1, 0),
(18, 0, 1396062526, NULL, 1, 0),
(19, 0, 1396078214, NULL, 1, 0),
(20, 0, 1396078323, NULL, 1, 0),
(21, 0, 1396078473, NULL, 1, 0);

-- --------------------------------------------------------

--
-- Structure de la table `drupal_node_revision`
--

CREATE TABLE IF NOT EXISTS `drupal_node_revision` (
  `nid` int(10) unsigned NOT NULL DEFAULT '0' COMMENT 'The node this version belongs to.',
  `vid` int(10) unsigned NOT NULL COMMENT 'The primary identifier for this version.',
  `uid` int(11) NOT NULL DEFAULT '0' COMMENT 'The users.uid that created this version.',
  `title` varchar(255) NOT NULL DEFAULT '' COMMENT 'The title of this version.',
  `log` longtext NOT NULL COMMENT 'The log entry explaining the changes in this version.',
  `timestamp` int(11) NOT NULL DEFAULT '0' COMMENT 'A Unix timestamp indicating when this version was created.',
  `status` int(11) NOT NULL DEFAULT '1' COMMENT 'Boolean indicating whether the node (at the time of this revision) is published (visible to non-administrators).',
  `comment` int(11) NOT NULL DEFAULT '0' COMMENT 'Whether comments are allowed on this node (at the time of this revision): 0 = no, 1 = closed (read only), 2 = open (read/write).',
  `promote` int(11) NOT NULL DEFAULT '0' COMMENT 'Boolean indicating whether the node (at the time of this revision) should be displayed on the front page.',
  `sticky` int(11) NOT NULL DEFAULT '0' COMMENT 'Boolean indicating whether the node (at the time of this revision) should be displayed at the top of lists in which it appears.'
) ENGINE=InnoDB AUTO_INCREMENT=22 DEFAULT CHARSET=utf8 COMMENT='Stores information about each saved version of a node.';

--
-- Contenu de la table `drupal_node_revision`
--

INSERT INTO `drupal_node_revision` (`nid`, `vid`, `uid`, `title`, `log`, `timestamp`, `status`, `comment`, `promote`, `sticky`) VALUES
(1, 1, 1, 'Improving Search on the Envato Marketplaces: 2013 in Review', '', 1395453598, 1, 2, 0, 0),
(2, 2, 1, '4 Ways To Find Free and Unique Photos for Your Next Website Theme', '', 1395453680, 1, 2, 0, 0),
(3, 3, 1, 'Community Poll: Internet Speeds From Around the World in 2013', '', 1395453573, 1, 2, 0, 0),
(4, 4, 1, 'New Hub, Header & Collections: 10 Ways to Improve Your Marketplaces Productivity', '', 1395626686, 1, 2, 0, 0),
(5, 5, 1, 'Beyond Bland: 10+ Creative Packaging Designs That Will Leave You Inspired', '', 1395626428, 1, 2, 0, 0),
(6, 6, 1, 'Dribbble', '', 1395450482, 1, 1, 0, 0),
(7, 7, 1, 'instagram', '', 1395450536, 1, 1, 0, 0),
(8, 8, 1, 'Github', '', 1395450583, 1, 1, 0, 0),
(9, 9, 1, 'Linkedin', '', 1395450616, 1, 1, 0, 0),
(10, 10, 1, 'Google Plus', '', 1395450645, 1, 1, 0, 0),
(11, 11, 1, 'Facebook', '', 1395450678, 1, 1, 0, 0),
(12, 12, 1, 'Twitter', '', 1395450721, 1, 1, 0, 0),
(13, 13, 1, ' Marfa scenester ennui', '', 1395630428, 1, 2, 0, 0),
(14, 14, 1, 'Sed ut perspiciatis unde', '', 1395630490, 1, 2, 0, 0),
(15, 15, 1, 'The printing and typesetting', '', 1396092402, 1, 2, 0, 0),
(16, 16, 1, 'Nunc montes odio phasellus ', '', 1396092373, 1, 2, 0, 0),
(17, 17, 1, 'Shortcodes', '', 1396062411, 1, 1, 0, 0),
(18, 18, 1, '404 page', '', 1396063179, 1, 1, 0, 0),
(19, 19, 1, 'The standard chunk of Lorem ipsum', '', 1396078214, 1, 2, 0, 0),
(20, 20, 1, ' The generated Lorem Ipsum', '', 1396078323, 1, 2, 0, 0),
(21, 21, 1, 'Lorem Ipsum is simply', '', 1396078473, 1, 2, 0, 0);

-- --------------------------------------------------------

--
-- Structure de la table `drupal_node_type`
--

CREATE TABLE IF NOT EXISTS `drupal_node_type` (
  `type` varchar(32) NOT NULL COMMENT 'The machine-readable name of this type.',
  `name` varchar(255) NOT NULL DEFAULT '' COMMENT 'The human-readable name of this type.',
  `base` varchar(255) NOT NULL COMMENT 'The base string used to construct callbacks corresponding to this node type.',
  `module` varchar(255) NOT NULL COMMENT 'The module defining this node type.',
  `description` mediumtext NOT NULL COMMENT 'A brief description of this type.',
  `help` mediumtext NOT NULL COMMENT 'Help information shown to the user when creating a node of this type.',
  `has_title` tinyint(3) unsigned NOT NULL COMMENT 'Boolean indicating whether this type uses the node.title field.',
  `title_label` varchar(255) NOT NULL DEFAULT '' COMMENT 'The label displayed for the title field on the edit form.',
  `custom` tinyint(4) NOT NULL DEFAULT '0' COMMENT 'A boolean indicating whether this type is defined by a module (FALSE) or by a user via Add content type (TRUE).',
  `modified` tinyint(4) NOT NULL DEFAULT '0' COMMENT 'A boolean indicating whether this type has been modified by an administrator; currently not used in any way.',
  `locked` tinyint(4) NOT NULL DEFAULT '0' COMMENT 'A boolean indicating whether the administrator can change the machine name of this type.',
  `disabled` tinyint(4) NOT NULL DEFAULT '0' COMMENT 'A boolean indicating whether the node type is disabled.',
  `orig_type` varchar(255) NOT NULL DEFAULT '' COMMENT 'The original machine-readable name of this node type. This may be different from the current type name if the locked field is 0.'
) ENGINE=InnoDB DEFAULT CHARSET=utf8 COMMENT='Stores information about all defined node types.';

--
-- Contenu de la table `drupal_node_type`
--

INSERT INTO `drupal_node_type` (`type`, `name`, `base`, `module`, `description`, `help`, `has_title`, `title_label`, `custom`, `modified`, `locked`, `disabled`, `orig_type`) VALUES
('article', 'Article', 'node_content', 'node', 'Use <em>articles</em> for time-sensitive content like news, press releases or blog posts.', '', 1, 'Title', 1, 1, 0, 0, 'article'),
('blog', 'Blog entry', 'blog', 'blog', 'Use for multi-user blogs. Every user gets a personal blog.', '', 1, 'Title', 0, 1, 1, 0, 'blog'),
('page', 'Basic page', 'node_content', 'node', 'Use <em>basic pages</em> for your static content, such as an ''About us'' page.', '', 1, 'Title', 1, 1, 0, 0, 'page'),
('social', 'Social', 'node_content', 'node', '', '', 1, 'Title', 1, 1, 0, 0, 'social');

-- --------------------------------------------------------

--
-- Structure de la table `drupal_queue`
--

CREATE TABLE IF NOT EXISTS `drupal_queue` (
  `item_id` int(10) unsigned NOT NULL COMMENT 'Primary Key: Unique item ID.',
  `name` varchar(255) NOT NULL DEFAULT '' COMMENT 'The queue name.',
  `data` longblob COMMENT 'The arbitrary data for the item.',
  `expire` int(11) NOT NULL DEFAULT '0' COMMENT 'Timestamp when the claim lease expires on the item.',
  `created` int(11) NOT NULL DEFAULT '0' COMMENT 'Timestamp when the item was created.'
) ENGINE=InnoDB DEFAULT CHARSET=utf8 COMMENT='Stores items in queues.';

-- --------------------------------------------------------

--
-- Structure de la table `drupal_rdf_mapping`
--

CREATE TABLE IF NOT EXISTS `drupal_rdf_mapping` (
  `type` varchar(128) NOT NULL COMMENT 'The name of the entity type a mapping applies to (node, user, comment, etc.).',
  `bundle` varchar(128) NOT NULL COMMENT 'The name of the bundle a mapping applies to.',
  `mapping` longblob COMMENT 'The serialized mapping of the bundle type and fields to RDF terms.'
) ENGINE=InnoDB DEFAULT CHARSET=utf8 COMMENT='Stores custom RDF mappings for user defined content types...';

--
-- Contenu de la table `drupal_rdf_mapping`
--

INSERT INTO `drupal_rdf_mapping` (`type`, `bundle`, `mapping`) VALUES
('node', 'article', 0x613a31313a7b733a31313a226669656c645f696d616765223b613a323a7b733a31303a2270726564696361746573223b613a323a7b693a303b733a383a226f673a696d616765223b693a313b733a31323a22726466733a736565416c736f223b7d733a343a2274797065223b733a333a2272656c223b7d733a31303a226669656c645f74616773223b613a323a7b733a31303a2270726564696361746573223b613a313a7b693a303b733a31303a2264633a7375626a656374223b7d733a343a2274797065223b733a333a2272656c223b7d733a373a2272646674797065223b613a323a7b693a303b733a393a2273696f633a4974656d223b693a313b733a31333a22666f61663a446f63756d656e74223b7d733a353a227469746c65223b613a313a7b733a31303a2270726564696361746573223b613a313a7b693a303b733a383a2264633a7469746c65223b7d7d733a373a2263726561746564223b613a333a7b733a31303a2270726564696361746573223b613a323a7b693a303b733a373a2264633a64617465223b693a313b733a31303a2264633a63726561746564223b7d733a383a226461746174797065223b733a31323a227873643a6461746554696d65223b733a383a2263616c6c6261636b223b733a31323a22646174655f69736f38363031223b7d733a373a226368616e676564223b613a333a7b733a31303a2270726564696361746573223b613a313a7b693a303b733a31313a2264633a6d6f646966696564223b7d733a383a226461746174797065223b733a31323a227873643a6461746554696d65223b733a383a2263616c6c6261636b223b733a31323a22646174655f69736f38363031223b7d733a343a22626f6479223b613a313a7b733a31303a2270726564696361746573223b613a313a7b693a303b733a31353a22636f6e74656e743a656e636f646564223b7d7d733a333a22756964223b613a323a7b733a31303a2270726564696361746573223b613a313a7b693a303b733a31363a2273696f633a6861735f63726561746f72223b7d733a343a2274797065223b733a333a2272656c223b7d733a343a226e616d65223b613a313a7b733a31303a2270726564696361746573223b613a313a7b693a303b733a393a22666f61663a6e616d65223b7d7d733a31333a22636f6d6d656e745f636f756e74223b613a323a7b733a31303a2270726564696361746573223b613a313a7b693a303b733a31363a2273696f633a6e756d5f7265706c696573223b7d733a383a226461746174797065223b733a31313a227873643a696e7465676572223b7d733a31333a226c6173745f6163746976697479223b613a333a7b733a31303a2270726564696361746573223b613a313a7b693a303b733a32333a2273696f633a6c6173745f61637469766974795f64617465223b7d733a383a226461746174797065223b733a31323a227873643a6461746554696d65223b733a383a2263616c6c6261636b223b733a31323a22646174655f69736f38363031223b7d7d),
('node', 'blog', 0x613a393a7b733a373a2272646674797065223b613a323a7b693a303b733a393a2273696f633a506f7374223b693a313b733a31343a2273696f63743a426c6f67506f7374223b7d733a353a227469746c65223b613a313a7b733a31303a2270726564696361746573223b613a313a7b693a303b733a383a2264633a7469746c65223b7d7d733a373a2263726561746564223b613a333a7b733a31303a2270726564696361746573223b613a323a7b693a303b733a373a2264633a64617465223b693a313b733a31303a2264633a63726561746564223b7d733a383a226461746174797065223b733a31323a227873643a6461746554696d65223b733a383a2263616c6c6261636b223b733a31323a22646174655f69736f38363031223b7d733a373a226368616e676564223b613a333a7b733a31303a2270726564696361746573223b613a313a7b693a303b733a31313a2264633a6d6f646966696564223b7d733a383a226461746174797065223b733a31323a227873643a6461746554696d65223b733a383a2263616c6c6261636b223b733a31323a22646174655f69736f38363031223b7d733a343a22626f6479223b613a313a7b733a31303a2270726564696361746573223b613a313a7b693a303b733a31353a22636f6e74656e743a656e636f646564223b7d7d733a333a22756964223b613a323a7b733a31303a2270726564696361746573223b613a313a7b693a303b733a31363a2273696f633a6861735f63726561746f72223b7d733a343a2274797065223b733a333a2272656c223b7d733a343a226e616d65223b613a313a7b733a31303a2270726564696361746573223b613a313a7b693a303b733a393a22666f61663a6e616d65223b7d7d733a31333a22636f6d6d656e745f636f756e74223b613a323a7b733a31303a2270726564696361746573223b613a313a7b693a303b733a31363a2273696f633a6e756d5f7265706c696573223b7d733a383a226461746174797065223b733a31313a227873643a696e7465676572223b7d733a31333a226c6173745f6163746976697479223b613a333a7b733a31303a2270726564696361746573223b613a313a7b693a303b733a32333a2273696f633a6c6173745f61637469766974795f64617465223b7d733a383a226461746174797065223b733a31323a227873643a6461746554696d65223b733a383a2263616c6c6261636b223b733a31323a22646174655f69736f38363031223b7d7d),
('node', 'page', 0x613a393a7b733a373a2272646674797065223b613a313a7b693a303b733a31333a22666f61663a446f63756d656e74223b7d733a353a227469746c65223b613a313a7b733a31303a2270726564696361746573223b613a313a7b693a303b733a383a2264633a7469746c65223b7d7d733a373a2263726561746564223b613a333a7b733a31303a2270726564696361746573223b613a323a7b693a303b733a373a2264633a64617465223b693a313b733a31303a2264633a63726561746564223b7d733a383a226461746174797065223b733a31323a227873643a6461746554696d65223b733a383a2263616c6c6261636b223b733a31323a22646174655f69736f38363031223b7d733a373a226368616e676564223b613a333a7b733a31303a2270726564696361746573223b613a313a7b693a303b733a31313a2264633a6d6f646966696564223b7d733a383a226461746174797065223b733a31323a227873643a6461746554696d65223b733a383a2263616c6c6261636b223b733a31323a22646174655f69736f38363031223b7d733a343a22626f6479223b613a313a7b733a31303a2270726564696361746573223b613a313a7b693a303b733a31353a22636f6e74656e743a656e636f646564223b7d7d733a333a22756964223b613a323a7b733a31303a2270726564696361746573223b613a313a7b693a303b733a31363a2273696f633a6861735f63726561746f72223b7d733a343a2274797065223b733a333a2272656c223b7d733a343a226e616d65223b613a313a7b733a31303a2270726564696361746573223b613a313a7b693a303b733a393a22666f61663a6e616d65223b7d7d733a31333a22636f6d6d656e745f636f756e74223b613a323a7b733a31303a2270726564696361746573223b613a313a7b693a303b733a31363a2273696f633a6e756d5f7265706c696573223b7d733a383a226461746174797065223b733a31313a227873643a696e7465676572223b7d733a31333a226c6173745f6163746976697479223b613a333a7b733a31303a2270726564696361746573223b613a313a7b693a303b733a32333a2273696f633a6c6173745f61637469766974795f64617465223b7d733a383a226461746174797065223b733a31323a227873643a6461746554696d65223b733a383a2263616c6c6261636b223b733a31323a22646174655f69736f38363031223b7d7d);

-- --------------------------------------------------------

--
-- Structure de la table `drupal_registry`
--

CREATE TABLE IF NOT EXISTS `drupal_registry` (
  `name` varchar(255) NOT NULL DEFAULT '' COMMENT 'The name of the function, class, or interface.',
  `type` varchar(9) NOT NULL DEFAULT '' COMMENT 'Either function or class or interface.',
  `filename` varchar(255) NOT NULL COMMENT 'Name of the file.',
  `module` varchar(255) NOT NULL DEFAULT '' COMMENT 'Name of the module the file belongs to.',
  `weight` int(11) NOT NULL DEFAULT '0' COMMENT 'The order in which this module’s hooks should be invoked relative to other modules. Equal-weighted modules are ordered by name.'
) ENGINE=InnoDB DEFAULT CHARSET=utf8 COMMENT='Each record is a function, class, or interface name and...';

--
-- Contenu de la table `drupal_registry`
--

INSERT INTO `drupal_registry` (`name`, `type`, `filename`, `module`, `weight`) VALUES
('AccessDeniedTestCase', 'class', 'modules/system/system.test', 'system', 0),
('AdminMetaTagTestCase', 'class', 'modules/system/system.test', 'system', 0),
('ArchiverInterface', 'interface', 'includes/archiver.inc', '', 0),
('ArchiverTar', 'class', 'modules/system/system.archiver.inc', 'system', 0),
('ArchiverZip', 'class', 'modules/system/system.archiver.inc', 'system', 0),
('Archive_Tar', 'class', 'modules/system/system.tar.inc', 'system', 0),
('BatchMemoryQueue', 'class', 'includes/batch.queue.inc', '', 0),
('BatchQueue', 'class', 'includes/batch.queue.inc', '', 0),
('BlockAdminThemeTestCase', 'class', 'modules/block/block.test', 'block', 0),
('BlockCacheTestCase', 'class', 'modules/block/block.test', 'block', 0),
('BlockHashTestCase', 'class', 'modules/block/block.test', 'block', 0),
('BlockHiddenRegionTestCase', 'class', 'modules/block/block.test', 'block', 0),
('BlockHTMLIdTestCase', 'class', 'modules/block/block.test', 'block', 0),
('BlockInvalidRegionTestCase', 'class', 'modules/block/block.test', 'block', 0),
('BlockTemplateSuggestionsUnitTest', 'class', 'modules/block/block.test', 'block', 0),
('BlockTestCase', 'class', 'modules/block/block.test', 'block', 0),
('BlockViewModuleDeltaAlterWebTest', 'class', 'modules/block/block.test', 'block', 0),
('BlogTestCase', 'class', 'modules/blog/blog.test', 'blog', 0),
('ColorTestCase', 'class', 'modules/color/color.test', 'color', 0),
('CommentActionsTestCase', 'class', 'modules/comment/comment.test', 'comment', 0),
('CommentAnonymous', 'class', 'modules/comment/comment.test', 'comment', 0),
('CommentApprovalTest', 'class', 'modules/comment/comment.test', 'comment', 0),
('CommentBlockFunctionalTest', 'class', 'modules/comment/comment.test', 'comment', 0),
('CommentContentRebuild', 'class', 'modules/comment/comment.test', 'comment', 0),
('CommentController', 'class', 'modules/comment/comment.module', 'comment', 0),
('CommentFieldsTest', 'class', 'modules/comment/comment.test', 'comment', 0),
('CommentHelperCase', 'class', 'modules/comment/comment.test', 'comment', 0),
('CommentInterfaceTest', 'class', 'modules/comment/comment.test', 'comment', 0),
('CommentNodeAccessTest', 'class', 'modules/comment/comment.test', 'comment', 0),
('CommentNodeChangesTestCase', 'class', 'modules/comment/comment.test', 'comment', 0),
('CommentPagerTest', 'class', 'modules/comment/comment.test', 'comment', 0),
('CommentPreviewTest', 'class', 'modules/comment/comment.test', 'comment', 0),
('CommentRSSUnitTest', 'class', 'modules/comment/comment.test', 'comment', 0),
('CommentThreadingTestCase', 'class', 'modules/comment/comment.test', 'comment', 0),
('CommentTokenReplaceTestCase', 'class', 'modules/comment/comment.test', 'comment', 0),
('ContactPersonalTestCase', 'class', 'modules/contact/contact.test', 'contact', 0),
('ContactSitewideTestCase', 'class', 'modules/contact/contact.test', 'contact', 0),
('ContextConditionBookroot', 'class', 'sites/all/modules/context/tests/context.conditions.test', 'context', 0),
('ContextConditionBookTest', 'class', 'sites/all/modules/context/tests/context.conditions.test', 'context', 0),
('ContextConditionContextTest', 'class', 'sites/all/modules/context/tests/context.conditions.test', 'context', 0),
('ContextConditionLanguageTest', 'class', 'sites/all/modules/context/tests/context.conditions.test', 'context', 0),
('ContextConditionMenuTest', 'class', 'sites/all/modules/context/tests/context.conditions.test', 'context', 0),
('ContextConditionNodeTaxonomyTest', 'class', 'sites/all/modules/context/tests/context.conditions.test', 'context', 0),
('ContextConditionNodeTest', 'class', 'sites/all/modules/context/tests/context.conditions.test', 'context', 0),
('ContextConditionPathTest', 'class', 'sites/all/modules/context/tests/context.conditions.test', 'context', 0),
('ContextConditionSitewideTest', 'class', 'sites/all/modules/context/tests/context.conditions.test', 'context', 0),
('ContextConditionUserPageTest', 'class', 'sites/all/modules/context/tests/context.conditions.test', 'context', 0),
('ContextConditionUserTest', 'class', 'sites/all/modules/context/tests/context.conditions.test', 'context', 0),
('ContextReactionBlockAjaxAccessTest', 'class', 'sites/all/modules/context/tests/context.reactions.test', 'context', 0),
('ContextReactionBlockAjaxTest', 'class', 'sites/all/modules/context/tests/context.reactions.test', 'context', 0),
('ContextReactionBlockTest', 'class', 'sites/all/modules/context/tests/context.reactions.test', 'context', 0),
('ContextReactionBreadcrumbTest', 'class', 'sites/all/modules/context/tests/context.reactions.test', 'context', 0),
('ContextReactionMenuTest', 'class', 'sites/all/modules/context/tests/context.reactions.test', 'context', 0),
('ContextReactionRegionTest', 'class', 'sites/all/modules/context/tests/context.reactions.test', 'context', 0),
('ContextReactionThemeHtmlTest', 'class', 'sites/all/modules/context/tests/context.reactions.test', 'context', 0),
('ContextualDynamicContextTestCase', 'class', 'modules/contextual/contextual.test', 'contextual', 0),
('ContextUiTestCase', 'class', 'sites/all/modules/context/context_ui/tests/context_ui.test', 'context_ui', 0),
('ContextUnitTest', 'class', 'sites/all/modules/context/tests/context.test', 'context', 0),
('context_condition', 'class', 'sites/all/modules/context/plugins/context_condition.inc', 'context', 0),
('context_condition_context', 'class', 'sites/all/modules/context/plugins/context_condition_context.inc', 'context', 0),
('context_condition_context_all', 'class', 'sites/all/modules/context/plugins/context_condition_context_all.inc', 'context', 0),
('context_condition_menu', 'class', 'sites/all/modules/context/plugins/context_condition_menu.inc', 'context', 0),
('context_condition_node', 'class', 'sites/all/modules/context/plugins/context_condition_node.inc', 'context', 0),
('context_condition_node_taxonomy', 'class', 'sites/all/modules/context/plugins/context_condition_node_taxonomy.inc', 'context', 0),
('context_condition_path', 'class', 'sites/all/modules/context/plugins/context_condition_path.inc', 'context', 0),
('context_condition_query_string', 'class', 'sites/all/modules/context/plugins/context_condition_query_string.inc', 'context', 0),
('context_condition_sitewide', 'class', 'sites/all/modules/context/plugins/context_condition_sitewide.inc', 'context', 0),
('context_condition_taxonomy_term', 'class', 'sites/all/modules/context/plugins/context_condition_taxonomy_term.inc', 'context', 0),
('context_condition_user', 'class', 'sites/all/modules/context/plugins/context_condition_user.inc', 'context', 0),
('context_condition_user_page', 'class', 'sites/all/modules/context/plugins/context_condition_user_page.inc', 'context', 0),
('context_condition_views', 'class', 'sites/all/modules/context/plugins/context_condition_views.inc', 'context', 0),
('context_export_ui', 'class', 'sites/all/modules/context/context_ui/export_ui/context_export_ui.class.php', 'context_ui', 0),
('context_layouts_reaction_block', 'class', 'sites/all/modules/context/context_layouts/plugins/context_layouts_reaction_block.inc', 'context_layouts', 0),
('context_reaction', 'class', 'sites/all/modules/context/plugins/context_reaction.inc', 'context', 0),
('context_reaction_block', 'class', 'sites/all/modules/context/plugins/context_reaction_block.inc', 'context', 0),
('context_reaction_breadcrumb', 'class', 'sites/all/modules/context/plugins/context_reaction_breadcrumb.inc', 'context', 0),
('context_reaction_debug', 'class', 'sites/all/modules/context/plugins/context_reaction_debug.inc', 'context', 0),
('context_reaction_menu', 'class', 'sites/all/modules/context/plugins/context_reaction_menu.inc', 'context', 0),
('context_reaction_region', 'class', 'sites/all/modules/context/plugins/context_reaction_region.inc', 'context', 0),
('context_reaction_theme', 'class', 'sites/all/modules/context/plugins/context_reaction_theme.inc', 'context', 0),
('context_reaction_theme_html', 'class', 'sites/all/modules/context/plugins/context_reaction_theme_html.inc', 'context', 0),
('CronRunTestCase', 'class', 'modules/system/system.test', 'system', 0),
('ctools_context', 'class', 'sites/all/modules/ctools/includes/context.inc', 'ctools', 0),
('ctools_context_optional', 'class', 'sites/all/modules/ctools/includes/context.inc', 'ctools', 0),
('ctools_context_required', 'class', 'sites/all/modules/ctools/includes/context.inc', 'ctools', 0),
('ctools_export_ui', 'class', 'sites/all/modules/ctools/plugins/export_ui/ctools_export_ui.class.php', 'ctools', 0),
('ctools_math_expr', 'class', 'sites/all/modules/ctools/includes/math-expr.inc', 'ctools', 0),
('ctools_math_expr_stack', 'class', 'sites/all/modules/ctools/includes/math-expr.inc', 'ctools', 0),
('ctools_stylizer_image_processor', 'class', 'sites/all/modules/ctools/includes/stylizer.inc', 'ctools', 0),
('DashboardBlocksTestCase', 'class', 'modules/dashboard/dashboard.test', 'dashboard', 0),
('Database', 'class', 'includes/database/database.inc', '', 0),
('DatabaseCondition', 'class', 'includes/database/query.inc', '', 0),
('DatabaseConnection', 'class', 'includes/database/database.inc', '', 0),
('DatabaseConnectionNotDefinedException', 'class', 'includes/database/database.inc', '', 0),
('DatabaseConnection_mysql', 'class', 'includes/database/mysql/database.inc', '', 0),
('DatabaseConnection_pgsql', 'class', 'includes/database/pgsql/database.inc', '', 0),
('DatabaseConnection_sqlite', 'class', 'includes/database/sqlite/database.inc', '', 0),
('DatabaseDriverNotSpecifiedException', 'class', 'includes/database/database.inc', '', 0),
('DatabaseLog', 'class', 'includes/database/log.inc', '', 0),
('DatabaseSchema', 'class', 'includes/database/schema.inc', '', 0),
('DatabaseSchemaObjectDoesNotExistException', 'class', 'includes/database/schema.inc', '', 0),
('DatabaseSchemaObjectExistsException', 'class', 'includes/database/schema.inc', '', 0),
('DatabaseSchema_mysql', 'class', 'includes/database/mysql/schema.inc', '', 0),
('DatabaseSchema_pgsql', 'class', 'includes/database/pgsql/schema.inc', '', 0),
('DatabaseSchema_sqlite', 'class', 'includes/database/sqlite/schema.inc', '', 0),
('DatabaseStatementBase', 'class', 'includes/database/database.inc', '', 0),
('DatabaseStatementEmpty', 'class', 'includes/database/database.inc', '', 0),
('DatabaseStatementInterface', 'interface', 'includes/database/database.inc', '', 0),
('DatabaseStatementPrefetch', 'class', 'includes/database/prefetch.inc', '', 0),
('DatabaseStatement_sqlite', 'class', 'includes/database/sqlite/database.inc', '', 0),
('DatabaseTaskException', 'class', 'includes/install.inc', '', 0),
('DatabaseTasks', 'class', 'includes/install.inc', '', 0),
('DatabaseTasks_mysql', 'class', 'includes/database/mysql/install.inc', '', 0),
('DatabaseTasks_pgsql', 'class', 'includes/database/pgsql/install.inc', '', 0),
('DatabaseTasks_sqlite', 'class', 'includes/database/sqlite/install.inc', '', 0),
('DatabaseTransaction', 'class', 'includes/database/database.inc', '', 0),
('DatabaseTransactionCommitFailedException', 'class', 'includes/database/database.inc', '', 0),
('DatabaseTransactionExplicitCommitNotAllowedException', 'class', 'includes/database/database.inc', '', 0),
('DatabaseTransactionNameNonUniqueException', 'class', 'includes/database/database.inc', '', 0),
('DatabaseTransactionNoActiveException', 'class', 'includes/database/database.inc', '', 0),
('DatabaseTransactionOutOfOrderException', 'class', 'includes/database/database.inc', '', 0),
('DateTimeFunctionalTest', 'class', 'modules/system/system.test', 'system', 0),
('DBLogTestCase', 'class', 'modules/dblog/dblog.test', 'dblog', 0),
('DefaultMailSystem', 'class', 'modules/system/system.mail.inc', 'system', 0),
('DeleteQuery', 'class', 'includes/database/query.inc', '', 0),
('DeleteQuery_sqlite', 'class', 'includes/database/sqlite/query.inc', '', 0),
('DrupalCacheArray', 'class', 'includes/bootstrap.inc', '', 0),
('DrupalCacheInterface', 'interface', 'includes/cache.inc', '', 0),
('DrupalDatabaseCache', 'class', 'includes/cache.inc', '', 0),
('DrupalDefaultEntityController', 'class', 'includes/entity.inc', '', 0),
('DrupalEntityControllerInterface', 'interface', 'includes/entity.inc', '', 0),
('DrupalFakeCache', 'class', 'includes/cache-install.inc', '', 0),
('DrupalLocalStreamWrapper', 'class', 'includes/stream_wrappers.inc', '', 0),
('DrupalPrivateStreamWrapper', 'class', 'includes/stream_wrappers.inc', '', 0),
('DrupalPublicStreamWrapper', 'class', 'includes/stream_wrappers.inc', '', 0),
('DrupalQueue', 'class', 'modules/system/system.queue.inc', 'system', 0),
('DrupalQueueInterface', 'interface', 'modules/system/system.queue.inc', 'system', 0),
('DrupalReliableQueueInterface', 'interface', 'modules/system/system.queue.inc', 'system', 0),
('DrupalStreamWrapperInterface', 'interface', 'includes/stream_wrappers.inc', '', 0),
('DrupalTemporaryStreamWrapper', 'class', 'includes/stream_wrappers.inc', '', 0),
('DrupalUpdateException', 'class', 'includes/update.inc', '', 0),
('DrupalUpdaterInterface', 'interface', 'includes/updater.inc', '', 0),
('EnableDisableTestCase', 'class', 'modules/system/system.test', 'system', 0),
('EntityFieldQuery', 'class', 'includes/entity.inc', '', 0),
('EntityFieldQueryException', 'class', 'includes/entity.inc', '', 0),
('EntityMalformedException', 'class', 'includes/entity.inc', '', 0),
('EntityPropertiesTestCase', 'class', 'modules/field/tests/field.test', 'field', 0),
('FieldAttachOtherTestCase', 'class', 'modules/field/tests/field.test', 'field', 0),
('FieldAttachStorageTestCase', 'class', 'modules/field/tests/field.test', 'field', 0),
('FieldAttachTestCase', 'class', 'modules/field/tests/field.test', 'field', 0),
('FieldBulkDeleteTestCase', 'class', 'modules/field/tests/field.test', 'field', 0),
('FieldCrudTestCase', 'class', 'modules/field/tests/field.test', 'field', 0),
('FieldDisplayAPITestCase', 'class', 'modules/field/tests/field.test', 'field', 0),
('FieldException', 'class', 'modules/field/field.module', 'field', 0),
('FieldFormTestCase', 'class', 'modules/field/tests/field.test', 'field', 0),
('FieldInfo', 'class', 'modules/field/field.info.class.inc', 'field', 0),
('FieldInfoTestCase', 'class', 'modules/field/tests/field.test', 'field', 0),
('FieldInstanceCrudTestCase', 'class', 'modules/field/tests/field.test', 'field', 0),
('FieldsOverlapException', 'class', 'includes/database/database.inc', '', 0),
('FieldSqlStorageTestCase', 'class', 'modules/field/modules/field_sql_storage/field_sql_storage.test', 'field_sql_storage', 0),
('FieldTestCase', 'class', 'modules/field/tests/field.test', 'field', 0),
('FieldTranslationsTestCase', 'class', 'modules/field/tests/field.test', 'field', 0),
('FieldUIAlterTestCase', 'class', 'modules/field_ui/field_ui.test', 'field_ui', 0),
('FieldUIManageDisplayTestCase', 'class', 'modules/field_ui/field_ui.test', 'field_ui', 0),
('FieldUIManageFieldsTestCase', 'class', 'modules/field_ui/field_ui.test', 'field_ui', 0),
('FieldUITestCase', 'class', 'modules/field_ui/field_ui.test', 'field_ui', 0),
('FieldUpdateForbiddenException', 'class', 'modules/field/field.module', 'field', 0),
('FieldValidationException', 'class', 'modules/field/field.attach.inc', 'field', 0),
('FileFieldDisplayTestCase', 'class', 'modules/file/tests/file.test', 'file', 0),
('FileFieldPathTestCase', 'class', 'modules/file/tests/file.test', 'file', 0),
('FileFieldRevisionTestCase', 'class', 'modules/file/tests/file.test', 'file', 0),
('FileFieldTestCase', 'class', 'modules/file/tests/file.test', 'file', 0),
('FileFieldValidateTestCase', 'class', 'modules/file/tests/file.test', 'file', 0),
('FileFieldWidgetTestCase', 'class', 'modules/file/tests/file.test', 'file', 0),
('FileManagedFileElementTestCase', 'class', 'modules/file/tests/file.test', 'file', 0),
('FilePrivateTestCase', 'class', 'modules/file/tests/file.test', 'file', 0),
('FileTokenReplaceTestCase', 'class', 'modules/file/tests/file.test', 'file', 0),
('FileTransfer', 'class', 'includes/filetransfer/filetransfer.inc', '', 0),
('FileTransferChmodInterface', 'interface', 'includes/filetransfer/filetransfer.inc', '', 0),
('FileTransferException', 'class', 'includes/filetransfer/filetransfer.inc', '', 0),
('FileTransferFTP', 'class', 'includes/filetransfer/ftp.inc', '', 0),
('FileTransferFTPExtension', 'class', 'includes/filetransfer/ftp.inc', '', 0),
('FileTransferLocal', 'class', 'includes/filetransfer/local.inc', '', 0),
('FileTransferSSH', 'class', 'includes/filetransfer/ssh.inc', '', 0),
('FilterAdminTestCase', 'class', 'modules/filter/filter.test', 'filter', 0),
('FilterCRUDTestCase', 'class', 'modules/filter/filter.test', 'filter', 0),
('FilterDefaultFormatTestCase', 'class', 'modules/filter/filter.test', 'filter', 0),
('FilterFormatAccessTestCase', 'class', 'modules/filter/filter.test', 'filter', 0),
('FilterHooksTestCase', 'class', 'modules/filter/filter.test', 'filter', 0),
('FilterNoFormatTestCase', 'class', 'modules/filter/filter.test', 'filter', 0),
('FilterSecurityTestCase', 'class', 'modules/filter/filter.test', 'filter', 0),
('FilterSettingsTestCase', 'class', 'modules/filter/filter.test', 'filter', 0),
('FilterUnitTestCase', 'class', 'modules/filter/filter.test', 'filter', 0),
('FloodFunctionalTest', 'class', 'modules/system/system.test', 'system', 0),
('FrontPageTestCase', 'class', 'modules/system/system.test', 'system', 0),
('HelpTestCase', 'class', 'modules/help/help.test', 'help', 0),
('HookRequirementsTestCase', 'class', 'modules/system/system.test', 'system', 0),
('ImageAdminStylesUnitTest', 'class', 'modules/image/image.test', 'image', 0),
('ImageDimensionsScaleTestCase', 'class', 'modules/image/image.test', 'image', 0),
('ImageDimensionsTestCase', 'class', 'modules/image/image.test', 'image', 0),
('ImageEffectsUnitTest', 'class', 'modules/image/image.test', 'image', 0),
('ImageFieldDefaultImagesTestCase', 'class', 'modules/image/image.test', 'image', 0),
('ImageFieldDisplayTestCase', 'class', 'modules/image/image.test', 'image', 0),
('ImageFieldTestCase', 'class', 'modules/image/image.test', 'image', 0),
('ImageFieldValidateTestCase', 'class', 'modules/image/image.test', 'image', 0),
('ImageStyleFlushTest', 'class', 'modules/image/image.test', 'image', 0),
('ImageStylesPathAndUrlTestCase', 'class', 'modules/image/image.test', 'image', 0),
('ImageThemeFunctionWebTestCase', 'class', 'modules/image/image.test', 'image', 0),
('InfoFileParserTestCase', 'class', 'modules/system/system.test', 'system', 0),
('InsertQuery', 'class', 'includes/database/query.inc', '', 0),
('InsertQuery_mysql', 'class', 'includes/database/mysql/query.inc', '', 0),
('InsertQuery_pgsql', 'class', 'includes/database/pgsql/query.inc', '', 0),
('InsertQuery_sqlite', 'class', 'includes/database/sqlite/query.inc', '', 0),
('InvalidMergeQueryException', 'class', 'includes/database/database.inc', '', 0),
('IPAddressBlockingTestCase', 'class', 'modules/system/system.test', 'system', 0),
('ListDynamicValuesTestCase', 'class', 'modules/field/modules/list/tests/list.test', 'list', 0),
('ListDynamicValuesValidationTestCase', 'class', 'modules/field/modules/list/tests/list.test', 'list', 0),
('ListFieldTestCase', 'class', 'modules/field/modules/list/tests/list.test', 'list', 0),
('ListFieldUITestCase', 'class', 'modules/field/modules/list/tests/list.test', 'list', 0),
('MailSystemInterface', 'interface', 'includes/mail.inc', '', 0),
('MemoryQueue', 'class', 'modules/system/system.queue.inc', 'system', 0),
('MenuAttributesNodeTestCase', 'class', 'sites/all/modules/menu_attributes/menu_attributes.test', 'menu_attributes', 0),
('MenuAttributesTestCase', 'class', 'sites/all/modules/menu_attributes/menu_attributes.test', 'menu_attributes', 0),
('MenuAttributesTestHelper', 'class', 'sites/all/modules/menu_attributes/menu_attributes.test', 'menu_attributes', 0),
('MenuNodeTestCase', 'class', 'modules/menu/menu.test', 'menu', 0),
('MenuTestCase', 'class', 'modules/menu/menu.test', 'menu', 0),
('MergeQuery', 'class', 'includes/database/query.inc', '', 0),
('ModuleDependencyTestCase', 'class', 'modules/system/system.test', 'system', 0),
('ModuleRequiredTestCase', 'class', 'modules/system/system.test', 'system', 0),
('ModuleTestCase', 'class', 'modules/system/system.test', 'system', 0),
('ModuleUpdater', 'class', 'modules/system/system.updater.inc', 'system', 0),
('ModuleVersionTestCase', 'class', 'modules/system/system.test', 'system', 0),
('MultiStepNodeFormBasicOptionsTest', 'class', 'modules/node/node.test', 'node', 0),
('NewDefaultThemeBlocks', 'class', 'modules/block/block.test', 'block', 0),
('NodeAccessBaseTableTestCase', 'class', 'modules/node/node.test', 'node', 0),
('NodeAccessFieldTestCase', 'class', 'modules/node/node.test', 'node', 0),
('NodeAccessPagerTestCase', 'class', 'modules/node/node.test', 'node', 0),
('NodeAccessRebuildTestCase', 'class', 'modules/node/node.test', 'node', 0),
('NodeAccessRecordsTestCase', 'class', 'modules/node/node.test', 'node', 0),
('NodeAccessTestCase', 'class', 'modules/node/node.test', 'node', 0),
('NodeAdminTestCase', 'class', 'modules/node/node.test', 'node', 0),
('NodeBlockFunctionalTest', 'class', 'modules/node/node.test', 'node', 0),
('NodeBlockTestCase', 'class', 'modules/node/node.test', 'node', 0),
('NodeBuildContent', 'class', 'modules/node/node.test', 'node', 0),
('NodeController', 'class', 'modules/node/node.module', 'node', 0),
('NodeCreationTestCase', 'class', 'modules/node/node.test', 'node', 0),
('NodeEntityFieldQueryAlter', 'class', 'modules/node/node.test', 'node', 0),
('NodeEntityViewModeAlterTest', 'class', 'modules/node/node.test', 'node', 0),
('NodeFeedTestCase', 'class', 'modules/node/node.test', 'node', 0),
('NodeLoadHooksTestCase', 'class', 'modules/node/node.test', 'node', 0),
('NodeLoadMultipleTestCase', 'class', 'modules/node/node.test', 'node', 0),
('NodePageCacheTest', 'class', 'modules/node/node.test', 'node', 0),
('NodePostSettingsTestCase', 'class', 'modules/node/node.test', 'node', 0),
('NodeQueryAlter', 'class', 'modules/node/node.test', 'node', 0),
('NodeRevisionPermissionsTestCase', 'class', 'modules/node/node.test', 'node', 0),
('NodeRevisionsTestCase', 'class', 'modules/node/node.test', 'node', 0),
('NodeRSSContentTestCase', 'class', 'modules/node/node.test', 'node', 0),
('NodeSaveTestCase', 'class', 'modules/node/node.test', 'node', 0),
('NodeTitleTestCase', 'class', 'modules/node/node.test', 'node', 0),
('NodeTitleXSSTestCase', 'class', 'modules/node/node.test', 'node', 0),
('NodeTokenReplaceTestCase', 'class', 'modules/node/node.test', 'node', 0),
('NodeTypePersistenceTestCase', 'class', 'modules/node/node.test', 'node', 0),
('NodeTypeTestCase', 'class', 'modules/node/node.test', 'node', 0),
('NodeWebTestCase', 'class', 'modules/node/node.test', 'node', 0),
('NoFieldsException', 'class', 'includes/database/database.inc', '', 0),
('NoHelpTestCase', 'class', 'modules/help/help.test', 'help', 0),
('NonDefaultBlockAdmin', 'class', 'modules/block/block.test', 'block', 0),
('NumberFieldTestCase', 'class', 'modules/field/modules/number/number.test', 'number', 0),
('OptionsSelectDynamicValuesTestCase', 'class', 'modules/field/modules/options/options.test', 'options', 0),
('OptionsWidgetsTestCase', 'class', 'modules/field/modules/options/options.test', 'options', 0),
('PageEditTestCase', 'class', 'modules/node/node.test', 'node', 0),
('PageNotFoundTestCase', 'class', 'modules/system/system.test', 'system', 0),
('PagePreviewTestCase', 'class', 'modules/node/node.test', 'node', 0),
('PagerDefault', 'class', 'includes/pager.inc', '', 0),
('PageTitleFiltering', 'class', 'modules/system/system.test', 'system', 0),
('PageViewTestCase', 'class', 'modules/node/node.test', 'node', 0),
('PathautoBulkUpdateTestCase', 'class', 'sites/all/modules/pathauto/pathauto.test', 'pathauto', 0),
('PathautoFunctionalTestCase', 'class', 'sites/all/modules/pathauto/pathauto.test', 'pathauto', 0),
('PathautoFunctionalTestHelper', 'class', 'sites/all/modules/pathauto/pathauto.test', 'pathauto', 0),
('PathautoLocaleTestCase', 'class', 'sites/all/modules/pathauto/pathauto.test', 'pathauto', 0),
('PathautoTestHelper', 'class', 'sites/all/modules/pathauto/pathauto.test', 'pathauto', 0),
('PathautoTokenTestCase', 'class', 'sites/all/modules/pathauto/pathauto.test', 'pathauto', 0),
('PathautoUnitTestCase', 'class', 'sites/all/modules/pathauto/pathauto.test', 'pathauto', 0),
('PathLanguageTestCase', 'class', 'modules/path/path.test', 'path', 0),
('PathLanguageUITestCase', 'class', 'modules/path/path.test', 'path', 0),
('PathMonolingualTestCase', 'class', 'modules/path/path.test', 'path', 0),
('PathTaxonomyTermTestCase', 'class', 'modules/path/path.test', 'path', 0),
('PathTestCase', 'class', 'modules/path/path.test', 'path', 0),
('Query', 'class', 'includes/database/query.inc', '', 0),
('QueryAlterableInterface', 'interface', 'includes/database/query.inc', '', 0),
('QueryConditionInterface', 'interface', 'includes/database/query.inc', '', 0),
('QueryExtendableInterface', 'interface', 'includes/database/select.inc', '', 0),
('QueryPlaceholderInterface', 'interface', 'includes/database/query.inc', '', 0),
('QueueTestCase', 'class', 'modules/system/system.test', 'system', 0),
('RdfCommentAttributesTestCase', 'class', 'modules/rdf/rdf.test', 'rdf', 0),
('RdfCrudTestCase', 'class', 'modules/rdf/rdf.test', 'rdf', 0),
('RdfGetRdfNamespacesTestCase', 'class', 'modules/rdf/rdf.test', 'rdf', 0),
('RdfMappingDefinitionTestCase', 'class', 'modules/rdf/rdf.test', 'rdf', 0),
('RdfMappingHookTestCase', 'class', 'modules/rdf/rdf.test', 'rdf', 0),
('RdfRdfaMarkupTestCase', 'class', 'modules/rdf/rdf.test', 'rdf', 0),
('RdfTrackerAttributesTestCase', 'class', 'modules/rdf/rdf.test', 'rdf', 0),
('RetrieveFileTestCase', 'class', 'modules/system/system.test', 'system', 0),
('SchemaCache', 'class', 'includes/bootstrap.inc', '', 0),
('SearchAdvancedSearchForm', 'class', 'modules/search/search.test', 'search', 0),
('SearchBlockTestCase', 'class', 'modules/search/search.test', 'search', 0),
('SearchCommentCountToggleTestCase', 'class', 'modules/search/search.test', 'search', 0),
('SearchCommentTestCase', 'class', 'modules/search/search.test', 'search', 0),
('SearchConfigSettingsForm', 'class', 'modules/search/search.test', 'search', 0),
('SearchEmbedForm', 'class', 'modules/search/search.test', 'search', 0),
('SearchExactTestCase', 'class', 'modules/search/search.test', 'search', 0),
('SearchExcerptTestCase', 'class', 'modules/search/search.test', 'search', 0),
('SearchExpressionInsertExtractTestCase', 'class', 'modules/search/search.test', 'search', 0),
('SearchKeywordsConditions', 'class', 'modules/search/search.test', 'search', 0),
('SearchLanguageTestCase', 'class', 'modules/search/search.test', 'search', 0),
('SearchMatchTestCase', 'class', 'modules/search/search.test', 'search', 0),
('SearchNodeAccessTest', 'class', 'modules/search/search.test', 'search', 0),
('SearchNumberMatchingTestCase', 'class', 'modules/search/search.test', 'search', 0),
('SearchNumbersTestCase', 'class', 'modules/search/search.test', 'search', 0),
('SearchPageOverride', 'class', 'modules/search/search.test', 'search', 0),
('SearchPageText', 'class', 'modules/search/search.test', 'search', 0),
('SearchQuery', 'class', 'modules/search/search.extender.inc', 'search', 0),
('SearchRankingTestCase', 'class', 'modules/search/search.test', 'search', 0),
('SearchSetLocaleTest', 'class', 'modules/search/search.test', 'search', 0),
('SearchSimplifyTestCase', 'class', 'modules/search/search.test', 'search', 0),
('SearchTokenizerTestCase', 'class', 'modules/search/search.test', 'search', 0),
('SelectQuery', 'class', 'includes/database/select.inc', '', 0),
('SelectQueryExtender', 'class', 'includes/database/select.inc', '', 0),
('SelectQueryInterface', 'interface', 'includes/database/select.inc', '', 0),
('SelectQuery_pgsql', 'class', 'includes/database/pgsql/select.inc', '', 0),
('SelectQuery_sqlite', 'class', 'includes/database/sqlite/select.inc', '', 0),
('ShortcutLinksTestCase', 'class', 'modules/shortcut/shortcut.test', 'shortcut', 0),
('ShortcutSetsTestCase', 'class', 'modules/shortcut/shortcut.test', 'shortcut', 0),
('ShortcutTestCase', 'class', 'modules/shortcut/shortcut.test', 'shortcut', 0),
('ShutdownFunctionsTest', 'class', 'modules/system/system.test', 'system', 0),
('SiteMaintenanceTestCase', 'class', 'modules/system/system.test', 'system', 0),
('SkipDotsRecursiveDirectoryIterator', 'class', 'includes/filetransfer/filetransfer.inc', '', 0),
('StreamWrapperInterface', 'interface', 'includes/stream_wrappers.inc', '', 0),
('SummaryLengthTestCase', 'class', 'modules/node/node.test', 'node', 0),
('SystemAdminTestCase', 'class', 'modules/system/system.test', 'system', 0),
('SystemAuthorizeCase', 'class', 'modules/system/system.test', 'system', 0),
('SystemBlockTestCase', 'class', 'modules/system/system.test', 'system', 0),
('SystemIndexPhpTest', 'class', 'modules/system/system.test', 'system', 0),
('SystemInfoAlterTestCase', 'class', 'modules/system/system.test', 'system', 0),
('SystemMainContentFallback', 'class', 'modules/system/system.test', 'system', 0),
('SystemQueue', 'class', 'modules/system/system.queue.inc', 'system', 0),
('SystemThemeFunctionalTest', 'class', 'modules/system/system.test', 'system', 0),
('SystemValidTokenTest', 'class', 'modules/system/system.test', 'system', 0),
('TableSort', 'class', 'includes/tablesort.inc', '', 0),
('TaxonomyEFQTestCase', 'class', 'modules/taxonomy/taxonomy.test', 'taxonomy', 0),
('TaxonomyHooksTestCase', 'class', 'modules/taxonomy/taxonomy.test', 'taxonomy', 0),
('TaxonomyLegacyTestCase', 'class', 'modules/taxonomy/taxonomy.test', 'taxonomy', 0),
('TaxonomyLoadMultipleTestCase', 'class', 'modules/taxonomy/taxonomy.test', 'taxonomy', 0),
('TaxonomyRSSTestCase', 'class', 'modules/taxonomy/taxonomy.test', 'taxonomy', 0),
('TaxonomyTermController', 'class', 'modules/taxonomy/taxonomy.module', 'taxonomy', 0),
('TaxonomyTermFieldMultipleVocabularyTestCase', 'class', 'modules/taxonomy/taxonomy.test', 'taxonomy', 0),
('TaxonomyTermFieldTestCase', 'class', 'modules/taxonomy/taxonomy.test', 'taxonomy', 0),
('TaxonomyTermFunctionTestCase', 'class', 'modules/taxonomy/taxonomy.test', 'taxonomy', 0),
('TaxonomyTermIndexTestCase', 'class', 'modules/taxonomy/taxonomy.test', 'taxonomy', 0),
('TaxonomyTermTestCase', 'class', 'modules/taxonomy/taxonomy.test', 'taxonomy', 0),
('TaxonomyThemeTestCase', 'class', 'modules/taxonomy/taxonomy.test', 'taxonomy', 0),
('TaxonomyTokenReplaceTestCase', 'class', 'modules/taxonomy/taxonomy.test', 'taxonomy', 0),
('TaxonomyVocabularyController', 'class', 'modules/taxonomy/taxonomy.module', 'taxonomy', 0),
('TaxonomyVocabularyFunctionalTest', 'class', 'modules/taxonomy/taxonomy.test', 'taxonomy', 0),
('TaxonomyVocabularyTestCase', 'class', 'modules/taxonomy/taxonomy.test', 'taxonomy', 0),
('TaxonomyWebTestCase', 'class', 'modules/taxonomy/taxonomy.test', 'taxonomy', 0),
('TestingMailSystem', 'class', 'modules/system/system.mail.inc', 'system', 0),
('TextFieldTestCase', 'class', 'modules/field/modules/text/text.test', 'text', 0),
('TextSummaryTestCase', 'class', 'modules/field/modules/text/text.test', 'text', 0),
('TextTranslationTestCase', 'class', 'modules/field/modules/text/text.test', 'text', 0),
('ThemeRegistry', 'class', 'includes/theme.inc', '', 0),
('ThemeUpdater', 'class', 'modules/system/system.updater.inc', 'system', 0),
('TokenArrayTestCase', 'class', 'sites/all/modules/token/token.test', 'token', 0),
('TokenBlockTestCase', 'class', 'sites/all/modules/token/token.test', 'token', 0),
('TokenCommentTestCase', 'class', 'sites/all/modules/token/token.test', 'token', 0),
('TokenCurrentPageTestCase', 'class', 'sites/all/modules/token/token.test', 'token', 0),
('TokenDateTestCase', 'class', 'sites/all/modules/token/token.test', 'token', 0),
('TokenEntityTestCase', 'class', 'sites/all/modules/token/token.test', 'token', 0),
('TokenFileTestCase', 'class', 'sites/all/modules/token/token.test', 'token', 0),
('TokenMenuTestCase', 'class', 'sites/all/modules/token/token.test', 'token', 0),
('TokenNodeTestCase', 'class', 'sites/all/modules/token/token.test', 'token', 0),
('TokenProfileTestCase', 'class', 'sites/all/modules/token/token.test', 'token', 0),
('TokenRandomTestCase', 'class', 'sites/all/modules/token/token.test', 'token', 0),
('TokenReplaceTestCase', 'class', 'modules/system/system.test', 'system', 0),
('TokenScanTest', 'class', 'modules/system/system.test', 'system', 0),
('TokenTaxonomyTestCase', 'class', 'sites/all/modules/token/token.test', 'token', 0),
('TokenTestHelper', 'class', 'sites/all/modules/token/token.test', 'token', 0),
('TokenUnitTestCase', 'class', 'sites/all/modules/token/token.test', 'token', 0),
('TokenURLTestCase', 'class', 'sites/all/modules/token/token.test', 'token', 0),
('TokenUserTestCase', 'class', 'sites/all/modules/token/token.test', 'token', 0),
('TruncateQuery', 'class', 'includes/database/query.inc', '', 0),
('TruncateQuery_mysql', 'class', 'includes/database/mysql/query.inc', '', 0),
('TruncateQuery_sqlite', 'class', 'includes/database/sqlite/query.inc', '', 0),
('UpdateQuery', 'class', 'includes/database/query.inc', '', 0),
('UpdateQuery_pgsql', 'class', 'includes/database/pgsql/query.inc', '', 0),
('UpdateQuery_sqlite', 'class', 'includes/database/sqlite/query.inc', '', 0),
('Updater', 'class', 'includes/updater.inc', '', 0),
('UpdaterException', 'class', 'includes/updater.inc', '', 0),
('UpdaterFileTransferException', 'class', 'includes/updater.inc', '', 0),
('UpdateScriptFunctionalTest', 'class', 'modules/system/system.test', 'system', 0),
('UserAccountLinksUnitTests', 'class', 'modules/user/user.test', 'user', 0),
('UserAdminTestCase', 'class', 'modules/user/user.test', 'user', 0),
('UserAuthmapAssignmentTestCase', 'class', 'modules/user/user.test', 'user', 0),
('UserAutocompleteTestCase', 'class', 'modules/user/user.test', 'user', 0),
('UserBlocksUnitTests', 'class', 'modules/user/user.test', 'user', 0),
('UserCancelTestCase', 'class', 'modules/user/user.test', 'user', 0),
('UserController', 'class', 'modules/user/user.module', 'user', 0),
('UserCreateTestCase', 'class', 'modules/user/user.test', 'user', 0),
('UserEditedOwnAccountTestCase', 'class', 'modules/user/user.test', 'user', 0),
('UserEditTestCase', 'class', 'modules/user/user.test', 'user', 0),
('UserLoginTestCase', 'class', 'modules/user/user.test', 'user', 0),
('UserPasswordResetTestCase', 'class', 'modules/user/user.test', 'user', 0),
('UserPermissionsTestCase', 'class', 'modules/user/user.test', 'user', 0),
('UserPictureTestCase', 'class', 'modules/user/user.test', 'user', 0),
('UserRegistrationTestCase', 'class', 'modules/user/user.test', 'user', 0),
('UserRoleAdminTestCase', 'class', 'modules/user/user.test', 'user', 0),
('UserRolesAssignmentTestCase', 'class', 'modules/user/user.test', 'user', 0),
('UserSaveTestCase', 'class', 'modules/user/user.test', 'user', 0),
('UserSignatureTestCase', 'class', 'modules/user/user.test', 'user', 0),
('UserTimeZoneFunctionalTest', 'class', 'modules/user/user.test', 'user', 0),
('UserTokenReplaceTestCase', 'class', 'modules/user/user.test', 'user', 0),
('UserUserSearchTestCase', 'class', 'modules/user/user.test', 'user', 0),
('UserValidateCurrentPassCustomForm', 'class', 'modules/user/user.test', 'user', 0),
('UserValidationTestCase', 'class', 'modules/user/user.test', 'user', 0),
('view', 'class', 'sites/all/modules/views/includes/view.inc', 'views', 0),
('ViewsAccessTest', 'class', 'sites/all/modules/views/tests/views_access.test', 'views', 0),
('ViewsAnalyzeTest', 'class', 'sites/all/modules/views/tests/views_analyze.test', 'views', 0),
('ViewsArgumentDefaultTest', 'class', 'sites/all/modules/views/tests/views_argument_default.test', 'views', 0),
('ViewsArgumentValidatorTest', 'class', 'sites/all/modules/views/tests/views_argument_validator.test', 'views', 0),
('ViewsBasicTest', 'class', 'sites/all/modules/views/tests/views_basic.test', 'views', 0),
('ViewsCacheTest', 'class', 'sites/all/modules/views/tests/views_cache.test', 'views', 0),
('ViewsExposedFormTest', 'class', 'sites/all/modules/views/tests/views_exposed_form.test', 'views', 0),
('viewsFieldApiDataTest', 'class', 'sites/all/modules/views/tests/field/views_fieldapi.test', 'views', 0),
('ViewsFieldApiTestHelper', 'class', 'sites/all/modules/views/tests/field/views_fieldapi.test', 'views', 0),
('ViewsGlossaryTestCase', 'class', 'sites/all/modules/views/tests/views_glossary.test', 'views', 0),
('ViewsHandlerAreaTextTest', 'class', 'sites/all/modules/views/tests/handlers/views_handler_area_text.test', 'views', 0),
('viewsHandlerArgumentCommentUserUidTest', 'class', 'sites/all/modules/views/tests/comment/views_handler_argument_comment_user_uid.test', 'views', 0),
('ViewsHandlerArgumentNullTest', 'class', 'sites/all/modules/views/tests/handlers/views_handler_argument_null.test', 'views', 0),
('ViewsHandlerArgumentStringTest', 'class', 'sites/all/modules/views/tests/handlers/views_handler_argument_string.test', 'views', 0),
('ViewsHandlerFieldBooleanTest', 'class', 'sites/all/modules/views/tests/handlers/views_handler_field_boolean.test', 'views', 0),
('ViewsHandlerFieldCustomTest', 'class', 'sites/all/modules/views/tests/handlers/views_handler_field_custom.test', 'views', 0),
('ViewsHandlerFieldDateTest', 'class', 'sites/all/modules/views/tests/handlers/views_handler_field_date.test', 'views', 0),
('viewsHandlerFieldFieldTest', 'class', 'sites/all/modules/views/tests/field/views_fieldapi.test', 'views', 0),
('ViewsHandlerFieldMath', 'class', 'sites/all/modules/views/tests/handlers/views_handler_field_math.test', 'views', 0),
('ViewsHandlerFieldTest', 'class', 'sites/all/modules/views/tests/handlers/views_handler_field.test', 'views', 0),
('ViewsHandlerFieldUrlTest', 'class', 'sites/all/modules/views/tests/handlers/views_handler_field_url.test', 'views', 0),
('viewsHandlerFieldUserNameTest', 'class', 'sites/all/modules/views/tests/user/views_handler_field_user_name.test', 'views', 0),
('ViewsHandlerFilterCombineTest', 'class', 'sites/all/modules/views/tests/handlers/views_handler_filter_combine.test', 'views', 0),
('viewsHandlerFilterCommentUserUidTest', 'class', 'sites/all/modules/views/tests/comment/views_handler_filter_comment_user_uid.test', 'views', 0),
('ViewsHandlerFilterCounterTest', 'class', 'sites/all/modules/views/tests/handlers/views_handler_field_counter.test', 'views', 0),
('ViewsHandlerFilterDateTest', 'class', 'sites/all/modules/views/tests/handlers/views_handler_filter_date.test', 'views', 0),
('ViewsHandlerFilterEqualityTest', 'class', 'sites/all/modules/views/tests/handlers/views_handler_filter_equality.test', 'views', 0),
('ViewsHandlerFilterInOperator', 'class', 'sites/all/modules/views/tests/handlers/views_handler_filter_in_operator.test', 'views', 0),
('ViewsHandlerFilterNumericTest', 'class', 'sites/all/modules/views/tests/handlers/views_handler_filter_numeric.test', 'views', 0),
('ViewsHandlerFilterStringTest', 'class', 'sites/all/modules/views/tests/handlers/views_handler_filter_string.test', 'views', 0),
('ViewsHandlerRelationshipNodeTermDataTest', 'class', 'sites/all/modules/views/tests/taxonomy/views_handler_relationship_node_term_data.test', 'views', 0),
('ViewsHandlerSortDateTest', 'class', 'sites/all/modules/views/tests/handlers/views_handler_sort_date.test', 'views', 0),
('ViewsHandlerSortRandomTest', 'class', 'sites/all/modules/views/tests/handlers/views_handler_sort_random.test', 'views', 0),
('ViewsHandlerSortTest', 'class', 'sites/all/modules/views/tests/handlers/views_handler_sort.test', 'views', 0),
('ViewsHandlersTest', 'class', 'sites/all/modules/views/tests/views_handlers.test', 'views', 0),
('ViewsHandlerTestFileSize', 'class', 'sites/all/modules/views/tests/handlers/views_handler_field_file_size.test', 'views', 0),
('ViewsHandlerTestXss', 'class', 'sites/all/modules/views/tests/handlers/views_handler_field_xss.test', 'views', 0),
('ViewsModuleTest', 'class', 'sites/all/modules/views/tests/views_module.test', 'views', 0),
('ViewsNodeRevisionRelationsTestCase', 'class', 'sites/all/modules/views/tests/node/views_node_revision_relations.test', 'views', 0),
('ViewsPagerTest', 'class', 'sites/all/modules/views/tests/views_pager.test', 'views', 0),
('ViewsPluginDisplayTestCase', 'class', 'sites/all/modules/views/tests/plugins/views_plugin_display.test', 'views', 0),
('viewsPluginStyleJumpMenuTest', 'class', 'sites/all/modules/views/tests/styles/views_plugin_style_jump_menu.test', 'views', 0),
('ViewsPluginStyleMappingTest', 'class', 'sites/all/modules/views/tests/styles/views_plugin_style_mapping.test', 'views', 0),
('ViewsPluginStyleTestBase', 'class', 'sites/all/modules/views/tests/styles/views_plugin_style_base.test', 'views', 0),
('ViewsPluginStyleTestCase', 'class', 'sites/all/modules/views/tests/styles/views_plugin_style.test', 'views', 0),
('ViewsPluginStyleUnformattedTestCase', 'class', 'sites/all/modules/views/tests/styles/views_plugin_style_unformatted.test', 'views', 0),
('ViewsQueryGroupByTest', 'class', 'sites/all/modules/views/tests/views_groupby.test', 'views', 0),
('viewsSearchQuery', 'class', 'sites/all/modules/views/modules/search/views_handler_filter_search.inc', 'views', 0),
('ViewsSqlTest', 'class', 'sites/all/modules/views/tests/views_query.test', 'views', 0),
('ViewsTestCase', 'class', 'sites/all/modules/views/tests/views_query.test', 'views', 0),
('ViewsTranslatableTest', 'class', 'sites/all/modules/views/tests/views_translatable.test', 'views', 0),
('ViewsUiBaseViewsWizard', 'class', 'sites/all/modules/views/plugins/views_wizard/views_ui_base_views_wizard.class.php', 'views_ui', 0),
('ViewsUiCommentViewsWizard', 'class', 'sites/all/modules/views/plugins/views_wizard/views_ui_comment_views_wizard.class.php', 'views_ui', 0),
('ViewsUiFileManagedViewsWizard', 'class', 'sites/all/modules/views/plugins/views_wizard/views_ui_file_managed_views_wizard.class.php', 'views_ui', 0),
('viewsUiGroupbyTestCase', 'class', 'sites/all/modules/views/tests/views_groupby.test', 'views', 0),
('ViewsUiNodeRevisionViewsWizard', 'class', 'sites/all/modules/views/plugins/views_wizard/views_ui_node_revision_views_wizard.class.php', 'views_ui', 0),
('ViewsUiNodeViewsWizard', 'class', 'sites/all/modules/views/plugins/views_wizard/views_ui_node_views_wizard.class.php', 'views_ui', 0),
('ViewsUiTaxonomyTermViewsWizard', 'class', 'sites/all/modules/views/plugins/views_wizard/views_ui_taxonomy_term_views_wizard.class.php', 'views_ui', 0),
('ViewsUiUsersViewsWizard', 'class', 'sites/all/modules/views/plugins/views_wizard/views_ui_users_views_wizard.class.php', 'views_ui', 0),
('ViewsUIWizardBasicTestCase', 'class', 'sites/all/modules/views/tests/views_ui.test', 'views', 0),
('ViewsUIWizardDefaultViewsTestCase', 'class', 'sites/all/modules/views/tests/views_ui.test', 'views', 0),
('ViewsUIWizardHelper', 'class', 'sites/all/modules/views/tests/views_ui.test', 'views', 0),
('ViewsUIWizardItemsPerPageTestCase', 'class', 'sites/all/modules/views/tests/views_ui.test', 'views', 0),
('ViewsUIWizardJumpMenuTestCase', 'class', 'sites/all/modules/views/tests/views_ui.test', 'views', 0),
('ViewsUIWizardMenuTestCase', 'class', 'sites/all/modules/views/tests/views_ui.test', 'views', 0),
('ViewsUIWizardOverrideDisplaysTestCase', 'class', 'sites/all/modules/views/tests/views_ui.test', 'views', 0),
('ViewsUIWizardSortingTestCase', 'class', 'sites/all/modules/views/tests/views_ui.test', 'views', 0),
('ViewsUIWizardTaggedWithTestCase', 'class', 'sites/all/modules/views/tests/views_ui.test', 'views', 0),
('ViewsUpgradeTestCase', 'class', 'sites/all/modules/views/tests/views_upgrade.test', 'views', 0),
('ViewsUserArgumentDefault', 'class', 'sites/all/modules/views/tests/user/views_user_argument_default.test', 'views', 0),
('ViewsUserArgumentValidate', 'class', 'sites/all/modules/views/tests/user/views_user_argument_validate.test', 'views', 0),
('ViewsUserTestCase', 'class', 'sites/all/modules/views/tests/user/views_user.test', 'views', 0),
('ViewsViewTest', 'class', 'sites/all/modules/views/tests/views_view.test', 'views', 0),
('ViewsWizardException', 'class', 'sites/all/modules/views/plugins/views_wizard/views_ui_base_views_wizard.class.php', 'views_ui', 0),
('ViewsWizardInterface', 'interface', 'sites/all/modules/views/plugins/views_wizard/views_ui_base_views_wizard.class.php', 'views_ui', 0),
('views_db_object', 'class', 'sites/all/modules/views/includes/view.inc', 'views', 0),
('views_display', 'class', 'sites/all/modules/views/includes/view.inc', 'views', 0),
('views_handler', 'class', 'sites/all/modules/views/includes/handlers.inc', 'views', 0),
('views_handler_area', 'class', 'sites/all/modules/views/handlers/views_handler_area.inc', 'views', 0),
('views_handler_area_broken', 'class', 'sites/all/modules/views/handlers/views_handler_area.inc', 'views', 0),
('views_handler_area_result', 'class', 'sites/all/modules/views/handlers/views_handler_area_result.inc', 'views', 0),
('views_handler_area_text', 'class', 'sites/all/modules/views/handlers/views_handler_area_text.inc', 'views', 0),
('views_handler_area_text_custom', 'class', 'sites/all/modules/views/handlers/views_handler_area_text_custom.inc', 'views', 0),
('views_handler_area_view', 'class', 'sites/all/modules/views/handlers/views_handler_area_view.inc', 'views', 0),
('views_handler_argument', 'class', 'sites/all/modules/views/handlers/views_handler_argument.inc', 'views', 0),
('views_handler_argument_aggregator_category_cid', 'class', 'sites/all/modules/views/modules/aggregator/views_handler_argument_aggregator_category_cid.inc', 'views', 0),
('views_handler_argument_aggregator_fid', 'class', 'sites/all/modules/views/modules/aggregator/views_handler_argument_aggregator_fid.inc', 'views', 0),
('views_handler_argument_aggregator_iid', 'class', 'sites/all/modules/views/modules/aggregator/views_handler_argument_aggregator_iid.inc', 'views', 0),
('views_handler_argument_broken', 'class', 'sites/all/modules/views/handlers/views_handler_argument.inc', 'views', 0),
('views_handler_argument_comment_user_uid', 'class', 'sites/all/modules/views/modules/comment/views_handler_argument_comment_user_uid.inc', 'views', 0),
('views_handler_argument_date', 'class', 'sites/all/modules/views/handlers/views_handler_argument_date.inc', 'views', 0),
('views_handler_argument_field_list', 'class', 'sites/all/modules/views/modules/field/views_handler_argument_field_list.inc', 'views', 0),
('views_handler_argument_field_list_string', 'class', 'sites/all/modules/views/modules/field/views_handler_argument_field_list_string.inc', 'views', 0),
('views_handler_argument_file_fid', 'class', 'sites/all/modules/views/modules/system/views_handler_argument_file_fid.inc', 'views', 0),
('views_handler_argument_formula', 'class', 'sites/all/modules/views/handlers/views_handler_argument_formula.inc', 'views', 0),
('views_handler_argument_group_by_numeric', 'class', 'sites/all/modules/views/handlers/views_handler_argument_group_by_numeric.inc', 'views', 0),
('views_handler_argument_locale_group', 'class', 'sites/all/modules/views/modules/locale/views_handler_argument_locale_group.inc', 'views', 0),
('views_handler_argument_locale_language', 'class', 'sites/all/modules/views/modules/locale/views_handler_argument_locale_language.inc', 'views', 0),
('views_handler_argument_many_to_one', 'class', 'sites/all/modules/views/handlers/views_handler_argument_many_to_one.inc', 'views', 0),
('views_handler_argument_node_created_day', 'class', 'sites/all/modules/views/modules/node/views_handler_argument_dates_various.inc', 'views', 0),
('views_handler_argument_node_created_fulldate', 'class', 'sites/all/modules/views/modules/node/views_handler_argument_dates_various.inc', 'views', 0),
('views_handler_argument_node_created_month', 'class', 'sites/all/modules/views/modules/node/views_handler_argument_dates_various.inc', 'views', 0),
('views_handler_argument_node_created_week', 'class', 'sites/all/modules/views/modules/node/views_handler_argument_dates_various.inc', 'views', 0),
('views_handler_argument_node_created_year', 'class', 'sites/all/modules/views/modules/node/views_handler_argument_dates_various.inc', 'views', 0),
('views_handler_argument_node_created_year_month', 'class', 'sites/all/modules/views/modules/node/views_handler_argument_dates_various.inc', 'views', 0),
('views_handler_argument_node_language', 'class', 'sites/all/modules/views/modules/node/views_handler_argument_node_language.inc', 'views', 0),
('views_handler_argument_node_nid', 'class', 'sites/all/modules/views/modules/node/views_handler_argument_node_nid.inc', 'views', 0),
('views_handler_argument_node_tnid', 'class', 'sites/all/modules/views/modules/translation/views_handler_argument_node_tnid.inc', 'views', 0),
('views_handler_argument_node_type', 'class', 'sites/all/modules/views/modules/node/views_handler_argument_node_type.inc', 'views', 0),
('views_handler_argument_node_uid_revision', 'class', 'sites/all/modules/views/modules/node/views_handler_argument_node_uid_revision.inc', 'views', 0),
('views_handler_argument_node_vid', 'class', 'sites/all/modules/views/modules/node/views_handler_argument_node_vid.inc', 'views', 0),
('views_handler_argument_null', 'class', 'sites/all/modules/views/handlers/views_handler_argument_null.inc', 'views', 0),
('views_handler_argument_numeric', 'class', 'sites/all/modules/views/handlers/views_handler_argument_numeric.inc', 'views', 0),
('views_handler_argument_search', 'class', 'sites/all/modules/views/modules/search/views_handler_argument_search.inc', 'views', 0),
('views_handler_argument_string', 'class', 'sites/all/modules/views/handlers/views_handler_argument_string.inc', 'views', 0),
('views_handler_argument_taxonomy', 'class', 'sites/all/modules/views/modules/taxonomy/views_handler_argument_taxonomy.inc', 'views', 0),
('views_handler_argument_term_node_tid', 'class', 'sites/all/modules/views/modules/taxonomy/views_handler_argument_term_node_tid.inc', 'views', 0),
('views_handler_argument_term_node_tid_depth', 'class', 'sites/all/modules/views/modules/taxonomy/views_handler_argument_term_node_tid_depth.inc', 'views', 0),
('views_handler_argument_term_node_tid_depth_modifier', 'class', 'sites/all/modules/views/modules/taxonomy/views_handler_argument_term_node_tid_depth_modifier.inc', 'views', 0),
('views_handler_argument_tracker_comment_user_uid', 'class', 'sites/all/modules/views/modules/tracker/views_handler_argument_tracker_comment_user_uid.inc', 'views', 0),
('views_handler_argument_users_roles_rid', 'class', 'sites/all/modules/views/modules/user/views_handler_argument_users_roles_rid.inc', 'views', 0),
('views_handler_argument_user_uid', 'class', 'sites/all/modules/views/modules/user/views_handler_argument_user_uid.inc', 'views', 0),
('views_handler_argument_vocabulary_machine_name', 'class', 'sites/all/modules/views/modules/taxonomy/views_handler_argument_vocabulary_machine_name.inc', 'views', 0),
('views_handler_argument_vocabulary_vid', 'class', 'sites/all/modules/views/modules/taxonomy/views_handler_argument_vocabulary_vid.inc', 'views', 0);
INSERT INTO `drupal_registry` (`name`, `type`, `filename`, `module`, `weight`) VALUES
('views_handler_field', 'class', 'sites/all/modules/views/handlers/views_handler_field.inc', 'views', 0),
('views_handler_field_accesslog_path', 'class', 'sites/all/modules/views/modules/statistics/views_handler_field_accesslog_path.inc', 'views', 0),
('views_handler_field_aggregator_category', 'class', 'sites/all/modules/views/modules/aggregator/views_handler_field_aggregator_category.inc', 'views', 0),
('views_handler_field_aggregator_title_link', 'class', 'sites/all/modules/views/modules/aggregator/views_handler_field_aggregator_title_link.inc', 'views', 0),
('views_handler_field_aggregator_xss', 'class', 'sites/all/modules/views/modules/aggregator/views_handler_field_aggregator_xss.inc', 'views', 0),
('views_handler_field_boolean', 'class', 'sites/all/modules/views/handlers/views_handler_field_boolean.inc', 'views', 0),
('views_handler_field_broken', 'class', 'sites/all/modules/views/handlers/views_handler_field.inc', 'views', 0),
('views_handler_field_comment', 'class', 'sites/all/modules/views/modules/comment/views_handler_field_comment.inc', 'views', 0),
('views_handler_field_comment_depth', 'class', 'sites/all/modules/views/modules/comment/views_handler_field_comment_depth.inc', 'views', 0),
('views_handler_field_comment_link', 'class', 'sites/all/modules/views/modules/comment/views_handler_field_comment_link.inc', 'views', 0),
('views_handler_field_comment_link_approve', 'class', 'sites/all/modules/views/modules/comment/views_handler_field_comment_link_approve.inc', 'views', 0),
('views_handler_field_comment_link_delete', 'class', 'sites/all/modules/views/modules/comment/views_handler_field_comment_link_delete.inc', 'views', 0),
('views_handler_field_comment_link_edit', 'class', 'sites/all/modules/views/modules/comment/views_handler_field_comment_link_edit.inc', 'views', 0),
('views_handler_field_comment_link_reply', 'class', 'sites/all/modules/views/modules/comment/views_handler_field_comment_link_reply.inc', 'views', 0),
('views_handler_field_comment_node_link', 'class', 'sites/all/modules/views/modules/comment/views_handler_field_comment_node_link.inc', 'views', 0),
('views_handler_field_comment_username', 'class', 'sites/all/modules/views/modules/comment/views_handler_field_comment_username.inc', 'views', 0),
('views_handler_field_contact_link', 'class', 'sites/all/modules/views/modules/contact/views_handler_field_contact_link.inc', 'views', 0),
('views_handler_field_contextual_links', 'class', 'sites/all/modules/views/handlers/views_handler_field_contextual_links.inc', 'views', 0),
('views_handler_field_counter', 'class', 'sites/all/modules/views/handlers/views_handler_field_counter.inc', 'views', 0),
('views_handler_field_custom', 'class', 'sites/all/modules/views/handlers/views_handler_field_custom.inc', 'views', 0),
('views_handler_field_date', 'class', 'sites/all/modules/views/handlers/views_handler_field_date.inc', 'views', 0),
('views_handler_field_entity', 'class', 'sites/all/modules/views/handlers/views_handler_field_entity.inc', 'views', 0),
('views_handler_field_field', 'class', 'sites/all/modules/views/modules/field/views_handler_field_field.inc', 'views', 0),
('views_handler_field_file', 'class', 'sites/all/modules/views/modules/system/views_handler_field_file.inc', 'views', 0),
('views_handler_field_file_extension', 'class', 'sites/all/modules/views/modules/system/views_handler_field_file_extension.inc', 'views', 0),
('views_handler_field_file_filemime', 'class', 'sites/all/modules/views/modules/system/views_handler_field_file_filemime.inc', 'views', 0),
('views_handler_field_file_size', 'class', 'sites/all/modules/views/handlers/views_handler_field.inc', 'views', 0),
('views_handler_field_file_status', 'class', 'sites/all/modules/views/modules/system/views_handler_field_file_status.inc', 'views', 0),
('views_handler_field_file_uri', 'class', 'sites/all/modules/views/modules/system/views_handler_field_file_uri.inc', 'views', 0),
('views_handler_field_filter_format_name', 'class', 'sites/all/modules/views/modules/filter/views_handler_field_filter_format_name.inc', 'views', 0),
('views_handler_field_history_user_timestamp', 'class', 'sites/all/modules/views/modules/node/views_handler_field_history_user_timestamp.inc', 'views', 0),
('views_handler_field_last_comment_timestamp', 'class', 'sites/all/modules/views/modules/comment/views_handler_field_last_comment_timestamp.inc', 'views', 0),
('views_handler_field_locale_group', 'class', 'sites/all/modules/views/modules/locale/views_handler_field_locale_group.inc', 'views', 0),
('views_handler_field_locale_language', 'class', 'sites/all/modules/views/modules/locale/views_handler_field_locale_language.inc', 'views', 0),
('views_handler_field_locale_link_edit', 'class', 'sites/all/modules/views/modules/locale/views_handler_field_locale_link_edit.inc', 'views', 0),
('views_handler_field_machine_name', 'class', 'sites/all/modules/views/handlers/views_handler_field_machine_name.inc', 'views', 0),
('views_handler_field_markup', 'class', 'sites/all/modules/views/handlers/views_handler_field_markup.inc', 'views', 0),
('views_handler_field_math', 'class', 'sites/all/modules/views/handlers/views_handler_field_math.inc', 'views', 0),
('views_handler_field_ncs_last_comment_name', 'class', 'sites/all/modules/views/modules/comment/views_handler_field_ncs_last_comment_name.inc', 'views', 0),
('views_handler_field_ncs_last_updated', 'class', 'sites/all/modules/views/modules/comment/views_handler_field_ncs_last_updated.inc', 'views', 0),
('views_handler_field_node', 'class', 'sites/all/modules/views/modules/node/views_handler_field_node.inc', 'views', 0),
('views_handler_field_node_comment', 'class', 'sites/all/modules/views/modules/comment/views_handler_field_node_comment.inc', 'views', 0),
('views_handler_field_node_language', 'class', 'sites/all/modules/views/modules/locale/views_handler_field_node_language.inc', 'views', 0),
('views_handler_field_node_link', 'class', 'sites/all/modules/views/modules/node/views_handler_field_node_link.inc', 'views', 0),
('views_handler_field_node_link_delete', 'class', 'sites/all/modules/views/modules/node/views_handler_field_node_link_delete.inc', 'views', 0),
('views_handler_field_node_link_edit', 'class', 'sites/all/modules/views/modules/node/views_handler_field_node_link_edit.inc', 'views', 0),
('views_handler_field_node_link_translate', 'class', 'sites/all/modules/views/modules/translation/views_handler_field_node_link_translate.inc', 'views', 0),
('views_handler_field_node_new_comments', 'class', 'sites/all/modules/views/modules/comment/views_handler_field_node_new_comments.inc', 'views', 0),
('views_handler_field_node_path', 'class', 'sites/all/modules/views/modules/node/views_handler_field_node_path.inc', 'views', 0),
('views_handler_field_node_revision', 'class', 'sites/all/modules/views/modules/node/views_handler_field_node_revision.inc', 'views', 0),
('views_handler_field_node_revision_link', 'class', 'sites/all/modules/views/modules/node/views_handler_field_node_revision_link.inc', 'views', 0),
('views_handler_field_node_revision_link_delete', 'class', 'sites/all/modules/views/modules/node/views_handler_field_node_revision_link_delete.inc', 'views', 0),
('views_handler_field_node_revision_link_revert', 'class', 'sites/all/modules/views/modules/node/views_handler_field_node_revision_link_revert.inc', 'views', 0),
('views_handler_field_node_translation_link', 'class', 'sites/all/modules/views/modules/translation/views_handler_field_node_translation_link.inc', 'views', 0),
('views_handler_field_node_type', 'class', 'sites/all/modules/views/modules/node/views_handler_field_node_type.inc', 'views', 0),
('views_handler_field_numeric', 'class', 'sites/all/modules/views/handlers/views_handler_field_numeric.inc', 'views', 0),
('views_handler_field_prerender_list', 'class', 'sites/all/modules/views/handlers/views_handler_field_prerender_list.inc', 'views', 0),
('views_handler_field_profile_date', 'class', 'sites/all/modules/views/modules/profile/views_handler_field_profile_date.inc', 'views', 0),
('views_handler_field_profile_list', 'class', 'sites/all/modules/views/modules/profile/views_handler_field_profile_list.inc', 'views', 0),
('views_handler_field_search_score', 'class', 'sites/all/modules/views/modules/search/views_handler_field_search_score.inc', 'views', 0),
('views_handler_field_serialized', 'class', 'sites/all/modules/views/handlers/views_handler_field_serialized.inc', 'views', 0),
('views_handler_field_taxonomy', 'class', 'sites/all/modules/views/modules/taxonomy/views_handler_field_taxonomy.inc', 'views', 0),
('views_handler_field_term_link_edit', 'class', 'sites/all/modules/views/modules/taxonomy/views_handler_field_term_link_edit.inc', 'views', 0),
('views_handler_field_term_node_tid', 'class', 'sites/all/modules/views/modules/taxonomy/views_handler_field_term_node_tid.inc', 'views', 0),
('views_handler_field_time_interval', 'class', 'sites/all/modules/views/handlers/views_handler_field_time_interval.inc', 'views', 0),
('views_handler_field_url', 'class', 'sites/all/modules/views/handlers/views_handler_field_url.inc', 'views', 0),
('views_handler_field_user', 'class', 'sites/all/modules/views/modules/user/views_handler_field_user.inc', 'views', 0),
('views_handler_field_user_language', 'class', 'sites/all/modules/views/modules/user/views_handler_field_user_language.inc', 'views', 0),
('views_handler_field_user_link', 'class', 'sites/all/modules/views/modules/user/views_handler_field_user_link.inc', 'views', 0),
('views_handler_field_user_link_cancel', 'class', 'sites/all/modules/views/modules/user/views_handler_field_user_link_cancel.inc', 'views', 0),
('views_handler_field_user_link_edit', 'class', 'sites/all/modules/views/modules/user/views_handler_field_user_link_edit.inc', 'views', 0),
('views_handler_field_user_mail', 'class', 'sites/all/modules/views/modules/user/views_handler_field_user_mail.inc', 'views', 0),
('views_handler_field_user_name', 'class', 'sites/all/modules/views/modules/user/views_handler_field_user_name.inc', 'views', 0),
('views_handler_field_user_permissions', 'class', 'sites/all/modules/views/modules/user/views_handler_field_user_permissions.inc', 'views', 0),
('views_handler_field_user_picture', 'class', 'sites/all/modules/views/modules/user/views_handler_field_user_picture.inc', 'views', 0),
('views_handler_field_user_roles', 'class', 'sites/all/modules/views/modules/user/views_handler_field_user_roles.inc', 'views', 0),
('views_handler_field_xss', 'class', 'sites/all/modules/views/handlers/views_handler_field.inc', 'views', 0),
('views_handler_filter', 'class', 'sites/all/modules/views/handlers/views_handler_filter.inc', 'views', 0),
('views_handler_filter_aggregator_category_cid', 'class', 'sites/all/modules/views/modules/aggregator/views_handler_filter_aggregator_category_cid.inc', 'views', 0),
('views_handler_filter_boolean_operator', 'class', 'sites/all/modules/views/handlers/views_handler_filter_boolean_operator.inc', 'views', 0),
('views_handler_filter_boolean_operator_string', 'class', 'sites/all/modules/views/handlers/views_handler_filter_boolean_operator_string.inc', 'views', 0),
('views_handler_filter_broken', 'class', 'sites/all/modules/views/handlers/views_handler_filter.inc', 'views', 0),
('views_handler_filter_combine', 'class', 'sites/all/modules/views/handlers/views_handler_filter_combine.inc', 'views', 0),
('views_handler_filter_comment_user_uid', 'class', 'sites/all/modules/views/modules/comment/views_handler_filter_comment_user_uid.inc', 'views', 0),
('views_handler_filter_date', 'class', 'sites/all/modules/views/handlers/views_handler_filter_date.inc', 'views', 0),
('views_handler_filter_entity_bundle', 'class', 'sites/all/modules/views/handlers/views_handler_filter_entity_bundle.inc', 'views', 0),
('views_handler_filter_equality', 'class', 'sites/all/modules/views/handlers/views_handler_filter_equality.inc', 'views', 0),
('views_handler_filter_field_list', 'class', 'sites/all/modules/views/modules/field/views_handler_filter_field_list.inc', 'views', 0),
('views_handler_filter_file_status', 'class', 'sites/all/modules/views/modules/system/views_handler_filter_file_status.inc', 'views', 0),
('views_handler_filter_group_by_numeric', 'class', 'sites/all/modules/views/handlers/views_handler_filter_group_by_numeric.inc', 'views', 0),
('views_handler_filter_history_user_timestamp', 'class', 'sites/all/modules/views/modules/node/views_handler_filter_history_user_timestamp.inc', 'views', 0),
('views_handler_filter_in_operator', 'class', 'sites/all/modules/views/handlers/views_handler_filter_in_operator.inc', 'views', 0),
('views_handler_filter_locale_group', 'class', 'sites/all/modules/views/modules/locale/views_handler_filter_locale_group.inc', 'views', 0),
('views_handler_filter_locale_language', 'class', 'sites/all/modules/views/modules/locale/views_handler_filter_locale_language.inc', 'views', 0),
('views_handler_filter_locale_version', 'class', 'sites/all/modules/views/modules/locale/views_handler_filter_locale_version.inc', 'views', 0),
('views_handler_filter_many_to_one', 'class', 'sites/all/modules/views/handlers/views_handler_filter_many_to_one.inc', 'views', 0),
('views_handler_filter_ncs_last_updated', 'class', 'sites/all/modules/views/modules/comment/views_handler_filter_ncs_last_updated.inc', 'views', 0),
('views_handler_filter_node_access', 'class', 'sites/all/modules/views/modules/node/views_handler_filter_node_access.inc', 'views', 0),
('views_handler_filter_node_comment', 'class', 'sites/all/modules/views/modules/comment/views_handler_filter_node_comment.inc', 'views', 0),
('views_handler_filter_node_language', 'class', 'sites/all/modules/views/modules/locale/views_handler_filter_node_language.inc', 'views', 0),
('views_handler_filter_node_status', 'class', 'sites/all/modules/views/modules/node/views_handler_filter_node_status.inc', 'views', 0),
('views_handler_filter_node_tnid', 'class', 'sites/all/modules/views/modules/translation/views_handler_filter_node_tnid.inc', 'views', 0),
('views_handler_filter_node_tnid_child', 'class', 'sites/all/modules/views/modules/translation/views_handler_filter_node_tnid_child.inc', 'views', 0),
('views_handler_filter_node_type', 'class', 'sites/all/modules/views/modules/node/views_handler_filter_node_type.inc', 'views', 0),
('views_handler_filter_node_uid_revision', 'class', 'sites/all/modules/views/modules/node/views_handler_filter_node_uid_revision.inc', 'views', 0),
('views_handler_filter_numeric', 'class', 'sites/all/modules/views/handlers/views_handler_filter_numeric.inc', 'views', 0),
('views_handler_filter_profile_selection', 'class', 'sites/all/modules/views/modules/profile/views_handler_filter_profile_selection.inc', 'views', 0),
('views_handler_filter_search', 'class', 'sites/all/modules/views/modules/search/views_handler_filter_search.inc', 'views', 0),
('views_handler_filter_string', 'class', 'sites/all/modules/views/handlers/views_handler_filter_string.inc', 'views', 0),
('views_handler_filter_system_type', 'class', 'sites/all/modules/views/modules/system/views_handler_filter_system_type.inc', 'views', 0),
('views_handler_filter_term_node_tid', 'class', 'sites/all/modules/views/modules/taxonomy/views_handler_filter_term_node_tid.inc', 'views', 0),
('views_handler_filter_term_node_tid_depth', 'class', 'sites/all/modules/views/modules/taxonomy/views_handler_filter_term_node_tid_depth.inc', 'views', 0),
('views_handler_filter_tracker_boolean_operator', 'class', 'sites/all/modules/views/modules/tracker/views_handler_filter_tracker_boolean_operator.inc', 'views', 0),
('views_handler_filter_tracker_comment_user_uid', 'class', 'sites/all/modules/views/modules/tracker/views_handler_filter_tracker_comment_user_uid.inc', 'views', 0),
('views_handler_filter_user_current', 'class', 'sites/all/modules/views/modules/user/views_handler_filter_user_current.inc', 'views', 0),
('views_handler_filter_user_name', 'class', 'sites/all/modules/views/modules/user/views_handler_filter_user_name.inc', 'views', 0),
('views_handler_filter_user_permissions', 'class', 'sites/all/modules/views/modules/user/views_handler_filter_user_permissions.inc', 'views', 0),
('views_handler_filter_user_roles', 'class', 'sites/all/modules/views/modules/user/views_handler_filter_user_roles.inc', 'views', 0),
('views_handler_filter_vocabulary_machine_name', 'class', 'sites/all/modules/views/modules/taxonomy/views_handler_filter_vocabulary_machine_name.inc', 'views', 0),
('views_handler_filter_vocabulary_vid', 'class', 'sites/all/modules/views/modules/taxonomy/views_handler_filter_vocabulary_vid.inc', 'views', 0),
('views_handler_relationship', 'class', 'sites/all/modules/views/handlers/views_handler_relationship.inc', 'views', 0),
('views_handler_relationship_broken', 'class', 'sites/all/modules/views/handlers/views_handler_relationship.inc', 'views', 0),
('views_handler_relationship_entity_reverse', 'class', 'sites/all/modules/views/modules/field/views_handler_relationship_entity_reverse.inc', 'views', 0),
('views_handler_relationship_groupwise_max', 'class', 'sites/all/modules/views/handlers/views_handler_relationship_groupwise_max.inc', 'views', 0),
('views_handler_relationship_node_term_data', 'class', 'sites/all/modules/views/modules/taxonomy/views_handler_relationship_node_term_data.inc', 'views', 0),
('views_handler_relationship_translation', 'class', 'sites/all/modules/views/modules/translation/views_handler_relationship_translation.inc', 'views', 0),
('views_handler_sort', 'class', 'sites/all/modules/views/handlers/views_handler_sort.inc', 'views', 0),
('views_handler_sort_broken', 'class', 'sites/all/modules/views/handlers/views_handler_sort.inc', 'views', 0),
('views_handler_sort_comment_thread', 'class', 'sites/all/modules/views/modules/comment/views_handler_sort_comment_thread.inc', 'views', 0),
('views_handler_sort_date', 'class', 'sites/all/modules/views/handlers/views_handler_sort_date.inc', 'views', 0),
('views_handler_sort_group_by_numeric', 'class', 'sites/all/modules/views/handlers/views_handler_sort_group_by_numeric.inc', 'views', 0),
('views_handler_sort_menu_hierarchy', 'class', 'sites/all/modules/views/handlers/views_handler_sort_menu_hierarchy.inc', 'views', 0),
('views_handler_sort_ncs_last_comment_name', 'class', 'sites/all/modules/views/modules/comment/views_handler_sort_ncs_last_comment_name.inc', 'views', 0),
('views_handler_sort_ncs_last_updated', 'class', 'sites/all/modules/views/modules/comment/views_handler_sort_ncs_last_updated.inc', 'views', 0),
('views_handler_sort_random', 'class', 'sites/all/modules/views/handlers/views_handler_sort_random.inc', 'views', 0),
('views_handler_sort_search_score', 'class', 'sites/all/modules/views/modules/search/views_handler_sort_search_score.inc', 'views', 0),
('views_join', 'class', 'sites/all/modules/views/includes/handlers.inc', 'views', 0),
('views_join_subquery', 'class', 'sites/all/modules/views/includes/handlers.inc', 'views', 0),
('views_many_to_one_helper', 'class', 'sites/all/modules/views/includes/handlers.inc', 'views', 0),
('views_object', 'class', 'sites/all/modules/views/includes/base.inc', 'views', 0),
('views_plugin', 'class', 'sites/all/modules/views/includes/plugins.inc', 'views', 0),
('views_plugin_access', 'class', 'sites/all/modules/views/plugins/views_plugin_access.inc', 'views', 0),
('views_plugin_access_none', 'class', 'sites/all/modules/views/plugins/views_plugin_access_none.inc', 'views', 0),
('views_plugin_access_perm', 'class', 'sites/all/modules/views/plugins/views_plugin_access_perm.inc', 'views', 0),
('views_plugin_access_role', 'class', 'sites/all/modules/views/plugins/views_plugin_access_role.inc', 'views', 0),
('views_plugin_argument_default', 'class', 'sites/all/modules/views/plugins/views_plugin_argument_default.inc', 'views', 0),
('views_plugin_argument_default_book_root', 'class', 'sites/all/modules/views/modules/book/views_plugin_argument_default_book_root.inc', 'views', 0),
('views_plugin_argument_default_current_user', 'class', 'sites/all/modules/views/modules/user/views_plugin_argument_default_current_user.inc', 'views', 0),
('views_plugin_argument_default_fixed', 'class', 'sites/all/modules/views/plugins/views_plugin_argument_default_fixed.inc', 'views', 0),
('views_plugin_argument_default_node', 'class', 'sites/all/modules/views/modules/node/views_plugin_argument_default_node.inc', 'views', 0),
('views_plugin_argument_default_php', 'class', 'sites/all/modules/views/plugins/views_plugin_argument_default_php.inc', 'views', 0),
('views_plugin_argument_default_raw', 'class', 'sites/all/modules/views/plugins/views_plugin_argument_default_raw.inc', 'views', 0),
('views_plugin_argument_default_taxonomy_tid', 'class', 'sites/all/modules/views/modules/taxonomy/views_plugin_argument_default_taxonomy_tid.inc', 'views', 0),
('views_plugin_argument_default_user', 'class', 'sites/all/modules/views/modules/user/views_plugin_argument_default_user.inc', 'views', 0),
('views_plugin_argument_validate', 'class', 'sites/all/modules/views/plugins/views_plugin_argument_validate.inc', 'views', 0),
('views_plugin_argument_validate_node', 'class', 'sites/all/modules/views/modules/node/views_plugin_argument_validate_node.inc', 'views', 0),
('views_plugin_argument_validate_numeric', 'class', 'sites/all/modules/views/plugins/views_plugin_argument_validate_numeric.inc', 'views', 0),
('views_plugin_argument_validate_php', 'class', 'sites/all/modules/views/plugins/views_plugin_argument_validate_php.inc', 'views', 0),
('views_plugin_argument_validate_taxonomy_term', 'class', 'sites/all/modules/views/modules/taxonomy/views_plugin_argument_validate_taxonomy_term.inc', 'views', 0),
('views_plugin_argument_validate_user', 'class', 'sites/all/modules/views/modules/user/views_plugin_argument_validate_user.inc', 'views', 0),
('views_plugin_cache', 'class', 'sites/all/modules/views/plugins/views_plugin_cache.inc', 'views', 0),
('views_plugin_cache_none', 'class', 'sites/all/modules/views/plugins/views_plugin_cache_none.inc', 'views', 0),
('views_plugin_cache_time', 'class', 'sites/all/modules/views/plugins/views_plugin_cache_time.inc', 'views', 0),
('views_plugin_display', 'class', 'sites/all/modules/views/plugins/views_plugin_display.inc', 'views', 0),
('views_plugin_display_attachment', 'class', 'sites/all/modules/views/plugins/views_plugin_display_attachment.inc', 'views', 0),
('views_plugin_display_block', 'class', 'sites/all/modules/views/plugins/views_plugin_display_block.inc', 'views', 0),
('views_plugin_display_default', 'class', 'sites/all/modules/views/plugins/views_plugin_display_default.inc', 'views', 0),
('views_plugin_display_embed', 'class', 'sites/all/modules/views/plugins/views_plugin_display_embed.inc', 'views', 0),
('views_plugin_display_extender', 'class', 'sites/all/modules/views/plugins/views_plugin_display_extender.inc', 'views', 0),
('views_plugin_display_feed', 'class', 'sites/all/modules/views/plugins/views_plugin_display_feed.inc', 'views', 0),
('views_plugin_display_page', 'class', 'sites/all/modules/views/plugins/views_plugin_display_page.inc', 'views', 0),
('views_plugin_exposed_form', 'class', 'sites/all/modules/views/plugins/views_plugin_exposed_form.inc', 'views', 0),
('views_plugin_exposed_form_basic', 'class', 'sites/all/modules/views/plugins/views_plugin_exposed_form_basic.inc', 'views', 0),
('views_plugin_exposed_form_input_required', 'class', 'sites/all/modules/views/plugins/views_plugin_exposed_form_input_required.inc', 'views', 0),
('views_plugin_localization', 'class', 'sites/all/modules/views/plugins/views_plugin_localization.inc', 'views', 0),
('views_plugin_localization_core', 'class', 'sites/all/modules/views/plugins/views_plugin_localization_core.inc', 'views', 0),
('views_plugin_localization_none', 'class', 'sites/all/modules/views/plugins/views_plugin_localization_none.inc', 'views', 0),
('views_plugin_localization_test', 'class', 'sites/all/modules/views/tests/views_plugin_localization_test.inc', 'views', 0),
('views_plugin_pager', 'class', 'sites/all/modules/views/plugins/views_plugin_pager.inc', 'views', 0),
('views_plugin_pager_full', 'class', 'sites/all/modules/views/plugins/views_plugin_pager_full.inc', 'views', 0),
('views_plugin_pager_mini', 'class', 'sites/all/modules/views/plugins/views_plugin_pager_mini.inc', 'views', 0),
('views_plugin_pager_none', 'class', 'sites/all/modules/views/plugins/views_plugin_pager_none.inc', 'views', 0),
('views_plugin_pager_some', 'class', 'sites/all/modules/views/plugins/views_plugin_pager_some.inc', 'views', 0),
('views_plugin_query', 'class', 'sites/all/modules/views/plugins/views_plugin_query.inc', 'views', 0),
('views_plugin_query_default', 'class', 'sites/all/modules/views/plugins/views_plugin_query_default.inc', 'views', 0),
('views_plugin_row', 'class', 'sites/all/modules/views/plugins/views_plugin_row.inc', 'views', 0),
('views_plugin_row_aggregator_rss', 'class', 'sites/all/modules/views/modules/aggregator/views_plugin_row_aggregator_rss.inc', 'views', 0),
('views_plugin_row_comment_rss', 'class', 'sites/all/modules/views/modules/comment/views_plugin_row_comment_rss.inc', 'views', 0),
('views_plugin_row_comment_view', 'class', 'sites/all/modules/views/modules/comment/views_plugin_row_comment_view.inc', 'views', 0),
('views_plugin_row_fields', 'class', 'sites/all/modules/views/plugins/views_plugin_row_fields.inc', 'views', 0),
('views_plugin_row_node_rss', 'class', 'sites/all/modules/views/modules/node/views_plugin_row_node_rss.inc', 'views', 0),
('views_plugin_row_node_view', 'class', 'sites/all/modules/views/modules/node/views_plugin_row_node_view.inc', 'views', 0),
('views_plugin_row_rss_fields', 'class', 'sites/all/modules/views/plugins/views_plugin_row_rss_fields.inc', 'views', 0),
('views_plugin_row_search_view', 'class', 'sites/all/modules/views/modules/search/views_plugin_row_search_view.inc', 'views', 0),
('views_plugin_row_user_view', 'class', 'sites/all/modules/views/modules/user/views_plugin_row_user_view.inc', 'views', 0),
('views_plugin_style', 'class', 'sites/all/modules/views/plugins/views_plugin_style.inc', 'views', 0),
('views_plugin_style_default', 'class', 'sites/all/modules/views/plugins/views_plugin_style_default.inc', 'views', 0),
('views_plugin_style_grid', 'class', 'sites/all/modules/views/plugins/views_plugin_style_grid.inc', 'views', 0),
('views_plugin_style_jump_menu', 'class', 'sites/all/modules/views/plugins/views_plugin_style_jump_menu.inc', 'views', 0),
('views_plugin_style_list', 'class', 'sites/all/modules/views/plugins/views_plugin_style_list.inc', 'views', 0),
('views_plugin_style_mapping', 'class', 'sites/all/modules/views/plugins/views_plugin_style_mapping.inc', 'views', 0),
('views_plugin_style_rss', 'class', 'sites/all/modules/views/plugins/views_plugin_style_rss.inc', 'views', 0),
('views_plugin_style_summary', 'class', 'sites/all/modules/views/plugins/views_plugin_style_summary.inc', 'views', 0),
('views_plugin_style_summary_jump_menu', 'class', 'sites/all/modules/views/plugins/views_plugin_style_summary_jump_menu.inc', 'views', 0),
('views_plugin_style_summary_unformatted', 'class', 'sites/all/modules/views/plugins/views_plugin_style_summary_unformatted.inc', 'views', 0),
('views_plugin_style_table', 'class', 'sites/all/modules/views/plugins/views_plugin_style_table.inc', 'views', 0),
('views_test_plugin_access_test_dynamic', 'class', 'sites/all/modules/views/tests/test_plugins/views_test_plugin_access_test_dynamic.inc', 'views', 0),
('views_test_plugin_access_test_static', 'class', 'sites/all/modules/views/tests/test_plugins/views_test_plugin_access_test_static.inc', 'views', 0),
('views_test_plugin_style_test_mapping', 'class', 'sites/all/modules/views/tests/test_plugins/views_test_plugin_style_test_mapping.inc', 'views', 0),
('views_ui', 'class', 'sites/all/modules/views/plugins/export_ui/views_ui.class.php', 'views_ui', 0);

-- --------------------------------------------------------

--
-- Structure de la table `drupal_registry_file`
--

CREATE TABLE IF NOT EXISTS `drupal_registry_file` (
  `filename` varchar(255) NOT NULL COMMENT 'Path to the file.',
  `hash` varchar(64) NOT NULL COMMENT 'sha-256 hash of the file’s contents when last parsed.'
) ENGINE=InnoDB DEFAULT CHARSET=utf8 COMMENT='Files parsed to build the registry.';

--
-- Contenu de la table `drupal_registry_file`
--

INSERT INTO `drupal_registry_file` (`filename`, `hash`) VALUES
('includes/actions.inc', 'f36b066681463c7dfe189e0430cb1a89bf66f7e228cbb53cdfcd93987193f759'),
('includes/ajax.inc', '8328ec7441a0c101c1b39ba8d415c1d951b400887d8b29d2831210ae207f86eb'),
('includes/archiver.inc', 'bdbb21b712a62f6b913590b609fd17cd9f3c3b77c0d21f68e71a78427ed2e3e9'),
('includes/authorize.inc', '6d64d8c21aa01eb12fc29918732e4df6b871ed06e5d41373cb95c197ed661d13'),
('includes/batch.inc', '059da9e36e1f3717f27840aae73f10dea7d6c8daf16f6520401cc1ca3b4c0388'),
('includes/batch.queue.inc', '554b2e92e1dad0f7fd5a19cb8dff7e109f10fbe2441a5692d076338ec908de0f'),
('includes/bootstrap.inc', '4b4ba7431009b143be05a8ec99cece11e3750ebfda4e8a40a94fb9210980bd2c'),
('includes/cache-install.inc', 'e7ed123c5805703c84ad2cce9c1ca46b3ce8caeeea0d8ef39a3024a4ab95fa0e'),
('includes/cache.inc', 'c1916375fcb92250a5c86aa53269d54854b983f34906d582fc912784f16ccaf4'),
('includes/common.inc', '0fb7773ffa4004dcd0356915afa704c5c6f6be5fda368584a1942bfe197e9504'),
('includes/database/database.inc', 'c4e6fbc0f1786d9b367154d56fe0f81578b5c526caeccc5d0901cac9739ca30f'),
('includes/database/log.inc', '9feb5a17ae2fabcf26a96d2a634ba73da501f7bcfc3599a693d916a6971d00d1'),
('includes/database/mysql/database.inc', '8d3a784845064385ccdce8a66860f3177d52207df83d9735c0d72c9703dd258e'),
('includes/database/mysql/install.inc', '6ae316941f771732fbbabed7e1d6b4cbb41b1f429dd097d04b3345aa15e461a0'),
('includes/database/mysql/query.inc', '0212a871646c223bf77aa26b945c77a8974855373967b5fb9fdc09f8a1de88a6'),
('includes/database/mysql/schema.inc', 'd8d3904ea9c23a526c2f2a7acc8ba870b31c378aac2eb53e2e41a73c6209c5bd'),
('includes/database/pgsql/database.inc', '56726100fd44f461a04886c590c9c472cc2b2a1b92eb26c7674bf3821a76bb64'),
('includes/database/pgsql/install.inc', '585b80c5bbd6f134bff60d06397f15154657a577d4da8d1b181858905f09dea5'),
('includes/database/pgsql/query.inc', '0df57377686c921e722a10b49d5e433b131176c8059a4ace4680964206fc14b4'),
('includes/database/pgsql/schema.inc', '8fd647e4557522283caef63e528c6e403fc0751a46e94aac867a281af85eac27'),
('includes/database/pgsql/select.inc', 'fd4bba7887c1dc6abc8f080fc3a76c01d92ea085434e355dc1ecb50d8743c22d'),
('includes/database/prefetch.inc', 'b5b207a66a69ecb52ee4f4459af16a7b5eabedc87254245f37cc33bebb61c0fb'),
('includes/database/query.inc', '9171653e9710c6c0d20cff865fdead5a580367137ad4cdf81059ecc2eea61c74'),
('includes/database/schema.inc', '7eb7251f331109757173353263d1031493c1198ae17a165a6f5a03d3f14f93e7'),
('includes/database/select.inc', '1c74fa55c7721a704f5ef3389032604bf7a60fced15c40d844aee3e1cead7dc6'),
('includes/database/sqlite/database.inc', 'ed2b9981794239cdad2cd04cf4bcdc896ad4d6b66179a4fa487b0d1ec2150a10'),
('includes/database/sqlite/install.inc', '381f3db8c59837d961978ba3097bb6443534ed1659fd713aa563963fa0c42cc5'),
('includes/database/sqlite/query.inc', 'f33ab1b6350736a231a4f3f93012d3aac4431ac4e5510fb3a015a5aa6cab8303'),
('includes/database/sqlite/schema.inc', '238414785aa96dd27f10f48c961783f4d1091392beee8d0e7ca8ae774e917da2'),
('includes/database/sqlite/select.inc', '8d1c426dbd337733c206cce9f59a172546c6ed856d8ef3f1c7bef05a16f7bf68'),
('includes/date.inc', '18c047be64f201e16d189f1cc47ed9dcf0a145151b1ee187e90511b24e5d2b36'),
('includes/entity.inc', '43536d4fdfffdfcadf8606418a211113ba955b634d1d4a6df9c550df090bfa96'),
('includes/errors.inc', '72cc29840b24830df98a5628286b4d82738f2abbb78e69b4980310ff12062668'),
('includes/file.inc', '2e09cdb4359d7412e66f8400f66878141860087b2a22bbe70c508dc011f7c02c'),
('includes/file.mimetypes.inc', 'f88c967550576694b7a1ce2afd0f2f1bbc1a91d21cc2c20f86c44d39ff353867'),
('includes/filetransfer/filetransfer.inc', 'fdea8ae48345ec91885ac48a9bc53daf87616271472bb7c29b7e3ce219b22034'),
('includes/filetransfer/ftp.inc', '51eb119b8e1221d598ffa6cc46c8a322aa77b49a3d8879f7fb38b7221cf7e06d'),
('includes/filetransfer/local.inc', '7cbfdb46abbdf539640db27e66fb30e5265128f31002bd0dfc3af16ae01a9492'),
('includes/filetransfer/ssh.inc', '002e24a24cac133d12728bd3843868ce378681237d7fad420761af84e6efe5ad'),
('includes/form.inc', 'd3aa072d278103ef6518aaf434b8b28e8757ecf4c718b59156abc1d900cf76bb'),
('includes/graph.inc', '8e0e313a8bb33488f371df11fc1b58d7cf80099b886cd1003871e2c896d1b536'),
('includes/image.inc', 'bcdc7e1599c02227502b9d0fe36eeb2b529b130a392bc709eb737647bd361826'),
('includes/install.core.inc', 'a0585c85002e6f3d702dc505584f48b55bc13e24bee749bfe5b718fbce4847e1'),
('includes/install.inc', 'affa74aa61a41f080cada3564abd1f83089bb60503cb6a56c3482af4a5c3d735'),
('includes/iso.inc', '27730e6175b79c3b5d494582a124f6210289faa03bef099e16347bb914464c66'),
('includes/json-encode.inc', '02a822a652d00151f79db9aa9e171c310b69b93a12f549bc2ce00533a8efa14e'),
('includes/language.inc', '4dd521af07e0ca7bf97ff145f4bd3a218acf0d8b94964e72f11212bb8af8d66e'),
('includes/locale.inc', '8cc571c114587f2b30e4e24db17e97e51e81f9cc395fa01f348aba12cee8523e'),
('includes/lock.inc', 'daa62e95528f6b986b85680b600a896452bf2ce6f38921242857dcc5a3460a1b'),
('includes/mail.inc', '419741aa09ba39e94771dc054f9bda66c932c937bb60bc71a15bf1d6c5bd39db'),
('includes/menu.inc', '198dba9f3dc0656cc6d346ba9be18934a9051b248e084dc27e87601f59c92e29'),
('includes/module.inc', 'ca3f2e6129181bbbc67e5e6058a882047f2152174ec8e95c0ea99ce610ace4d7'),
('includes/pager.inc', '6f9494b85c07a2cc3be4e54aff2d2757485238c476a7da084d25bde1d88be6d8'),
('includes/password.inc', '7550ac434a929562a3380e82c546afbf9163598b22f2351f0e7d3f19567fb6c9'),
('includes/path.inc', 'd20d3efabcb752fcafafc887fc0f09704d87000742302f95cf58e62333d05279'),
('includes/registry.inc', '4ffb8c9c8c179c1417ff01790f339edf50b5f7cc0c8bb976eef6858cc71e9bc8'),
('includes/session.inc', '6880cfa853e8b919bba6df34f76c9439710cd94730c6f952709af901c51489ed'),
('includes/stream_wrappers.inc', '4f1feb774a8dbc04ca382fa052f59e58039c7261625f3df29987d6b31f08d92d'),
('includes/tablesort.inc', '4cb2a5a2d41b2a204a13f59085096e3f64237d32639ea5d30752905099bc7540'),
('includes/theme.inc', '7fc0ffea33bf25419adb89b91f0fc892c183cd0db41e4f00958694b6f03e7335'),
('includes/theme.maintenance.inc', '39f068b3eee4d10a90d6aa3c86db587b6d25844c2919d418d34d133cfe330f5a'),
('includes/token.inc', '5e7898cd78689e2c291ed3cd8f41c032075656896f1db57e49217aac19ae0428'),
('includes/unicode.entities.inc', '2b858138596d961fbaa4c6e3986e409921df7f76b6ee1b109c4af5970f1e0f54'),
('includes/unicode.inc', '518ad21bd4f43814277d67f76ff8eb2b99bd1be4caa5e02b6e5f06cf65d84eb0'),
('includes/update.inc', '177ce24362efc7f28b384c90a09c3e485396bbd18c3721d4b21e57dd1733bd92'),
('includes/updater.inc', 'd2da0e74ed86e93c209f16069f3d32e1a134ceb6c06a0044f78e841a1b54e380'),
('includes/utility.inc', '3458fd2b55ab004dd0cc529b8e58af12916e8bd36653b072bdd820b26b907ed5'),
('includes/xmlrpc.inc', 'c5b6ea78adeb135373d11aeaaea057d9fa8995faa4e8c0fec9b7c647f15cc4e0'),
('includes/xmlrpcs.inc', '79dc6e9882f4c506123d7dd8e228a61e22c46979c3aab21a5b1afa315ef6639c'),
('modules/block/block.test', 'df1b364688b46345523dfcb95c0c48352d6a4edbc66597890d29b9b0d7866e86'),
('modules/blog/blog.test', 'f7534b972951c05d34bd832d3e06176b372fff6f4999c428f789fdd7703ed2e2'),
('modules/color/color.test', '013806279bd47ceb2f82ca854b57f880ba21058f7a2592c422afae881a7f5d15'),
('modules/comment/comment.module', '2d52155a3352f85b88331a12d749e7bbe802cba954c38711d5f90edef0bd0994'),
('modules/comment/comment.test', '083d47035d3e64d1f6f9f1e12bc13d056511019a9de84183088e58a359ea58b9'),
('modules/contact/contact.test', 'd49eedd71859fbb6ffa26b87226f640db56694c8f43c863c83d920cf3632f9ad'),
('modules/contextual/contextual.test', '023dafa199bd325ecc55a17b2a3db46ac0a31e23059f701f789f3bc42427ba0b'),
('modules/dashboard/dashboard.test', '125df00fc6deb985dc554aa7807a48e60a68dbbddbad9ec2c4718da724f0e683'),
('modules/dblog/dblog.test', '11fbb8522b1c9dc7c85edba3aed7308a8891f26fc7292008822bea1b54722912'),
('modules/field/field.attach.inc', '60fbbe46f3e5319fc862f078aa9e56664e3ddb78f680ce170227db0b2e1d16b7'),
('modules/field/field.info.class.inc', 'c2e4bc67ef51e4956c913be772914b1b2625aa5066ab67c74baf6404ed538174'),
('modules/field/field.module', '7a3c562f5913e70e713ce9eec9ac73d324184b726f8f36642aac198e7756dc40'),
('modules/field/modules/field_sql_storage/field_sql_storage.test', '35c9c300bc922d3a7c40516ad0ddeb7dc0ef02dd6b7f3f12b4820c41ce912593'),
('modules/field/modules/list/tests/list.test', '97e55bd49f6f4b0562d04aa3773b5ab9b35063aee05c8c7231780cdcf9c97714'),
('modules/field/modules/number/number.test', '9ccf835bbf80ff31b121286f6fbcf59cc42b622a51ab56b22362b2f55c656e18'),
('modules/field/modules/options/options.test', 'c71441020206b1587dece7296cca306a9f0fbd6e8f04dae272efc15ed3a38383'),
('modules/field/modules/text/text.test', 'a1e5cb0fa8c0651c68d560d9bb7781463a84200f701b00b6e797a9ca792a7e42'),
('modules/field/tests/field.test', '73bc91bbb405f25021340c887f218ea3d1b38473599c234e4c90454e08db63e9'),
('modules/field_ui/field_ui.test', 'da42e28d6f32d447b4a6e5b463a2f7d87d6ce32f149de04a98fa8e3f286c9f68'),
('modules/file/tests/file.test', 'ca4f55f72e76eb1d8a5016f02b3ce3c67efbb3b49646d70ad0ff2248d6f77c38'),
('modules/filter/filter.test', '184fa79a4802b3903844d35a63fd065ba3d8d025ba39a70cf3ff0ac1ef108bb4'),
('modules/help/help.test', 'bc934de8c71bd9874a05ccb5e8f927f4c227b3b2397d739e8504c8fd6ae5a83c'),
('modules/image/image.test', '37a999e3988ee08baddd05bb544926db68c00686913285105ca8bb3c34750526'),
('modules/menu/menu.test', '22a7d2b0e4819a670521c562fa868732b485dff2b58beca1896466ad62bffe44'),
('modules/node/node.module', 'f48757c02691ac8adac2ee01a65328127e39357df8e5144022b192420cdde0c6'),
('modules/node/node.test', 'fcb93f5a3662983eac07790fe9e4c2f2ef2181318a00656923f776c07d21ab44'),
('modules/path/path.test', '2004183b2c7c86028bf78c519c6a7afc4397a8267874462b0c2b49b0f8c20322'),
('modules/rdf/rdf.test', 'b23a27c7bb4073ff07eb28b121e39816968fa2f51a44439c67049fa89f57fb68'),
('modules/search/search.extender.inc', 'c40f6569769ff581dbe11d29935c611320178f9a076977423e1d93e7d98013fa'),
('modules/search/search.test', 'b7245a29f0e8d61912eb96971addccc9875159ba99c0e4cd5c3f159fc7e256b4'),
('modules/shortcut/shortcut.test', '0d78280d4d0a05aa772218e45911552e39611ca9c258b9dd436307914ac3f254'),
('modules/system/system.archiver.inc', 'faa849f3e646a910ab82fd6c8bbf0a4e6b8c60725d7ba81ec0556bd716616cd1'),
('modules/system/system.mail.inc', 'd31e1769f5defbe5f27dc68f641ab80fb8d3de92f6e895f4c654ec05fc7e5f0f'),
('modules/system/system.queue.inc', 'ef00fd41ca86de386fa134d5bc1d816f9af550cf0e1334a5c0ade3119688ca3c'),
('modules/system/system.tar.inc', '8a31d91f7b3cd7eac25b3fa46e1ed9a8527c39718ba76c3f8c0bbbeaa3aa4086'),
('modules/system/system.test', 'aac8d7d01620e8a6520c19c81bcf15b67502f0de5f7ca766963cc00f9cf1b8cd'),
('modules/system/system.updater.inc', '338cf14cb691ba16ee551b3b9e0fa4f579a2f25c964130658236726d17563b6a'),
('modules/taxonomy/taxonomy.module', '037a417dd82a22b6e6ac6bf2bc1f724e7f744ade8c9a25ffd277535e9677525f'),
('modules/taxonomy/taxonomy.test', '966f863d207701e81f8166f726546ef8627b9dff7612c80cdca79b1a1a33620c'),
('modules/user/user.module', 'e221906281c55dc381e50986bea3320a7a4f74782f376eada9ec6a229dc3d9f7'),
('modules/user/user.test', 'e65ff6ba03c4b4afbc9a5e13a1b980749c1e711e7d9aa1052b5a6e534d68a47e'),
('sites/all/modules/calendar_block/calendar_block.module', '7a7f9fce3975a3dc2431b069d936746ce52386a6b7f2d5743eae17cfb216acb7'),
('sites/all/modules/context/context_layouts/plugins/context_layouts_reaction_block.inc', '9d4b9d7b8fc0d2a03804f13c462000e3a233229f954ba85c299a79b052861e69'),
('sites/all/modules/context/context_ui/export_ui/context_export_ui.class.php', 'ee6ee0bb2d30fade0e982d1db437a802e654ac438b15362fa7d33770d9f11f60'),
('sites/all/modules/context/context_ui/tests/context_ui.test', '7b348513d12e02cc01efd6c68f30f8536a9e774012f3b4251a9d35fed02ba675'),
('sites/all/modules/context/plugins/context_condition.inc', '2701acb0f8667cf922052a9265bb84c936a3b716afaf3a8eff2ad04e332b5a2f'),
('sites/all/modules/context/plugins/context_condition_context.inc', 'cc3630470442db0c92d2def23cc03eeb9de30fb1c00dd2e00660646e292a705c'),
('sites/all/modules/context/plugins/context_condition_context_all.inc', '80b00ab0cd49aa4cfe4493a2cd08dde594d73ba3f3563d34c15ae2b46fc5983e'),
('sites/all/modules/context/plugins/context_condition_menu.inc', '6f3c05bc11b8e9e4257add5045ff00f7aa554624e47424affe00170f7bd8a8c8'),
('sites/all/modules/context/plugins/context_condition_node.inc', '8d54a13f2ed57cd1a36d1dbcba62e32f256ed6e71554643599fca50a3dddbbd0'),
('sites/all/modules/context/plugins/context_condition_node_taxonomy.inc', 'f7f766547b3e1767ff69adfd25f756cc519a1e845e134f945c1e40865e5bf243'),
('sites/all/modules/context/plugins/context_condition_path.inc', 'c9ad2e426c75c8ba6bc4c94181aadadf3f474272cd0dc0bc67bd7c6cd810fea7'),
('sites/all/modules/context/plugins/context_condition_query_string.inc', '3902793c371098e42e0d3336fb8a0c26a0f18685ac03c6ac9a04f755a8ebd0cc'),
('sites/all/modules/context/plugins/context_condition_sitewide.inc', 'cb5061fe6757287744f3db7296380120089c4e56af3298395aeaa3da16aedc3b'),
('sites/all/modules/context/plugins/context_condition_taxonomy_term.inc', '94eb955d5705e75936cc440417893e341905fa7fb3df3b6d3e7d838fa33e313c'),
('sites/all/modules/context/plugins/context_condition_user.inc', 'a6fd04ce6574d5391427a038da1f158f47b062cde7655811fa5a41271e75d20c'),
('sites/all/modules/context/plugins/context_condition_user_page.inc', 'c5c48146a183e6d2cdfa07222e7f614bd9ba3ff4b745131c9910aeb79bbf4bcd'),
('sites/all/modules/context/plugins/context_condition_views.inc', '5cd3e84b22977af2d1a72ecc9dffb9b1beb1ac42f2ad2741de5a015a45734473'),
('sites/all/modules/context/plugins/context_reaction.inc', '497ce814344a5789eebd05e77f9a84625d20f8bf38cf77bf794ac85fdd1c1c0a'),
('sites/all/modules/context/plugins/context_reaction_block.inc', 'a647ab6514309f6397e6d1a369868dddd27471a0e5e066c2c9ccdff66014b26d'),
('sites/all/modules/context/plugins/context_reaction_breadcrumb.inc', '7724349ddd48f3bb6a87751289b780abad0a3c9e6c4cf6cb54f64d6d97e8a7c2'),
('sites/all/modules/context/plugins/context_reaction_debug.inc', 'c57b92ccf0b1278dce108089989eb32fb532e786f9bc01d2cb694819b468f322'),
('sites/all/modules/context/plugins/context_reaction_menu.inc', 'c67c995a2a66bb1245b92be66f7319b30cb0dbb03b01dd43501092bf856466b8'),
('sites/all/modules/context/plugins/context_reaction_region.inc', 'fc61c32bcdd8da4db6441424a4b5af8c7ccfd388386b0a0f3e497fe694006241'),
('sites/all/modules/context/plugins/context_reaction_theme.inc', 'eae05dc2e34947aacc18bdfb4925df9a7946d64d9b23e7cde92ee23610cadffd'),
('sites/all/modules/context/plugins/context_reaction_theme_html.inc', 'b0b4f355aebce29dbaa3e2bf26c35443d134f73649f1e197170e73d5ab93e0a2'),
('sites/all/modules/context/tests/context.conditions.test', '28e69f66bb56433c584474beb75e83a87b74bc5927baf646a8cea7c26b8b47b9'),
('sites/all/modules/context/tests/context.reactions.test', '4d1d8d1497fc32e685446e52e387e537a6ec183ed598d224e356ad1461676efa'),
('sites/all/modules/context/tests/context.test', '05e97800946a534d2a4f3f017f6ac3ee682c7ef8a430cef5bb769574701d9419'),
('sites/all/modules/ctools/includes/context.inc', 'b7b5b38b6d85ab438327fc6127e2f21654c45ffa6b55d7b01b3b65bf19918a7e'),
('sites/all/modules/ctools/includes/math-expr.inc', '3386323b01da62e02c9f3607cd7f0a0d46f1af90a107a07aed726b1fa8c28235'),
('sites/all/modules/ctools/includes/stylizer.inc', 'e18f5a1b8af526751d7175354162c06c2013c96f62d9baa399564d8c45a1c90e'),
('sites/all/modules/ctools/plugins/export_ui/ctools_export_ui.class.php', '3d6d5df2fd5657b59023c8cb7f2d8f96a3f282f28307e5803cc9159297d6a2ab'),
('sites/all/modules/menu_attributes/menu_attributes.test', '2ad598153e1ae5d47d734e15b1bffb30c96222386b51bb134e58c353957c12de'),
('sites/all/modules/pathauto/pathauto.test', '9204240a755119e02eae68c77e7b9ab816747423ccaaf51742231fbaef1f604f'),
('sites/all/modules/token/token.test', '703ea26074b80cc85e5d9e5bcedf5e745dddda0917bf2db678bbfa2e58e0609c'),
('sites/all/modules/views/handlers/views_handler_area.inc', '95d4374c805c057c9855304ded14ce316cdee8aca0744120a74400e2a8173fae'),
('sites/all/modules/views/handlers/views_handler_area_result.inc', '836747c024cc153ec4516737da0c42a864eb708e0b77d2f8ba606411c57356a2'),
('sites/all/modules/views/handlers/views_handler_area_text.inc', '531d0ac3b64206970593762df0abac60524f607253c3af876dd66ba747786dce'),
('sites/all/modules/views/handlers/views_handler_area_text_custom.inc', '35b702060c192b0adf6601ed437d0a02effd3accb71c07d6156013c8be9d5a15'),
('sites/all/modules/views/handlers/views_handler_area_view.inc', 'a6a4a618c96a5657eaa881aa0836663600629529ebfd943c91303a11171974d5'),
('sites/all/modules/views/handlers/views_handler_argument.inc', '5858d2d1ad3ea0321532da0f66c4d2ef2b2a208e941789b37341b76c783c2d42'),
('sites/all/modules/views/handlers/views_handler_argument_date.inc', '1b423d5a437bbd8ed97d0bfb69c635d36f15114699a7bc0056568cc87937477d'),
('sites/all/modules/views/handlers/views_handler_argument_formula.inc', '5a29748494a7e1c37606224de0c3cac45566efe057e4748b6676a898ac224a61'),
('sites/all/modules/views/handlers/views_handler_argument_group_by_numeric.inc', 'b8d29f27592448b63f15138510128203d726590daef56cf153a09407c90ec481'),
('sites/all/modules/views/handlers/views_handler_argument_many_to_one.inc', 'b2de259c2d00fe7ed04eb5d45eb5107ce60535dd0275823883cc29b04d1a3974'),
('sites/all/modules/views/handlers/views_handler_argument_null.inc', '26699660fd0915ec078d7eb35a93ef39fd53e3a2a4841c0ac5dbf0bb02207bee'),
('sites/all/modules/views/handlers/views_handler_argument_numeric.inc', 'ae23d847fa0f1e92baec32665a8894e26660999e338bebffb49ee42daac5a063'),
('sites/all/modules/views/handlers/views_handler_argument_string.inc', 'f8fe4daf0a636cc93d520a0d5ff212840d8bdaa704ddc3c59a24667f341ed3a1'),
('sites/all/modules/views/handlers/views_handler_field.inc', '3d059d737e738436a15651f9ac8374f460a71eb569619ba0a8a14a55a3efc87e'),
('sites/all/modules/views/handlers/views_handler_field_boolean.inc', 'dc00b916a223935e05f51d94a2dffbaf430b162517072f7c2122332af41e8fc2'),
('sites/all/modules/views/handlers/views_handler_field_contextual_links.inc', '9752231bd248bcbc5c7282361098350f080706e3886d20753c5b2059adb10c00'),
('sites/all/modules/views/handlers/views_handler_field_counter.inc', 'fcfd07c8a20b91819af375c5e1edc33ec7e5b6ee48f419f6183f3401abf9af42'),
('sites/all/modules/views/handlers/views_handler_field_custom.inc', 'a3d25fc20401ae0a1af4b7d6e83376a5b7dc18ab0aed17a3c6d81e2314cf19f8'),
('sites/all/modules/views/handlers/views_handler_field_date.inc', 'ea37efb7819df9a4c2b6f688ec101964474dc7df13e92824913f783314d80740'),
('sites/all/modules/views/handlers/views_handler_field_entity.inc', '909ab36aff896ad8fa4306d95a052172ec27e471ab385a035fcadef8d019e0f9'),
('sites/all/modules/views/handlers/views_handler_field_machine_name.inc', 'df2fe47cf9c6d2e7de8627c08da809fb60883c38697340966f303c223e22aee4'),
('sites/all/modules/views/handlers/views_handler_field_markup.inc', 'a0c652fdf47f7efe35bbf2371f00e230409fe90ea0038eb101bf0c93ae0718e9'),
('sites/all/modules/views/handlers/views_handler_field_math.inc', 'c0f1cd82305ecc2378a7346ed0e4e5503c031b155d53cbfee2c46f82e7996ce4'),
('sites/all/modules/views/handlers/views_handler_field_numeric.inc', '51311e98172a3f2b9f8d406e4c64f2bc9d1243ab8003e1d421bf6ffa5f0100df'),
('sites/all/modules/views/handlers/views_handler_field_prerender_list.inc', '0fe605bf457886fbca5f041a422fc51c6a1927654dcd06cbfc619496fe57de0e'),
('sites/all/modules/views/handlers/views_handler_field_serialized.inc', 'ad3d82a9f37ae4c71a875526c353839da2ff529351efc7861f8b7c9d4b5a47db'),
('sites/all/modules/views/handlers/views_handler_field_time_interval.inc', '280d569784312d19dabfb7aeb94639442ae37e16cba02659a8251de08a4f1de2'),
('sites/all/modules/views/handlers/views_handler_field_url.inc', '7ca57a8dcc42a3d1e7e7ec5defa64a689cb678073e15153ff6a7cafe54c90249'),
('sites/all/modules/views/handlers/views_handler_filter.inc', '70c93c35ffd8829e9e1bb0d8be80ff1641a868abecb41924c3cb2fc513f521ab'),
('sites/all/modules/views/handlers/views_handler_filter_boolean_operator.inc', 'f4ca59e4e1f91f219a1b33690a4ad412269946804fe7cacf24f2574b2c6d8599'),
('sites/all/modules/views/handlers/views_handler_filter_boolean_operator_string.inc', '306ce393a7a4f565fa3eaa4ede1bc7fb4b7f91c65c65f759cab864532bc9d182'),
('sites/all/modules/views/handlers/views_handler_filter_combine.inc', '804377cf5e931fa619c2a40425843b24b0bd6008ccb6e79064e0994d9fd696c2'),
('sites/all/modules/views/handlers/views_handler_filter_date.inc', 'e8f6b4181f3661155fd3b94355b2707441e87b2a151af669610a26eb0fba6674'),
('sites/all/modules/views/handlers/views_handler_filter_entity_bundle.inc', '02db977a67a09f70bdc8e2bbc46a05fff8a6d8bd6423308c95418476e84714a3'),
('sites/all/modules/views/handlers/views_handler_filter_equality.inc', '2100cdd7f5232348adae494c5122ba41ff051eee0a8cc14aeaf6a66202cb7ed1'),
('sites/all/modules/views/handlers/views_handler_filter_group_by_numeric.inc', '9401c4c0fe0d678898e5288ef8152784a12e0743df21dec15457353eb2cdb01d'),
('sites/all/modules/views/handlers/views_handler_filter_in_operator.inc', '8fd7f075468bddde5c4208b1c3a6105f8fea0ac0c214452a37c00fc2f3453a7d'),
('sites/all/modules/views/handlers/views_handler_filter_many_to_one.inc', 'b4a415c2824195d3d7d0e37ada9d69ebec0b9cd833ebcac2439efc20aac15595'),
('sites/all/modules/views/handlers/views_handler_filter_numeric.inc', '8a999227d17674a70381ab8b45fbdc91269a83a45e5f7514607ed8b4a5bf6a9f'),
('sites/all/modules/views/handlers/views_handler_filter_string.inc', '140006335ac5b19b6253b431afde624db70385b9d22390b8c275296ae469cc7b'),
('sites/all/modules/views/handlers/views_handler_relationship.inc', '4fefdb6c9c48b72dcfe86484123b97eb5f5b90b6a440d8026d71f74dccbd1cd6'),
('sites/all/modules/views/handlers/views_handler_relationship_groupwise_max.inc', '47dcfe351159b10153697c17b3a92607edb34a258ba3b44087c947b9cc88e86f'),
('sites/all/modules/views/handlers/views_handler_sort.inc', '06aab8d75f3dce81eb032128b8f755bfff752dcefc2e5d494b137bca161fdefa'),
('sites/all/modules/views/handlers/views_handler_sort_date.inc', 'd7e771abf74585bd09cc8e666747a093f40848b451de8ba67c8158317946f1b2'),
('sites/all/modules/views/handlers/views_handler_sort_group_by_numeric.inc', '4ba1c38c9af32789a951b8f9377e13631ae26bf1dac3371b31a37ead25b32eb8'),
('sites/all/modules/views/handlers/views_handler_sort_menu_hierarchy.inc', 'ccd65ea3b3270366b7175e2cd7cc9167a09c27e1486949e4a05495ff5c7be5c1'),
('sites/all/modules/views/handlers/views_handler_sort_random.inc', '05a00c3bf76c3278ae0ce39a206a6224089faf5ac4a00dd5b8a558f06fab8e46'),
('sites/all/modules/views/includes/base.inc', '8389f49a2bc00819c00eae88fc30630151a3487c54a17472956adc4b2c596d04'),
('sites/all/modules/views/includes/handlers.inc', '1ed338807e8fcdeab6432f374649b6adb03f9e3011ad019f408a6206605a01ea'),
('sites/all/modules/views/includes/plugins.inc', 'bb12703a4a4e8bbc42ecc8ce27bf98546d9ea024324f4d03ba77348ec18b328c'),
('sites/all/modules/views/includes/view.inc', '1c4773c34303378c10325d5bb8fd55a3c88b7f80c307d7daf7c3d2dfe80ead33'),
('sites/all/modules/views/modules/aggregator/views_handler_argument_aggregator_category_cid.inc', '97acf41d6694fd4451909c18b118f482db9f39aa4b8c5cfa75d044d410c46012'),
('sites/all/modules/views/modules/aggregator/views_handler_argument_aggregator_fid.inc', 'c37def91d635b01db36809141d147d263cc910895e11c05e73d703e86b39fd43'),
('sites/all/modules/views/modules/aggregator/views_handler_argument_aggregator_iid.inc', '344f2806344d9c6356f2e19d297522f53bab7a4cebdf23c76d04c85c9e0a0d8e'),
('sites/all/modules/views/modules/aggregator/views_handler_field_aggregator_category.inc', '252b30b832d8c0097d6878f5d56beecfc8cc1fc7cc8b5a4670d8d95a80b4f17d'),
('sites/all/modules/views/modules/aggregator/views_handler_field_aggregator_title_link.inc', '1bb18967b11f2f4de62075d27e483f175b5e3431622c2e5e8292afcd000beadf'),
('sites/all/modules/views/modules/aggregator/views_handler_field_aggregator_xss.inc', '2db2e1f0500e0a252c7367e6a92906870b3247f9d424f999c381368ee2c76597'),
('sites/all/modules/views/modules/aggregator/views_handler_filter_aggregator_category_cid.inc', '7c7c0690c836ac1b75bca3433aca587b79aec3e7d072ce97dc9b33a35780ad4f'),
('sites/all/modules/views/modules/aggregator/views_plugin_row_aggregator_rss.inc', '591e5bb7272e389fe5fc2b563f8887dbc3674811ffbb41333d36a7a9a1859e56'),
('sites/all/modules/views/modules/book/views_plugin_argument_default_book_root.inc', 'bd3bd9496bf519b1688cf39396f3afa495a29c8190a3e173c0740f4d20606a53'),
('sites/all/modules/views/modules/comment/views_handler_argument_comment_user_uid.inc', '5e29f7523010a074bda7c619b24c5d31e0c060cdbe47136b8b16b2f198ed4b4a'),
('sites/all/modules/views/modules/comment/views_handler_field_comment.inc', 'a126d690cc5bf8491cb4bee4cc8237b90e86768bebbbecb8a9409a3c1e00fa9e'),
('sites/all/modules/views/modules/comment/views_handler_field_comment_depth.inc', '1dc353a31d3c71c67d0b3e6854d9e767e421010fbbf6a8b04a14035e5f7c097f'),
('sites/all/modules/views/modules/comment/views_handler_field_comment_link.inc', '1f7382f7cb05c65a7cba44e4cd58022bbc6ce5597b96228d1891d7720510bf0e'),
('sites/all/modules/views/modules/comment/views_handler_field_comment_link_approve.inc', 'f6db8a0b4dd9fffba9d8ecb7b7363ba99d3b2dc7176436a0a6dd7a93195a5789'),
('sites/all/modules/views/modules/comment/views_handler_field_comment_link_delete.inc', '905a4cb1f91a4b40ee1ca1d1ded9958ae18e82286589fec100adb676769b1fe9'),
('sites/all/modules/views/modules/comment/views_handler_field_comment_link_edit.inc', '8139c932cde20f366a3019111c054b1ed00dbc0c40634b91239b400243b7723a'),
('sites/all/modules/views/modules/comment/views_handler_field_comment_link_reply.inc', '8807884efb840407696c909b9d5d07f60bde9d7f385a59eca214178ce5369558'),
('sites/all/modules/views/modules/comment/views_handler_field_comment_node_link.inc', '64746ff2b80a5f8e83b996a325c3d5c8393934c331510b93d5815ea11c1db162'),
('sites/all/modules/views/modules/comment/views_handler_field_comment_username.inc', '1ce3fa61b3933a3e15466760e4c5d4a85407ba4c8753422b766fc04395fa4d02'),
('sites/all/modules/views/modules/comment/views_handler_field_last_comment_timestamp.inc', '30c55ec6d55bf4928b757f2a236aab56d34a8e6955944a1471e9d7b7aed057c0'),
('sites/all/modules/views/modules/comment/views_handler_field_ncs_last_comment_name.inc', '82025f3ad22b63abc57172d358b3f975006109802f4a5ecac93ce3785c505cae'),
('sites/all/modules/views/modules/comment/views_handler_field_ncs_last_updated.inc', 'facfbc5defd843f4dfb60e645f09a784234d87876628c8de98d2dfa6bb98a895'),
('sites/all/modules/views/modules/comment/views_handler_field_node_comment.inc', '0cf9e8fb416dca35c3b9df3125eb3a8585f798c6a8f8d0e1034b1fccb5cec38b'),
('sites/all/modules/views/modules/comment/views_handler_field_node_new_comments.inc', 'e0830d1f70dea473e46ab2b86e380ef741b2907f033777889f812f46989f2ff7'),
('sites/all/modules/views/modules/comment/views_handler_filter_comment_user_uid.inc', 'f526c2c4153b28d7b144054828261ba7b26566169350477cd4fb3f5b5f280719'),
('sites/all/modules/views/modules/comment/views_handler_filter_ncs_last_updated.inc', '9369675dfee24891fe19bddf85a847c275b8127949c55112ae5cb4d422977d24'),
('sites/all/modules/views/modules/comment/views_handler_filter_node_comment.inc', '70706c47bad9180c2426005da6c178ed8d27b75b28cb797ca2a1925a96dcef09'),
('sites/all/modules/views/modules/comment/views_handler_sort_comment_thread.inc', 'a64bc780cba372bd408f08a5ea9289cdf3d40562bdf2f7320657be9a9f6c7882'),
('sites/all/modules/views/modules/comment/views_handler_sort_ncs_last_comment_name.inc', '9f039e8b8a046c058fda620804e3503be7b3e7e3e4119f0b015ccbae0922635b'),
('sites/all/modules/views/modules/comment/views_handler_sort_ncs_last_updated.inc', 'fa8b9c3614ad5838aa40194940d9dc6935175a16e141ac919f40e74a7428c4e3'),
('sites/all/modules/views/modules/comment/views_plugin_row_comment_rss.inc', 'ab97ac0ed4e6d7f2d44dc4ae9c5a84fe5658b739e1b609e5a877df528c3aa970'),
('sites/all/modules/views/modules/comment/views_plugin_row_comment_view.inc', '82d7296fa3109ca170f66f6f3b5e1209af98a9519bb5e4a2c42d9fc0e95d7078'),
('sites/all/modules/views/modules/contact/views_handler_field_contact_link.inc', 'ec783b215a06c89c0933107a580c144051118305dd0129ac28a7fea5f95a8fd5'),
('sites/all/modules/views/modules/field/views_handler_argument_field_list.inc', 'eff5152a2c120425a2a75fe7dbcb49ed86e5d48392b0f45b49c2e7abee9fa72b'),
('sites/all/modules/views/modules/field/views_handler_argument_field_list_string.inc', '534af91d92da7a622580ab8b262f9ef76241671a5185f30ba81898806c7b7f15'),
('sites/all/modules/views/modules/field/views_handler_field_field.inc', 'da78d77eff6f6292ebcacc61aef1d92dcae59ccedb6ab111a44fb28253d9d116'),
('sites/all/modules/views/modules/field/views_handler_filter_field_list.inc', '3b55cd0a14453c95ebd534507ab842a8505496d0b7e4c7fcd61c186034c7322d'),
('sites/all/modules/views/modules/field/views_handler_relationship_entity_reverse.inc', '060035c5430c81671e4541bcf7de833c8a1eb3fa3f3a9db94dd3cebfa4299ef1'),
('sites/all/modules/views/modules/filter/views_handler_field_filter_format_name.inc', 'fc3f074ffb39822182783a8d5cf2b89ffcc097ccbb2ed15818a72a99e3a18468'),
('sites/all/modules/views/modules/locale/views_handler_argument_locale_group.inc', 'c8545411096da40f48eef8ec59391f4729c884079482e3e5b3cdd5578a1f9ad7'),
('sites/all/modules/views/modules/locale/views_handler_argument_locale_language.inc', 'a1b6505bb26e4b3abce543b9097cd0a7b8cddf00bf1e49fbba86febebb0f4486'),
('sites/all/modules/views/modules/locale/views_handler_field_locale_group.inc', '5b62afe18f92ee4a5fb49eb0995e65b4744bbe3b9c24ffe8f6c21f3191c04afc'),
('sites/all/modules/views/modules/locale/views_handler_field_locale_language.inc', '0cc08bd2d42e07f26e7acc92642b36f0ac62bf23ee9ba3fd21e6cab9a80e9f72'),
('sites/all/modules/views/modules/locale/views_handler_field_locale_link_edit.inc', '836ceb1883047011ac1b3dca2254861b8caa1ea67405b3cdbe0fa6f3fbbd5a96'),
('sites/all/modules/views/modules/locale/views_handler_field_node_language.inc', 'a6ccdb6c1c4df3b4fd31b714f5aa4ac99771ffce63439d6c5de6c0ae2f09a2c1'),
('sites/all/modules/views/modules/locale/views_handler_filter_locale_group.inc', '40fbc041bab64f336f59d1e0593f184b879b2a0c9e2a6050709bdc54cceb2716'),
('sites/all/modules/views/modules/locale/views_handler_filter_locale_language.inc', '3433893d988aad36b918dd6214f5258b701506bc9c0c6a72fd854a036b635e20'),
('sites/all/modules/views/modules/locale/views_handler_filter_locale_version.inc', '9337ea5216784ffc67a0aa45c946e65ad11fc40849189cc70911a81366b78620'),
('sites/all/modules/views/modules/locale/views_handler_filter_node_language.inc', 'd7edea3f35891cc76aa3bb185b9c1404378623ea7fd214c2a1f0d824df12779a'),
('sites/all/modules/views/modules/node/views_handler_argument_dates_various.inc', 'd2c17e6ec3d221bdd0d1c060da4b0c85274c8ac5a0b624b1469b162694a8d0f5'),
('sites/all/modules/views/modules/node/views_handler_argument_node_language.inc', '7ee3ba02bddaa6aeef9961cdf6af7bb386fc2b12529f095b28520bb98af51775'),
('sites/all/modules/views/modules/node/views_handler_argument_node_nid.inc', '11c5b62413ffd1b2c66d4b60a2fe21cf6eb839ae40d4ef81c7a938c5be3e30de'),
('sites/all/modules/views/modules/node/views_handler_argument_node_type.inc', '9e21b4cc4ae861f58c804ea7e2c17fbc5dd2a7938b9abfeb54437b531fc95e6e'),
('sites/all/modules/views/modules/node/views_handler_argument_node_uid_revision.inc', '675c99f8da9748ac507e202f546914bee3ed4065f6ce83a23a2aaafdaefd084e'),
('sites/all/modules/views/modules/node/views_handler_argument_node_vid.inc', '7e5da5594a336c1d0f4cf080ab3fcd690e0de1ee6b5e1830b5fb76a46bced19c'),
('sites/all/modules/views/modules/node/views_handler_field_history_user_timestamp.inc', '7d6d9c8273d317ab908d4873a32086dbd5f78a2b2d07b7ed79975841a2cadea6'),
('sites/all/modules/views/modules/node/views_handler_field_node.inc', '99a0ef52b68e8913eb3563d5c47097c09e46c6493fcb006f383c6f6798edb7fc'),
('sites/all/modules/views/modules/node/views_handler_field_node_link.inc', '26d8309a3a9140682d7d90e4d16ff664a3d7ce662af6ccbf75dc4c493515d7d9'),
('sites/all/modules/views/modules/node/views_handler_field_node_link_delete.inc', '3eeed8c9ffc088ee28b8ffaa5e2b084db24284acc4d1b2e69f90c96cc889016d'),
('sites/all/modules/views/modules/node/views_handler_field_node_link_edit.inc', '28f8c3b7d3d60c31fec3cdf81c84cfbb20f492220457694a0e150c3ddee030c0'),
('sites/all/modules/views/modules/node/views_handler_field_node_path.inc', 'f392fde21e434fd40fc672546ef684780179d91827350ba9c348bb1cc5924727'),
('sites/all/modules/views/modules/node/views_handler_field_node_revision.inc', '3f510d58acaa8f844292b86c388cb1e78eac8c732bb5e7c9e92439c425710240'),
('sites/all/modules/views/modules/node/views_handler_field_node_revision_link.inc', 'ace72f296cf4a4da4b7dd7b303532aebf93b6b1c18a5d30b51b65738475e3889'),
('sites/all/modules/views/modules/node/views_handler_field_node_revision_link_delete.inc', '0a36602f080c4ef2bb5cb7dbddc5533deab7743c2fbf3bd88b9e478432cac7fb'),
('sites/all/modules/views/modules/node/views_handler_field_node_revision_link_revert.inc', '80ddc7f0c001fde9af491bb22d6044b85324fe90bea611fc3822408fd60008fa'),
('sites/all/modules/views/modules/node/views_handler_field_node_type.inc', 'f8f39c6f238f837270d1b2e42e67bf9ab400a37fe24246c8b86dfcfacc1c4fd9'),
('sites/all/modules/views/modules/node/views_handler_filter_history_user_timestamp.inc', '2970f270e071cad079880e9598d9f7b71d4dd2a2a42a31cd4489029a3cafe158'),
('sites/all/modules/views/modules/node/views_handler_filter_node_access.inc', 'ca625167c8928f1c5b354c27c120ed9b19c1df665dc3b02ed6d96b58194d6243'),
('sites/all/modules/views/modules/node/views_handler_filter_node_status.inc', 'f7099a59d3f237f2870ecb6b0b5e49dd9d785b1085e94baf55687251e7f3231b'),
('sites/all/modules/views/modules/node/views_handler_filter_node_type.inc', '6842082e7b6e131d6e002e627e6b4490b93ca6ffe7fc0b158d31843217c8c929'),
('sites/all/modules/views/modules/node/views_handler_filter_node_uid_revision.inc', 'b221785bc9a736ef67e4f03e6b26235333115b5b9ce571095de5c5286dd8d744'),
('sites/all/modules/views/modules/node/views_plugin_argument_default_node.inc', '7fb79c8f4adb9bcef7c7da4bf4046fe3490e16c244f6ab96fdca97a8567315ff'),
('sites/all/modules/views/modules/node/views_plugin_argument_validate_node.inc', 'f10d3f4081eed5ca32c41b67e9a0e6f35b2f8ba2cd7897230cb5a680b410a6de'),
('sites/all/modules/views/modules/node/views_plugin_row_node_rss.inc', 'd170c2aab84b73c862bfa79b7aa3f83f2a6d4668235970a1a797ce6d57501308'),
('sites/all/modules/views/modules/node/views_plugin_row_node_view.inc', '713e1c83702ac2d0d7fe76374110cdfd657598a8f3b086ec2352f2de38101504'),
('sites/all/modules/views/modules/profile/views_handler_field_profile_date.inc', '4f357b26c60afe2b812c995be69ebce6c6f4ea13075613baad7ec0aef1960d18'),
('sites/all/modules/views/modules/profile/views_handler_field_profile_list.inc', 'da5fa527ab4bb6a1ff44cc2f9cec91cf3b094670f9e6e3884e1fedce714afe6f'),
('sites/all/modules/views/modules/profile/views_handler_filter_profile_selection.inc', '758dea53760a1b655986c33d21345ac396ad41d10ddf39dd16bc7d8c68e72da7'),
('sites/all/modules/views/modules/search/views_handler_argument_search.inc', '3c20f1234af341ea2229419980d8405b7eca5005c1e0ee387c8d5cd7a58c5c60'),
('sites/all/modules/views/modules/search/views_handler_field_search_score.inc', '711af637c864b775672d9f6203fc2da0902ed17404181d1117b400012aac366f'),
('sites/all/modules/views/modules/search/views_handler_filter_search.inc', '15d63289e4821f329f44eb40dc121375e024e61fc2f1158f71b3d6c77fe6c4f1'),
('sites/all/modules/views/modules/search/views_handler_sort_search_score.inc', '9d23dd6c464d486266749106caec1d10cec2da1cc3ae5f907f39056c46badbdf'),
('sites/all/modules/views/modules/search/views_plugin_row_search_view.inc', 'bc25864154d4df0a58bc1ac1148581c76df36267a1d18f8caee2e3e1233c8286'),
('sites/all/modules/views/modules/statistics/views_handler_field_accesslog_path.inc', '7843e5f4b35f4322d673b5646e840c274f7d747f2c60c4d4e9c47e282e6db37d'),
('sites/all/modules/views/modules/system/views_handler_argument_file_fid.inc', 'e9bf1fdf12f210f0a77774381b670c77ee88e7789971ce732b254f6be5a0e451'),
('sites/all/modules/views/modules/system/views_handler_field_file.inc', '0fff4adb471c0c164a78f507b035a68d41f404ab10535f06f6c11206f39a7681'),
('sites/all/modules/views/modules/system/views_handler_field_file_extension.inc', 'f833f6ccd098994d91032d40c0eaf5817559917d860f8f2dd8b82768ca616c91'),
('sites/all/modules/views/modules/system/views_handler_field_file_filemime.inc', 'bdd7f1255f3000f7f2900341d4c4ca378244b96390ef52a30db2962d017b61a4'),
('sites/all/modules/views/modules/system/views_handler_field_file_status.inc', 'bfb0b9d796a4dbf95c4bb7a3deef7724bcda9e0d9067939b74ec787da934f2b0'),
('sites/all/modules/views/modules/system/views_handler_field_file_uri.inc', '350d7dde27ee97cb4279360374eb8633ce7fee115a109346bea85c2c4e3a68c2'),
('sites/all/modules/views/modules/system/views_handler_filter_file_status.inc', '9210a34795f9db36974525e718c91c03c28554da1199932791925d7c4a2f3b11'),
('sites/all/modules/views/modules/system/views_handler_filter_system_type.inc', 'd27513703a75c4d8af79b489266cf4102a36e350c3d90404dab24403ab637205'),
('sites/all/modules/views/modules/taxonomy/views_handler_argument_taxonomy.inc', '8962fa76f1e03316932468b0fd805817af94726beb82bf9f4786e0c709264662'),
('sites/all/modules/views/modules/taxonomy/views_handler_argument_term_node_tid.inc', '79a80284231b3bc5aab36833e8200853686784f880dc6b104552d61fc602f27c'),
('sites/all/modules/views/modules/taxonomy/views_handler_argument_term_node_tid_depth.inc', '5b2806fbad4a6cc104e733a3a0faf6eb1c19975930c67c4149fb3267976e0b7d'),
('sites/all/modules/views/modules/taxonomy/views_handler_argument_term_node_tid_depth_modifier.inc', 'd85ebe68290239b25fc240451655b825325854e9707cf742fbd75de81e0f1aa7'),
('sites/all/modules/views/modules/taxonomy/views_handler_argument_vocabulary_machine_name.inc', '888647527bec3444b2d0a571a77900396d7c5e884bca04a2a3667a61f6377b5e'),
('sites/all/modules/views/modules/taxonomy/views_handler_argument_vocabulary_vid.inc', 'bf4be783ef6899f004f4dbd06c1bf2cd6dbc322678c825eec36bee81d667e81f'),
('sites/all/modules/views/modules/taxonomy/views_handler_field_taxonomy.inc', 'b0dd5cfa87c44b95aefd819444e4985c1773350bcf9fe073a2ef5c82b680b833'),
('sites/all/modules/views/modules/taxonomy/views_handler_field_term_link_edit.inc', '3da63f6feb1fa3312853b54585d761d037dac8841b4c06e01e35463c9098064a'),
('sites/all/modules/views/modules/taxonomy/views_handler_field_term_node_tid.inc', '29c5132ac98a2959405e44f9a83096b0dcfa30ed7fb4688453ca7e1fc779684b'),
('sites/all/modules/views/modules/taxonomy/views_handler_filter_term_node_tid.inc', '0fd0384ec873d6db244da736e6f5f811ece9a8a5673aeca609a2a3f17f61fc45'),
('sites/all/modules/views/modules/taxonomy/views_handler_filter_term_node_tid_depth.inc', '0b05ec052dcc03081e20338808dda17beb0bdf869b0cfc1375ca96cfb758c22a'),
('sites/all/modules/views/modules/taxonomy/views_handler_filter_vocabulary_machine_name.inc', 'f1787b436b914cfe5ca6f2575d4c0595f4f496795711d6e8a116a39986728b0a'),
('sites/all/modules/views/modules/taxonomy/views_handler_filter_vocabulary_vid.inc', '2a4d7dfbb6b795d217e2617595238f552bbea04b80217c933f1ee9978ceb7a0e'),
('sites/all/modules/views/modules/taxonomy/views_handler_relationship_node_term_data.inc', '995345469938c7796ed77cb010984cb01c0d712386ae4a5f447e843620248570'),
('sites/all/modules/views/modules/taxonomy/views_plugin_argument_default_taxonomy_tid.inc', 'fc4c3ace525162fc922de581af0710c7d92dc355e9630040a29a5c3a6ab7f9af'),
('sites/all/modules/views/modules/taxonomy/views_plugin_argument_validate_taxonomy_term.inc', 'd1a7aa7ebd9c698afcdcf75b2f0affa981124064ff787ebc716bfac3ee0f60af'),
('sites/all/modules/views/modules/tracker/views_handler_argument_tracker_comment_user_uid.inc', '91f5b7e9537942eee7a1798906f772cb9806eebfdc201c54fcdecf027cd71d0f'),
('sites/all/modules/views/modules/tracker/views_handler_filter_tracker_boolean_operator.inc', '5efea908902052d68141017b6f29f17381e7bb8ebb6d88245471926f0a552207'),
('sites/all/modules/views/modules/tracker/views_handler_filter_tracker_comment_user_uid.inc', '05e07f74d1e3978afd4c80a9b4bd72444872b84a44949a512f1d3040ce28421c'),
('sites/all/modules/views/modules/translation/views_handler_argument_node_tnid.inc', 'b0e3c87d3790cfa2e265f3d9700f2b3c2857932aa4b6e003e5d0114fc1b4d499'),
('sites/all/modules/views/modules/translation/views_handler_field_node_link_translate.inc', '27a1ac81b50d4807d9a1eff4c5dc8929e4472f9d363f70f5391a794db73424a2'),
('sites/all/modules/views/modules/translation/views_handler_field_node_translation_link.inc', '641ff25cd317bb803de2ace4bd23e8c5f5af5ba4ac38aab7be2fdc58fbb9e86a'),
('sites/all/modules/views/modules/translation/views_handler_filter_node_tnid.inc', '0942fd793740e3aec032a1abb7132f53788a9cdeaeb3d931cac908ac30b73950'),
('sites/all/modules/views/modules/translation/views_handler_filter_node_tnid_child.inc', '2a7a96d6caa4a99996549be0457bf40fa619731543a636d4573e55c190c64c7a'),
('sites/all/modules/views/modules/translation/views_handler_relationship_translation.inc', '9137c85f5ca309d4ee0d3243c470563a5853f5926b8cbd3e843438d4308c9516'),
('sites/all/modules/views/modules/user/views_handler_argument_users_roles_rid.inc', '72da80e7f3c6980da024d86f37ba3721021cc1ead2cfcc1ab9b27897b7b5077a'),
('sites/all/modules/views/modules/user/views_handler_argument_user_uid.inc', 'a4af1bdc1ec5e40587c22c14e839980050baaa346c9d5934ef3f01794932cdc5'),
('sites/all/modules/views/modules/user/views_handler_field_user.inc', '1a2141524e43d86b52c7828fe6df61dd603ad433743c1139cfc5cc28ccb5ce74'),
('sites/all/modules/views/modules/user/views_handler_field_user_language.inc', '5a3da9e08ebeebbcb5abc6a9b16e0d380c5bb5c57b608afb540a3ca6dc1b2959'),
('sites/all/modules/views/modules/user/views_handler_field_user_link.inc', '5a0f35d5305a29816658385ecbd804bf43c92d4b3629fbe4bd9b8d0e9574b6ff'),
('sites/all/modules/views/modules/user/views_handler_field_user_link_cancel.inc', 'bcc690f03eca154ad02d1de3ebca7d99129455e8c8602c0642382ae66a6d2872'),
('sites/all/modules/views/modules/user/views_handler_field_user_link_edit.inc', '5d7c1155d9eccbd6b07c7446fe2b6a8848d6a500f508ac3779f16df56816f92b'),
('sites/all/modules/views/modules/user/views_handler_field_user_mail.inc', 'b7355b704f19322afb4876cea27744367e20098d4ed973e480bf2baf1ddd111c'),
('sites/all/modules/views/modules/user/views_handler_field_user_name.inc', '5fd9a4d7843fee83cf529384a52d7ae69e40a9c8846e7f285e94f4bbbf8c7e29'),
('sites/all/modules/views/modules/user/views_handler_field_user_permissions.inc', 'ec37373524bf23ae107adda6b825570c550e6654c0f0956409fc58df2c860903'),
('sites/all/modules/views/modules/user/views_handler_field_user_picture.inc', '0103d136a91fb219fd981801301b7df00adf90617900ded08efbf6d7df04959b'),
('sites/all/modules/views/modules/user/views_handler_field_user_roles.inc', 'ab5068c4f01a05c6511f7d4b973a77650d5b5c481d4a73f63b7a9b1ef9c0d138'),
('sites/all/modules/views/modules/user/views_handler_filter_user_current.inc', '7f70b7e3b3c10e75d95f54afc9c2fe2f1af9b7a9eab2308d2961b2588dc05845'),
('sites/all/modules/views/modules/user/views_handler_filter_user_name.inc', '5225e5d89051313e0e49ea833709bb4dc44369afeee970b0cfaf1818ababa22c'),
('sites/all/modules/views/modules/user/views_handler_filter_user_permissions.inc', 'a72e8d02c1075cebfee33e5b046460eef9193b2a7c1d47ff130457e4485b6fe5'),
('sites/all/modules/views/modules/user/views_handler_filter_user_roles.inc', '3bb69fbc4e352ce8e4840ec78bdd0f1f29e8709097ce6b29cc2fedd2c74c023e'),
('sites/all/modules/views/modules/user/views_plugin_argument_default_current_user.inc', '11e729115350deffe46ebfe3a55281fa169a90e38a76c3a9d98f26c87900a22b'),
('sites/all/modules/views/modules/user/views_plugin_argument_default_user.inc', 'fe567f009a8e20f402f104b157fd44c04d6bd886a39b2f3355104f644f905419'),
('sites/all/modules/views/modules/user/views_plugin_argument_validate_user.inc', '40d623b0a678fa7c292da92582f06449d0396341ab161069f0fe8d1086ab95da'),
('sites/all/modules/views/modules/user/views_plugin_row_user_view.inc', '52548cca3f18d25b06cfce15ee00acea530b85bd22a10944d984b5a798c5969f'),
('sites/all/modules/views/plugins/export_ui/views_ui.class.php', '8548322a602b99e4343948255a8c89b034e005a29d71e499cea7c60a4d8a6d87'),
('sites/all/modules/views/plugins/views_plugin_access.inc', 'cc16bf7dc4c10eab382e948cfd91902ac1055514b627e3c50932376d3e3f1b91'),
('sites/all/modules/views/plugins/views_plugin_access_none.inc', '8e0a6b706c60abf63ab84d8624567ca12a5b80ad293e4334790065fbe6fa14d4'),
('sites/all/modules/views/plugins/views_plugin_access_perm.inc', '1807a9c91485a5abd3fb2f6590ed4bc185fdabe308db37b169be8abdfc30cab2'),
('sites/all/modules/views/plugins/views_plugin_access_role.inc', '8784836ea87ec6b0974125ed95ed6bbf6fdf91624f496f22c28e9229c695068d'),
('sites/all/modules/views/plugins/views_plugin_argument_default.inc', '43e593760f0e8f031f2e7b861385caa5e39f37de400fe4595925288c78f52f23'),
('sites/all/modules/views/plugins/views_plugin_argument_default_fixed.inc', 'daaa3b59b54cbb11e411e010303f67a51348bb97a4e06997b475f4c41e91c4e0'),
('sites/all/modules/views/plugins/views_plugin_argument_default_php.inc', '7a133b603294bfe498bfdeb50fade0b6e3cf8862270376067d86f69e7dc50eb8'),
('sites/all/modules/views/plugins/views_plugin_argument_default_raw.inc', '4318e0dfa56f167183453cf8cd913f3b7ee539b77a096507905e36db12ded97e'),
('sites/all/modules/views/plugins/views_plugin_argument_validate.inc', 'c71e2b54623cc62530ebb717dec1406c76200a59270d9c60b3be290694c9fdd8'),
('sites/all/modules/views/plugins/views_plugin_argument_validate_numeric.inc', 'c050d3b5723dbfdca9ad312c7fa198e509c626057b95eed326820ce733dd9730'),
('sites/all/modules/views/plugins/views_plugin_argument_validate_php.inc', '56a09922081a5e368d5796907727e35cbf43b0d634e53f947990c8a42d5b5f3e'),
('sites/all/modules/views/plugins/views_plugin_cache.inc', '5a8d4d584ab973b512ca674b45a1e2a4d43d18d420b333cf8179f1ce79d23d85'),
('sites/all/modules/views/plugins/views_plugin_cache_none.inc', 'a0d0ba252e1e2b65350c7ce648b97364726fa8ded5a366bfcce30c62daee4450'),
('sites/all/modules/views/plugins/views_plugin_cache_time.inc', '10db3dd52b06478b7be9b858f3a053ae2c2f6377abe488ad912f8ca786200a1d'),
('sites/all/modules/views/plugins/views_plugin_display.inc', 'e795572a7578eadf9af19ef503f31ef2cfb482d3b5c92f2ded7178fc5b55371b'),
('sites/all/modules/views/plugins/views_plugin_display_attachment.inc', '712f4b78334d8b9abe275ef309541f69ae920117c82930cba1ddbb163cb078f5'),
('sites/all/modules/views/plugins/views_plugin_display_block.inc', 'be9e3c4a9e28270147bb21de8056712d58e47eeddf6e002fdb9425996d5d5ead'),
('sites/all/modules/views/plugins/views_plugin_display_default.inc', '91c6554d8f41f848bf30093d44d076051c54e998f6b50bdc2a922bfeeef9c54d'),
('sites/all/modules/views/plugins/views_plugin_display_embed.inc', '5424f2ea9e031faade7a562b8013aea193db5b0bc1be92b97bd7967de0d7bfff'),
('sites/all/modules/views/plugins/views_plugin_display_extender.inc', '75fb9f80e7f153715b911690c7140f251df588e6a541fab5881fbfafc0bbf778'),
('sites/all/modules/views/plugins/views_plugin_display_feed.inc', 'fbff8bf3f2d9fcd6403ca31d6f351dea54c83a644a613f78d34267b504bc84fc'),
('sites/all/modules/views/plugins/views_plugin_display_page.inc', '7f38f2009e09400ddee42777fab356b0ed430653ca2f53b71061c3f2cb946cbc'),
('sites/all/modules/views/plugins/views_plugin_exposed_form.inc', '31c3e76560512e25200e64e17e7a9716482535cd6f1fac7c610e48343484e107'),
('sites/all/modules/views/plugins/views_plugin_exposed_form_basic.inc', 'c736e1862b393e15ecc80deb58663405a1d68c2db07eb620d8e640406876cd17'),
('sites/all/modules/views/plugins/views_plugin_exposed_form_input_required.inc', '46566e6bf33f1b3d4640526372af94c03334318fe4267e9f5e2e8cb74f4ddc81'),
('sites/all/modules/views/plugins/views_plugin_localization.inc', 'd7239cc693994dcd069c1f1e7847a7902c5bd29b8d64a93cdf37c602576661fb'),
('sites/all/modules/views/plugins/views_plugin_localization_core.inc', 'f0900c0640e7c779e9b876223ea395f613c8fe8449f6c8eb5d060e2d54a6afcc'),
('sites/all/modules/views/plugins/views_plugin_localization_none.inc', '4930c3a13ddc0df3065f4920a836ffdc933b037e1337764e6687d7311f49dd8a'),
('sites/all/modules/views/plugins/views_plugin_pager.inc', '1cbe6ca33f3a177726e4435b82d05e465deb38f9d32d45a20738f47e7c2b0877'),
('sites/all/modules/views/plugins/views_plugin_pager_full.inc', '1b6e5e1fd8837d6a5f458079a2dc87161a7814c6d8c181c1dee6958a37096c9a'),
('sites/all/modules/views/plugins/views_plugin_pager_mini.inc', '47ecac80489f13ebf16a7d2f3458c291bc06ba12e0aeb601d89cac8f6e32b6c0'),
('sites/all/modules/views/plugins/views_plugin_pager_none.inc', '822cab1ada25f4902a0505f13db86886061d2ced655438b33b197d031ccceddd'),
('sites/all/modules/views/plugins/views_plugin_pager_some.inc', 'bc6aa7cbf1bc09374eced33334195c8897e4078336b8306d02d71c7aaaa22c99'),
('sites/all/modules/views/plugins/views_plugin_query.inc', '0594d1fd0c34b86c6b81741e134da2d385d6be47b667af6660dd1d268fb7fa95'),
('sites/all/modules/views/plugins/views_plugin_query_default.inc', 'a35fff884bddaa3e45a2143ba96ac595af7dc380457d96b2cc9f4e35c2742617'),
('sites/all/modules/views/plugins/views_plugin_row.inc', '3ca81529526b930cfb0dda202757f203649236b90441e3c035bb79cd419ee2a6'),
('sites/all/modules/views/plugins/views_plugin_row_fields.inc', '875fb2868cdbcc5f7af03098cbe55b9bb91ef512e5e52ccde89f7a02a0c5fbe2'),
('sites/all/modules/views/plugins/views_plugin_row_rss_fields.inc', '62f4a0ceef14aec9958ee8b98d352303f10818ddc66031814cc8b9d21752ade9'),
('sites/all/modules/views/plugins/views_plugin_style.inc', '60243c95aa09e6b09de8418a6dc2b67eabf1e83289cfbf4658c519d6206227be'),
('sites/all/modules/views/plugins/views_plugin_style_default.inc', 'bf411e635d2fd9e09eb245b43581a0a7b670359180ccb042d42a5e579bbe9c30'),
('sites/all/modules/views/plugins/views_plugin_style_grid.inc', '35094b7f644b7e0692c9026b6b6b4c4c864c37fcdedef04b359dd2bdba496a47'),
('sites/all/modules/views/plugins/views_plugin_style_jump_menu.inc', '66170c5b4a8e779f20cf7cf064c65eeba9753b8f4cdf156b108f30d4a22007a2'),
('sites/all/modules/views/plugins/views_plugin_style_list.inc', '407b928d2c74a91903b681088bccce926d2268d0a9a6a34c185a4849dc0d7e31'),
('sites/all/modules/views/plugins/views_plugin_style_mapping.inc', 'af4b75dd08f1597280a8deb6086259be4f10af50acace43ce2013170655f752c'),
('sites/all/modules/views/plugins/views_plugin_style_rss.inc', '77fcd2a962022159e89a773c49823306ef69a0dd1b54e6b344d1e2e45590d3d1'),
('sites/all/modules/views/plugins/views_plugin_style_summary.inc', '872df59f8f389eaf9b019e82d859dd198d31166e26a9102132e3932c7f1f2916'),
('sites/all/modules/views/plugins/views_plugin_style_summary_jump_menu.inc', '2ec0d225824ee65b6bb61317979e1dabe2be524a66ab19da924c6949dd31af3b'),
('sites/all/modules/views/plugins/views_plugin_style_summary_unformatted.inc', 'c1e6f9dd1d75e29fee271171440d2182e633a1dbbc996cb186f637ff7ad93ed9'),
('sites/all/modules/views/plugins/views_plugin_style_table.inc', '0cbcc5d256a13953fbd3e5966a33d2426d5c3bd8c228ef370daebf2f428e693c'),
('sites/all/modules/views/plugins/views_wizard/views_ui_base_views_wizard.class.php', 'd8325414c8ddde5c955a5cfb053b77478bb4d73cb2f7d75b857b082bc5a1e12d'),
('sites/all/modules/views/plugins/views_wizard/views_ui_comment_views_wizard.class.php', '208d02d7185ccc89c6767d31be2f5417c7877a6846457194eb103bd648aa7577');
INSERT INTO `drupal_registry_file` (`filename`, `hash`) VALUES
('sites/all/modules/views/plugins/views_wizard/views_ui_file_managed_views_wizard.class.php', '5734fb564ba9e2485cfa5d4a49f0c76f65a9be357b78e769ee4af92c4ef9e22a'),
('sites/all/modules/views/plugins/views_wizard/views_ui_node_revision_views_wizard.class.php', '6faf9ef92501a4f1aeaf86bcff9edaeb47bd7526ba50d06b841c9366149e7725'),
('sites/all/modules/views/plugins/views_wizard/views_ui_node_views_wizard.class.php', '2862cfdcef52cdd42f3b0e0113148bd0da8a93b6cd200f94d51df34e5428fcd2'),
('sites/all/modules/views/plugins/views_wizard/views_ui_taxonomy_term_views_wizard.class.php', 'a8713b5a925ce8619f4f7b2ce74fbf9f7bb570f8ed084c8a7a5865fb40032eab'),
('sites/all/modules/views/plugins/views_wizard/views_ui_users_views_wizard.class.php', 'f9fe2fb1ee87a1871e6ad32bad61b2457313f24da1bd5423977ced12de542919'),
('sites/all/modules/views/tests/comment/views_handler_argument_comment_user_uid.test', 'b8b417ef0e05806a88bd7d5e2f7dcb41339fbf5b66f39311defc9fb65476d561'),
('sites/all/modules/views/tests/comment/views_handler_filter_comment_user_uid.test', '347c6ffd4383706dbde844235aaf31cff44a22e95d2e6d8ef4da34a41b70edd1'),
('sites/all/modules/views/tests/field/views_fieldapi.test', '53e6d57c2d1d6cd0cd92e15ca4077ba532214daf41e9c7c0f940c7c8dbd86a66'),
('sites/all/modules/views/tests/handlers/views_handler_area_text.test', 'af74a74a3357567b844606add76d7ca1271317778dd7bd245a216cf963c738b4'),
('sites/all/modules/views/tests/handlers/views_handler_argument_null.test', '1d174e1f467b905d67217bd755100d78ffeca4aa4ada5c4be40270cd6d30b721'),
('sites/all/modules/views/tests/handlers/views_handler_argument_string.test', '3d0213af0041146abb61dcdc750869ed773d0ac80cfa74ffbadfdd03b1f11c52'),
('sites/all/modules/views/tests/handlers/views_handler_field.test', 'af552bf825ab77486b3d0d156779b7c4806ce5a983c6116ad68b633daf9bb927'),
('sites/all/modules/views/tests/handlers/views_handler_field_boolean.test', 'd334b12a850f36b41fe89ab30a9d758fd3ce434286bd136404344b7b288460ae'),
('sites/all/modules/views/tests/handlers/views_handler_field_counter.test', '75b31942adf06b107f5ffd3c97545fde8cd1040b1d00f682e3c7c1320026e26c'),
('sites/all/modules/views/tests/handlers/views_handler_field_custom.test', '1446bc3d5a6b1180a79edfa46a5268dbf7f089836aa3bc45df00ddaff9dd0ce1'),
('sites/all/modules/views/tests/handlers/views_handler_field_date.test', '6f45326d7f74127956d9d8e4d7ad96a4beb0f66175fa40daf1d618d1a5fa996d'),
('sites/all/modules/views/tests/handlers/views_handler_field_file_size.test', '49184db68af398a54e81c8a76261acd861da8fd7846b9d51dcf476d61396bfb9'),
('sites/all/modules/views/tests/handlers/views_handler_field_math.test', '6e39e4f782e6b36151ceafb41a5509f7c661be79b393b24f6f5496d724535887'),
('sites/all/modules/views/tests/handlers/views_handler_field_url.test', 'b41f762a71594b438a2e60a79c8260ba54e6305635725b0747e29f0d3ffe08c9'),
('sites/all/modules/views/tests/handlers/views_handler_field_xss.test', 'f129ee16c03f84673e33990cbb2da5aa88c362f46e9ba1620b2a842ffd1c9cd2'),
('sites/all/modules/views/tests/handlers/views_handler_filter_combine.test', '05842d83a11822afe7d566835f5db9f0f94fdb27ddfc388d38138767bdf36f8b'),
('sites/all/modules/views/tests/handlers/views_handler_filter_date.test', '045cc449b68bbd5526071bf38c505b6d44f6c91868273c3120705c3bad250aee'),
('sites/all/modules/views/tests/handlers/views_handler_filter_equality.test', 'c88f21c9cbf1aae83393b26616908f8020c18fe378d76256c7ba192df2ec17af'),
('sites/all/modules/views/tests/handlers/views_handler_filter_in_operator.test', '89420a4071677232e0eb82b184b37b818a82bdb2ff90a8b21293f9ecb21808bf'),
('sites/all/modules/views/tests/handlers/views_handler_filter_numeric.test', '35ac7a34e696b979e86ef7209b6697098d9abe218e30a02cc4fe39fb11f2a852'),
('sites/all/modules/views/tests/handlers/views_handler_filter_string.test', 'b7d090780748faad478e619fd55673d746d4a0cf343d9e40ea96881324c34cbd'),
('sites/all/modules/views/tests/handlers/views_handler_sort.test', 'f4ff79e6bc54e83c4eb2777811f33702b7e9fe7416ef70ae00d100fa54d44fec'),
('sites/all/modules/views/tests/handlers/views_handler_sort_date.test', 'f548584d7c6a71cabd3ce07e04053a38df3f3e1685210ce8114238fd05344c10'),
('sites/all/modules/views/tests/handlers/views_handler_sort_random.test', '4fdba9bf05a26720ffa97e7a37da65ddc9044bd2832f8c89007b82feb062f182'),
('sites/all/modules/views/tests/node/views_node_revision_relations.test', '9467497a6d693615b48c8f57611a850002317bcb091b926d2efbbe56a4e61480'),
('sites/all/modules/views/tests/plugins/views_plugin_display.test', '4a6b136543a60999604c54125fa9d4f5aa61a5dcc71e2133d89325d81bc0fc2d'),
('sites/all/modules/views/tests/styles/views_plugin_style.test', 'fb6c3279645fbcc1126acb3e1c908189e5240c647f81dcfd9b0761570c99d269'),
('sites/all/modules/views/tests/styles/views_plugin_style_base.test', '54fb7816d18416d8b0db67e9f55aa2aa50ac204eb9311be14b6700b7d7a95ae7'),
('sites/all/modules/views/tests/styles/views_plugin_style_jump_menu.test', 'b88baa8aebe183943a6e4cf2df314fef13ac41b5844cd5fa4aa91557dd624895'),
('sites/all/modules/views/tests/styles/views_plugin_style_mapping.test', 'a4e68bc8cfbeff4a1d9b8085fd115bfe7a8c4b84c049573fa0409b0dc8c2f053'),
('sites/all/modules/views/tests/styles/views_plugin_style_unformatted.test', '033ca29d41af47cd7bd12d50fea6c956dde247202ebda9df7f637111481bb51d'),
('sites/all/modules/views/tests/taxonomy/views_handler_relationship_node_term_data.test', '6074f5c7ae63225ea0cd26626ace6c017740e226f4d3c234e39869c31308223d'),
('sites/all/modules/views/tests/test_plugins/views_test_plugin_access_test_dynamic.inc', '6a3ce8c256b84734b6b67a893ab24465a5f62d7bdf9ab5d22082a31849346b7d'),
('sites/all/modules/views/tests/test_plugins/views_test_plugin_access_test_static.inc', 'e345e42d443cfa73db0ed2be61291117ebd57b86196cdb77c6f440e93443def3'),
('sites/all/modules/views/tests/test_plugins/views_test_plugin_style_test_mapping.inc', '0b2c68626105bd5f6b9074022a37c3d09d3a6bd70b811bb26d5eacad6d74546f'),
('sites/all/modules/views/tests/user/views_handler_field_user_name.test', '69641b6da26d8daee9a2ceb2d0df56668bf09b86db1d4071c275b6e8d0885f9e'),
('sites/all/modules/views/tests/user/views_user.test', 'fbb63b42a0b7051bd4d33cf36841f39d7cc13a63b0554eca431b2a08c19facae'),
('sites/all/modules/views/tests/user/views_user_argument_default.test', '6423f2db7673763991b1fd0c452a7d84413c7dd888ca6c95545fadc531cfaaf4'),
('sites/all/modules/views/tests/user/views_user_argument_validate.test', 'c88c9e5d162958f8924849758486a0d83822ada06088f5cf71bfbe76932d8d84'),
('sites/all/modules/views/tests/views_access.test', 'f8b9d04b43c09a67ec722290a30408c1df8c163cf6e5863b41468bb4e381ee6f'),
('sites/all/modules/views/tests/views_analyze.test', '5548e36c99bb626209d63e5cddbc31f49ad83865c983d2662c6826b328d24ffb'),
('sites/all/modules/views/tests/views_argument_default.test', '5950937aae4608bba5b86f366ef3a56cc6518bbccfeaeacda79fa13246d220e4'),
('sites/all/modules/views/tests/views_argument_validator.test', '31f8f49946c8aa3b03d6d9a2281bdfb11c54071b28e83fb3e827ca6ff5e38c88'),
('sites/all/modules/views/tests/views_basic.test', '655bd33983f84bbea68a3f24bfab545d2c02f36a478566edf35a98a58ff0c6cf'),
('sites/all/modules/views/tests/views_cache.test', '76316e1f026c2ab81ef91450b9d6d5985cbfab087f839ea0edd112209bf84fd9'),
('sites/all/modules/views/tests/views_exposed_form.test', '2b2b16373af8ecade91d7c77bd8c2da8286a33bde554874f5d81399d201c3228'),
('sites/all/modules/views/tests/views_glossary.test', '118d50177a68a6f88e3727e10f8bcc6f95176282cc42fbd604458eeb932a36e8'),
('sites/all/modules/views/tests/views_groupby.test', 'ac6ca55f084f4884c06437815ccfa5c4d10bfef808c3f6f17a4f69537794a992'),
('sites/all/modules/views/tests/views_handlers.test', 'a696e3d6b1748da03a04ac532f403700d07c920b9c405c628a6c94ea6764f501'),
('sites/all/modules/views/tests/views_module.test', '3939798f2f679308903d4845f5625dd60df6110aec2615e33ab81e854d0b7e73'),
('sites/all/modules/views/tests/views_pager.test', '6f448c8c13c5177afb35103119d6281958a2d6dbdfb96ae5f4ee77cb3b44adc5'),
('sites/all/modules/views/tests/views_plugin_localization_test.inc', 'baedcf6c7381f9c5d3a5062f7d256f96808d06e04b6e73eff8e791e5f5293f45'),
('sites/all/modules/views/tests/views_query.test', '1ab587994dc43b1315e9a534d005798aecaa14182ba23a2b445e56516b9528cb'),
('sites/all/modules/views/tests/views_test.views_default.inc', '9664b95577fe2664410921bb751e1d99109e79b734f2c8c142d4083449282bd0'),
('sites/all/modules/views/tests/views_translatable.test', '6899c7b09ab72c262480cf78d200ecddfb683e8f2495438a55b35ae0e103a1b3'),
('sites/all/modules/views/tests/views_ui.test', 'f9687a363d7cc2828739583e3eedeb68c99acd505ff4e3036c806a42b93a2688'),
('sites/all/modules/views/tests/views_upgrade.test', 'c48bd74b85809dd78d963e525e38f3b6dd7e12aa249f73bd6a20247a40d6713a'),
('sites/all/modules/views/tests/views_view.test', 'a52e010d27cc2eb29804a3acd30f574adf11fad1f5860e431178b61cddbdbb69'),
('sites/all/modules/views/views_ui.module', '2451d4e3df513afe85c7e24acc90b89ed24f5a615e8b4002e9d3d6cd1ca8b32e');

-- --------------------------------------------------------

--
-- Structure de la table `drupal_role`
--

CREATE TABLE IF NOT EXISTS `drupal_role` (
  `rid` int(10) unsigned NOT NULL COMMENT 'Primary Key: Unique role ID.',
  `name` varchar(64) NOT NULL DEFAULT '' COMMENT 'Unique role name.',
  `weight` int(11) NOT NULL DEFAULT '0' COMMENT 'The weight of this role in listings and the user interface.'
) ENGINE=InnoDB AUTO_INCREMENT=4 DEFAULT CHARSET=utf8 COMMENT='Stores user roles.';

--
-- Contenu de la table `drupal_role`
--

INSERT INTO `drupal_role` (`rid`, `name`, `weight`) VALUES
(3, 'administrator', 2),
(1, 'anonymous user', 0),
(2, 'authenticated user', 1);

-- --------------------------------------------------------

--
-- Structure de la table `drupal_role_permission`
--

CREATE TABLE IF NOT EXISTS `drupal_role_permission` (
  `rid` int(10) unsigned NOT NULL COMMENT 'Foreign Key: role.rid.',
  `permission` varchar(128) NOT NULL DEFAULT '' COMMENT 'A single permission granted to the role identified by rid.',
  `module` varchar(255) NOT NULL DEFAULT '' COMMENT 'The module declaring the permission.'
) ENGINE=InnoDB DEFAULT CHARSET=utf8 COMMENT='Stores the permissions assigned to user roles.';

--
-- Contenu de la table `drupal_role_permission`
--

INSERT INTO `drupal_role_permission` (`rid`, `permission`, `module`) VALUES
(1, 'access comments', 'comment'),
(1, 'access content', 'node'),
(1, 'access site-wide contact form', 'contact'),
(1, 'post comments', 'comment'),
(1, 'search content', 'search'),
(1, 'use text format filtered_html', 'filter'),
(2, 'access comments', 'comment'),
(2, 'access content', 'node'),
(2, 'access site-wide contact form', 'contact'),
(2, 'post comments', 'comment'),
(2, 'search content', 'search'),
(2, 'skip comment approval', 'comment'),
(2, 'use advanced search', 'search'),
(2, 'use text format filtered_html', 'filter'),
(3, 'access administration pages', 'system'),
(3, 'access all views', 'views'),
(3, 'access comments', 'comment'),
(3, 'access content', 'node'),
(3, 'access content overview', 'node'),
(3, 'access contextual links', 'contextual'),
(3, 'access dashboard', 'dashboard'),
(3, 'access overlay', 'overlay'),
(3, 'access site in maintenance mode', 'system'),
(3, 'access site reports', 'system'),
(3, 'access site-wide contact form', 'contact'),
(3, 'access toolbar', 'toolbar'),
(3, 'access user contact forms', 'contact'),
(3, 'access user profiles', 'user'),
(3, 'administer actions', 'system'),
(3, 'administer blocks', 'block'),
(3, 'administer comments', 'comment'),
(3, 'administer contact forms', 'contact'),
(3, 'administer content types', 'node'),
(3, 'administer contexts', 'context_ui'),
(3, 'administer filters', 'filter'),
(3, 'administer image styles', 'image'),
(3, 'administer menu', 'menu'),
(3, 'administer menu attributes', 'menu_attributes'),
(3, 'administer modules', 'system'),
(3, 'administer nodes', 'node'),
(3, 'administer pathauto', 'pathauto'),
(3, 'administer permissions', 'user'),
(3, 'administer search', 'search'),
(3, 'administer shortcuts', 'shortcut'),
(3, 'administer site configuration', 'system'),
(3, 'administer software updates', 'system'),
(3, 'administer taxonomy', 'taxonomy'),
(3, 'administer themes', 'system'),
(3, 'administer url aliases', 'path'),
(3, 'administer users', 'user'),
(3, 'administer views', 'views'),
(3, 'block IP addresses', 'system'),
(3, 'bypass node access', 'node'),
(3, 'cancel account', 'user'),
(3, 'change own username', 'user'),
(3, 'context ajax block access', 'context_ui'),
(3, 'create article content', 'node'),
(3, 'create page content', 'node'),
(3, 'create url aliases', 'path'),
(3, 'customize shortcut links', 'shortcut'),
(3, 'delete any article content', 'node'),
(3, 'delete any page content', 'node'),
(3, 'delete own article content', 'node'),
(3, 'delete own page content', 'node'),
(3, 'delete revisions', 'node'),
(3, 'delete terms in 1', 'taxonomy'),
(3, 'edit any article content', 'node'),
(3, 'edit any page content', 'node'),
(3, 'edit own article content', 'node'),
(3, 'edit own comments', 'comment'),
(3, 'edit own page content', 'node'),
(3, 'edit terms in 1', 'taxonomy'),
(3, 'notify of path changes', 'pathauto'),
(3, 'post comments', 'comment'),
(3, 'revert revisions', 'node'),
(3, 'search content', 'search'),
(3, 'select account cancellation method', 'user'),
(3, 'skip comment approval', 'comment'),
(3, 'switch shortcut sets', 'shortcut'),
(3, 'use advanced search', 'search'),
(3, 'use text format filtered_html', 'filter'),
(3, 'use text format full_html', 'filter'),
(3, 'view own unpublished content', 'node'),
(3, 'view revisions', 'node'),
(3, 'view the administration theme', 'system');

-- --------------------------------------------------------

--
-- Structure de la table `drupal_search_dataset`
--

CREATE TABLE IF NOT EXISTS `drupal_search_dataset` (
  `sid` int(10) unsigned NOT NULL DEFAULT '0' COMMENT 'Search item ID, e.g. node ID for nodes.',
  `type` varchar(16) NOT NULL COMMENT 'Type of item, e.g. node.',
  `data` longtext NOT NULL COMMENT 'List of space-separated words from the item.',
  `reindex` int(10) unsigned NOT NULL DEFAULT '0' COMMENT 'Set to force node reindexing.'
) ENGINE=InnoDB DEFAULT CHARSET=utf8 COMMENT='Stores items that will be searched.';

--
-- Contenu de la table `drupal_search_dataset`
--

INSERT INTO `drupal_search_dataset` (`sid`, `type`, `data`, `reindex`) VALUES
(1, 'node', ' improving search on the envato marketplaces 2013 in review lorem ipsum is simply dummy text of the printing and typesetting industry unknown printer took a galley of type and scrambled it to make a type has survived not only fiv admin s blog people ', 0),
(2, 'node', ' 4 ways to find free and unique photos for your next website theme admin s blog lorem ipsum is simply dummy text of the printing and typesetting industry unknown printer took a galley of type and scrambled it to make a type has survived not only fiv travel tag 3 lorem ipsum is simply dummy permalink submitted by drupalet not verified on fri 3282014 2245 typesetting industry unknown printer took a galley of type and scrambled it to make a type has survived not only fiv reply ', 0),
(3, 'node', ' community poll internet speeds from around the world in 2013 admin s blog contrary to popular belief lorem ipsum is not simply random text it has roots in a piece of classical latin literature from 45 bc making it over 2000 years old richard mcclintock a latin professor at hampdensydney college in virginia looked up one of the more obscure latin words consectetur from a lorem ipsum passage and going through the cites of the word in classical literature discovered the undoubtable source lorem ipsum comes from sections 11032 and 11033 of de finibus bonorum et malorum the extremes of good and evil by cicero written in 45 bc this book is a treatise on the theory of ethics very popular during the renaissance the first line of lorem ipsum lorem ipsum dolor sit amet comes from a line in section 11032 music tag 1 tag 3 tag 8 lorem ', 0),
(4, 'node', ' new hub header collections 10 ways to improve your marketplaces productivity admin s blog there are many variations of passages of lorem ipsum available but the majority have suffered alteration in some form by injected humour or randomised words which don t look even slightly believable if you are going to use a passage of lorem ipsum you need to be sure there isn t anything embarrassing hidden in the middle of text all the lorem ipsum generators on the internet tend to repeat predefined chunks as necessary making this the first true generator on the internet it uses a dictionary of over 200 latin words combined with a handful of model sentence structures to generate lorem ipsum which looks reasonable the generated lorem ipsum is therefore always free from repetition injected humour or noncharacteristic words etc entertainment music travel tag 3 ', 0),
(5, 'node', ' beyond bland 10 creative packaging designs that will leave you inspired admin s blog lorem ipsum you need to be sure there isn t anything embarrassing hidden in the middle of text all the lorem ipsum generators on the internet tend to repeat predefined chunks as necessary making this the first true generator on the internet it uses a dictionary of over 200 latin words combined with a handful of model sentence structures to generate lorem ipsum which looks reasonable the generated lorem ipsum is therefore always free from repetition injected humour or noncharacteristic words etc music people tag 1 tag 2 ', 0),
(6, 'node', ' dribbble fadribbble  ', 0),
(7, 'node', ' instagram fainstagram  ', 0),
(8, 'node', ' github fagithub  ', 0),
(9, 'node', ' linkedin falinkedin  ', 0),
(10, 'node', ' google plus fagoogleplus  ', 0),
(11, 'node', ' facebook fafacebook  ', 0),
(12, 'node', ' twitter fatwitter  ', 0),
(13, 'node', ' marfa scenester ennui admin s blog sed ut perspiciatis unde omnis iste natus error sit voluptatem accusantium doloremque laudantium totam rem aperiam eaque ipsa quae ab illo inventore veritatis et quasi architecto beatae vitae dicta sunt explicabo nemo enim ipsam voluptatem quia voluptas sit aspernatur aut odit aut fugit sed quia consequuntur magni dolores eos qui ratione voluptatem sequi nesciunt neque porro quisquam est qui dolorem ipsum quia dolor sit amet consectetur adipisci velit sed quia non numquam eius modi tempora incidunt ut labore et dolore magnam aliquam quaerat voluptatem ut enim ad minima veniam quis nostrum exercitationem ullam corporis suscipit laboriosam nisi ut aliquid ex ea commodi consequatur quis autem vel eum iure reprehenderit qui in ea voluptate velit esse quam nihil molestiae consequatur  tv tag 3 tag 6 ', 0),
(14, 'node', ' sed ut perspiciatis unde admin s blog neque porro quisquam est qui dolorem ipsum quia dolor sit amet consectetur adipisci velit sed quia non numquam eius modi tempora incidunt ut labore et dolore magnam aliquam quaerat voluptatem ut enim ad minima veniam quis nostrum exercitationem ullam corporis suscipit laboriosam nisi ut aliquid ex ea commodi consequatur quis autem vel eum iure reprehenderit qui in ea voluptate velit esse quam nihil molestiae consequatur  music tv tag 6 tag 1 ', 0),
(15, 'node', ' the printing and typesetting nunc montes odio phasellus dignissim aenean nec augue velit integer elementum ut montes quis integer cursus est purus lectus duis scelerisque tincidunt ultricies phasellus elementum turpis tristique admin s blog people travel tv ', 0),
(16, 'node', ' nunc montes odio phasellus admin s blog nunc montes odio phasellus dignissim aenean nec augue velit integer elementum ut montes quis integer cursus est purus lectus duis scelerisque tincidunt ultricies phasellus elementum turpis tristique people travel tv tag 5 ', 0),
(17, 'node', ' shortcodes accordion simply dummy text of the printing in this lorem ipsum is simply dummy text of the printing and typesetting industry simple blockquote code in accordion content section lorem ipsum is simply dummy text of the printing and typesetting industry external video in accordion content toggle simply dummy text of the printing in this lorem ipsum is simply dummy text of the printing and typesetting industry simple blockquote code in toggle content section lorem ipsum is simply dummy text of the printing and typesetting industry external video in accordion content grid system 11 12 12 13 13 13 14 14 14 14 512 712 13 23 14 34 212 1012 112 1112 blockquotes contrary to popular belief lorem ipsum is not simply random text it has roots in a piece of classical latin literature from 45 bc making it over 2000 years old richard mcclintock a latin professor at hampdensydney college in virginia looked up one of the more obscure latin words messages your account activated successfully insert your information text here for box info error this input required warning please read all terms buttons large button   medium button   smal button video iframe tabs tab 1 tab 2 tab 3 lorem ipsum dolor sit amet consectetur adipiscing elit integer sem dui molestie vitae ornare tincidunt semper non metus nulla sagittis porttitor varius vestibulum eleifend lorem sit amet gravida accumsan nisi est tempor risus non suscipit lectus nunc sit amet nunc pellentesque iaculis sapien at lacus vulputate sodales et eget quam etiam tristique bibendum leo quis sagittis urna tempus non donec sed odio dui nulla vitae elit libero a pharetra augue nullam id dolor id nibh ultricies vehicula ut id elit integer posuere erat a ante venenatis dapibus aliquet duis mollis est non commodo luctus nulla sagittis porttitor varius vestibulum eleifend lorem sit amet gravida accumsan nisi est tempor risus non suscipit lectus nunc sit amet nunc pellentesque iaculis sapien at lacus vulputate sodales et eget quam etiam tristique bibendum leo quis sagittis urna tempus non table  html files php files psd files animation version more colors basic package developer package pro package premium package footer note lorem ipsum dolor sit amet  ', 0),
(18, 'node', ' 404 page page not found the page you are looking for might have been removed had its name changed back to homepage ', 0),
(19, 'node', ' the standard chunk of lorem ipsum admin s blog lorem ipsum is simply dummy text of the printing and typesetting industry unknown printer took a galley of type and scrambled it to make a type has survived not only fiv there are many variations of passages of lorem ipsum available but the majority have suffered alteration in some form slightly believable if you are going to use a passage of lorem ipsum you need to be sure there isn t anything embarrassing hidden in people tag 1 ', 0),
(20, 'node', ' the generated lorem ipsum admin s blog lorem ipsum you need to be sure there isn t anything embarrassing hidden in the middle of text all the lorem ipsum generators on the internet tend to repeat predefined chunks as with a handful of model sentence structures to generate lorem ipsum which looks reasonable the generated lorem ipsum is therefore  music tag 7 ', 0),
(21, 'node', ' lorem ipsum is simply admin s blog lorem ipsum you need to be sure there isn t anything embarrassing hidden in the middle of text all the lorem ipsum generators on the internet tend to repeat predefined chunks as with a handful of model sentence structures to generate lorem ipsum which looks reasonable the generated lorem ipsum is therefore  sports tag 5 ', 0);

-- --------------------------------------------------------

--
-- Structure de la table `drupal_search_index`
--

CREATE TABLE IF NOT EXISTS `drupal_search_index` (
  `word` varchar(50) NOT NULL DEFAULT '' COMMENT 'The search_total.word that is associated with the search item.',
  `sid` int(10) unsigned NOT NULL DEFAULT '0' COMMENT 'The search_dataset.sid of the searchable item to which the word belongs.',
  `type` varchar(16) NOT NULL COMMENT 'The search_dataset.type of the searchable item to which the word belongs.',
  `score` float DEFAULT NULL COMMENT 'The numeric score of the word, higher being more important.'
) ENGINE=InnoDB DEFAULT CHARSET=utf8 COMMENT='Stores the search index, associating words, items and...';

--
-- Contenu de la table `drupal_search_index`
--

INSERT INTO `drupal_search_index` (`word`, `sid`, `type`, `score`) VALUES
('1', 3, 'node', 11),
('1', 5, 'node', 11),
('1', 14, 'node', 11),
('1', 17, 'node', 11),
('1', 19, 'node', 11),
('10', 4, 'node', 26),
('10', 5, 'node', 26),
('1012', 17, 'node', 1),
('11', 17, 'node', 1),
('11032', 3, 'node', 2),
('11033', 3, 'node', 1),
('1112', 17, 'node', 1),
('112', 17, 'node', 1),
('12', 17, 'node', 2),
('13', 17, 'node', 4),
('14', 17, 'node', 5),
('2', 5, 'node', 11),
('2', 17, 'node', 11),
('200', 4, 'node', 1),
('200', 5, 'node', 1),
('2000', 3, 'node', 1),
('2000', 17, 'node', 1),
('2013', 1, 'node', 26),
('2013', 3, 'node', 26),
('212', 17, 'node', 1),
('2245', 2, 'node', 1),
('23', 17, 'node', 1),
('3', 2, 'node', 11),
('3', 3, 'node', 11),
('3', 4, 'node', 11),
('3', 13, 'node', 11),
('3', 17, 'node', 11),
('3282014', 2, 'node', 1),
('34', 17, 'node', 1),
('4', 2, 'node', 26),
('404', 18, 'node', 26),
('45', 3, 'node', 2),
('45', 17, 'node', 1),
('5', 16, 'node', 11),
('5', 21, 'node', 11),
('512', 17, 'node', 1),
('6', 13, 'node', 11),
('6', 14, 'node', 11),
('7', 20, 'node', 11),
('712', 17, 'node', 1),
('8', 3, 'node', 11),
('accordion', 17, 'node', 16),
('account', 17, 'node', 1),
('accumsan', 17, 'node', 1.74113),
('accusantium', 13, 'node', 1),
('activated', 17, 'node', 1),
('adipisci', 13, 'node', 1),
('adipisci', 14, 'node', 1),
('adipiscing', 17, 'node', 1),
('admin', 1, 'node', 11),
('admin', 2, 'node', 11),
('admin', 3, 'node', 11),
('admin', 4, 'node', 11),
('admin', 5, 'node', 11),
('admin', 13, 'node', 11),
('admin', 14, 'node', 11),
('admin', 15, 'node', 11),
('admin', 16, 'node', 11),
('admin', 19, 'node', 11),
('admin', 20, 'node', 11),
('admin', 21, 'node', 11),
('aenean', 15, 'node', 1),
('aenean', 16, 'node', 1),
('aliquam', 13, 'node', 1),
('aliquam', 14, 'node', 1),
('aliquet', 17, 'node', 0.816452),
('aliquid', 13, 'node', 1),
('aliquid', 14, 'node', 1),
('all', 4, 'node', 1),
('all', 5, 'node', 1),
('all', 17, 'node', 1),
('all', 20, 'node', 1),
('all', 21, 'node', 1),
('alteration', 4, 'node', 1),
('alteration', 19, 'node', 1),
('always', 4, 'node', 1),
('always', 5, 'node', 1),
('amet', 3, 'node', 1),
('amet', 13, 'node', 1),
('amet', 14, 'node', 1),
('amet', 17, 'node', 5.22165),
('and', 1, 'node', 2),
('and', 2, 'node', 29),
('and', 3, 'node', 3),
('and', 15, 'node', 26),
('and', 17, 'node', 4),
('and', 19, 'node', 2),
('animation', 17, 'node', 0.78951),
('ante', 17, 'node', 0.824901),
('anything', 4, 'node', 1),
('anything', 5, 'node', 1),
('anything', 19, 'node', 1),
('anything', 20, 'node', 1),
('anything', 21, 'node', 1),
('aperiam', 13, 'node', 1),
('architecto', 13, 'node', 1),
('are', 4, 'node', 2),
('are', 18, 'node', 19),
('are', 19, 'node', 2),
('around', 3, 'node', 26),
('aspernatur', 13, 'node', 1),
('augue', 15, 'node', 1),
('augue', 16, 'node', 1),
('augue', 17, 'node', 0.845322),
('aut', 13, 'node', 2),
('autem', 13, 'node', 1),
('autem', 14, 'node', 1),
('available', 4, 'node', 1),
('available', 19, 'node', 1),
('back', 18, 'node', 11),
('basic', 17, 'node', 0.781775),
('beatae', 13, 'node', 1),
('been', 18, 'node', 19),
('belief', 3, 'node', 1),
('belief', 17, 'node', 1),
('believable', 4, 'node', 1),
('believable', 19, 'node', 1),
('beyond', 5, 'node', 26),
('bibendum', 17, 'node', 1.67909),
('bland', 5, 'node', 26),
('blockquote', 17, 'node', 2),
('blockquotes', 17, 'node', 13),
('blog', 1, 'node', 11),
('blog', 2, 'node', 11),
('blog', 3, 'node', 11),
('blog', 4, 'node', 11),
('blog', 5, 'node', 11),
('blog', 13, 'node', 11),
('blog', 14, 'node', 11),
('blog', 15, 'node', 11),
('blog', 16, 'node', 11),
('blog', 19, 'node', 11),
('blog', 20, 'node', 11),
('blog', 21, 'node', 11),
('bonorum', 3, 'node', 1),
('book', 3, 'node', 1),
('box', 17, 'node', 1),
('but', 4, 'node', 1),
('but', 19, 'node', 1),
('button', 17, 'node', 33),
('buttons', 17, 'node', 13),
('changed', 18, 'node', 1),
('chunk', 19, 'node', 26),
('chunks', 4, 'node', 1),
('chunks', 5, 'node', 1),
('chunks', 20, 'node', 1),
('chunks', 21, 'node', 1),
('cicero', 3, 'node', 1),
('cites', 3, 'node', 1),
('classical', 3, 'node', 2),
('classical', 17, 'node', 1),
('code', 17, 'node', 2),
('collections', 4, 'node', 26),
('college', 3, 'node', 1),
('college', 17, 'node', 1),
('colors', 17, 'node', 0.784336),
('combined', 4, 'node', 1),
('combined', 5, 'node', 1),
('comes', 3, 'node', 2),
('commodi', 13, 'node', 1),
('commodi', 14, 'node', 1),
('commodo', 17, 'node', 0.808176),
('community', 3, 'node', 26),
('consectetur', 3, 'node', 1),
('consectetur', 13, 'node', 1),
('consectetur', 14, 'node', 1),
('consectetur', 17, 'node', 1),
('consequatur', 13, 'node', 2),
('consequatur', 14, 'node', 2),
('consequuntur', 13, 'node', 1),
('content', 17, 'node', 4),
('contrary', 3, 'node', 1),
('contrary', 17, 'node', 1),
('corporis', 13, 'node', 1),
('corporis', 14, 'node', 1),
('creative', 5, 'node', 26),
('cursus', 15, 'node', 1),
('cursus', 16, 'node', 1),
('dapibus', 17, 'node', 0.819249),
('designs', 5, 'node', 26),
('developer', 17, 'node', 0.776703),
('dicta', 13, 'node', 1),
('dictionary', 4, 'node', 1),
('dictionary', 5, 'node', 1),
('dignissim', 15, 'node', 1),
('dignissim', 16, 'node', 1),
('discovered', 3, 'node', 1),
('dolor', 3, 'node', 1),
('dolor', 13, 'node', 1),
('dolor', 14, 'node', 1),
('dolor', 17, 'node', 2.60369),
('dolore', 13, 'node', 1),
('dolore', 14, 'node', 1),
('dolorem', 13, 'node', 1),
('dolorem', 14, 'node', 1),
('doloremque', 13, 'node', 1),
('dolores', 13, 'node', 1),
('don', 4, 'node', 1),
('donec', 17, 'node', 0.860547),
('dribbble', 6, 'node', 26),
('drupalet', 2, 'node', 1),
('dui', 17, 'node', 1.84865),
('duis', 15, 'node', 1),
('duis', 16, 'node', 1),
('duis', 17, 'node', 0.813674),
('dummy', 1, 'node', 1),
('dummy', 2, 'node', 27),
('dummy', 17, 'node', 6),
('dummy', 19, 'node', 1),
('during', 3, 'node', 1),
('eaque', 13, 'node', 1),
('eget', 17, 'node', 1.69215),
('eius', 13, 'node', 1),
('eius', 14, 'node', 1),
('eleifend', 17, 'node', 1.74858),
('elementum', 15, 'node', 2),
('elementum', 16, 'node', 2),
('elit', 17, 'node', 2.68198),
('embarrassing', 4, 'node', 1),
('embarrassing', 5, 'node', 1),
('embarrassing', 19, 'node', 1),
('embarrassing', 20, 'node', 1),
('embarrassing', 21, 'node', 1),
('enim', 13, 'node', 2),
('enim', 14, 'node', 1),
('ennui', 13, 'node', 26),
('entertainment', 4, 'node', 11),
('envato', 1, 'node', 26),
('eos', 13, 'node', 1),
('erat', 17, 'node', 0.827757),
('error', 13, 'node', 1),
('error', 17, 'node', 1),
('esse', 13, 'node', 1),
('esse', 14, 'node', 1),
('est', 13, 'node', 1),
('est', 14, 'node', 1),
('est', 15, 'node', 1),
('est', 16, 'node', 1),
('est', 17, 'node', 2.54198),
('etc', 4, 'node', 1),
('etc', 5, 'node', 1),
('ethics', 3, 'node', 1),
('etiam', 17, 'node', 1.68557),
('eum', 13, 'node', 1),
('eum', 14, 'node', 1),
('even', 4, 'node', 1),
('evil', 3, 'node', 1),
('exercitationem', 13, 'node', 1),
('exercitationem', 14, 'node', 1),
('explicabo', 13, 'node', 1),
('external', 17, 'node', 2),
('extremes', 3, 'node', 1),
('facebook', 11, 'node', 26),
('fadribbble', 6, 'node', 1),
('fafacebook', 11, 'node', 1),
('fagithub', 8, 'node', 1),
('fagoogleplus', 10, 'node', 1),
('fainstagram', 7, 'node', 1),
('falinkedin', 9, 'node', 1),
('fatwitter', 12, 'node', 1),
('files', 17, 'node', 2.37903),
('find', 2, 'node', 26),
('finibus', 3, 'node', 1),
('first', 3, 'node', 1),
('first', 4, 'node', 1),
('first', 5, 'node', 1),
('fiv', 1, 'node', 1),
('fiv', 2, 'node', 2),
('fiv', 19, 'node', 1),
('footer', 17, 'node', 0.769219),
('for', 2, 'node', 26),
('for', 17, 'node', 1),
('for', 18, 'node', 19),
('form', 4, 'node', 1),
('form', 19, 'node', 1),
('found', 18, 'node', 19),
('free', 2, 'node', 26),
('free', 4, 'node', 1),
('free', 5, 'node', 1),
('fri', 2, 'node', 1),
('from', 3, 'node', 30),
('from', 4, 'node', 1),
('from', 5, 'node', 1),
('from', 17, 'node', 1),
('fugit', 13, 'node', 1),
('galley', 1, 'node', 1),
('galley', 2, 'node', 2),
('galley', 19, 'node', 1),
('generate', 4, 'node', 1),
('generate', 5, 'node', 1),
('generate', 20, 'node', 1),
('generate', 21, 'node', 1),
('generated', 4, 'node', 1),
('generated', 5, 'node', 1),
('generated', 20, 'node', 27),
('generated', 21, 'node', 1),
('generator', 4, 'node', 1),
('generator', 5, 'node', 1),
('generators', 4, 'node', 1),
('generators', 5, 'node', 1),
('generators', 20, 'node', 1),
('generators', 21, 'node', 1),
('github', 8, 'node', 26),
('going', 3, 'node', 1),
('going', 4, 'node', 1),
('going', 19, 'node', 1),
('good', 3, 'node', 1),
('google', 10, 'node', 26),
('gravida', 17, 'node', 1.74484),
('grid', 17, 'node', 13),
('had', 18, 'node', 19),
('hampdensydney', 3, 'node', 1),
('hampdensydney', 17, 'node', 1),
('handful', 4, 'node', 1),
('handful', 5, 'node', 1),
('handful', 20, 'node', 1),
('handful', 21, 'node', 1),
('has', 1, 'node', 1),
('has', 2, 'node', 2),
('has', 3, 'node', 1),
('has', 17, 'node', 1),
('has', 19, 'node', 1),
('have', 4, 'node', 1),
('have', 18, 'node', 19),
('have', 19, 'node', 1),
('header', 4, 'node', 26),
('here', 17, 'node', 1),
('hidden', 4, 'node', 1),
('hidden', 5, 'node', 1),
('hidden', 19, 'node', 1),
('hidden', 20, 'node', 1),
('hidden', 21, 'node', 1),
('homepage', 18, 'node', 11),
('html', 17, 'node', 0.800068),
('hub', 4, 'node', 26),
('humour', 4, 'node', 2),
('humour', 5, 'node', 1),
('iaculis', 17, 'node', 1.70904),
('iframe', 17, 'node', 13),
('illo', 13, 'node', 1),
('improve', 4, 'node', 26),
('improving', 1, 'node', 26),
('incidunt', 13, 'node', 1),
('incidunt', 14, 'node', 1),
('industry', 1, 'node', 1),
('industry', 2, 'node', 2),
('industry', 17, 'node', 4),
('industry', 19, 'node', 1),
('info', 17, 'node', 1),
('information', 17, 'node', 1),
('injected', 4, 'node', 2),
('injected', 5, 'node', 1),
('input', 17, 'node', 1),
('insert', 17, 'node', 1),
('inspired', 5, 'node', 26),
('instagram', 7, 'node', 26),
('integer', 15, 'node', 2),
('integer', 16, 'node', 2),
('integer', 17, 'node', 1.83063),
('internet', 3, 'node', 26),
('internet', 4, 'node', 2),
('internet', 5, 'node', 2),
('internet', 20, 'node', 1),
('internet', 21, 'node', 1),
('inventore', 13, 'node', 1),
('ipsa', 13, 'node', 1),
('ipsam', 13, 'node', 1),
('ipsum', 1, 'node', 1),
('ipsum', 2, 'node', 27),
('ipsum', 3, 'node', 5),
('ipsum', 4, 'node', 5),
('ipsum', 5, 'node', 4),
('ipsum', 13, 'node', 1),
('ipsum', 14, 'node', 1),
('ipsum', 17, 'node', 6.76431),
('ipsum', 19, 'node', 29),
('ipsum', 20, 'node', 30),
('ipsum', 21, 'node', 30),
('isn', 4, 'node', 1),
('isn', 5, 'node', 1),
('isn', 19, 'node', 1),
('isn', 20, 'node', 1),
('isn', 21, 'node', 1),
('iste', 13, 'node', 1),
('its', 18, 'node', 19),
('iure', 13, 'node', 1),
('iure', 14, 'node', 1),
('labore', 13, 'node', 1),
('labore', 14, 'node', 1),
('laboriosam', 13, 'node', 1),
('laboriosam', 14, 'node', 1),
('lacus', 17, 'node', 1.70221),
('large', 17, 'node', 11),
('latin', 3, 'node', 3),
('latin', 4, 'node', 1),
('latin', 5, 'node', 1),
('latin', 17, 'node', 3),
('laudantium', 13, 'node', 1),
('leave', 5, 'node', 26),
('lectus', 15, 'node', 1),
('lectus', 16, 'node', 1),
('lectus', 17, 'node', 1.71949),
('leo', 17, 'node', 1.67588),
('libero', 17, 'node', 0.851346),
('line', 3, 'node', 2),
('linkedin', 9, 'node', 26),
('literature', 3, 'node', 2),
('literature', 17, 'node', 1),
('look', 4, 'node', 1),
('looked', 3, 'node', 1),
('looked', 17, 'node', 1),
('looking', 18, 'node', 19),
('looks', 4, 'node', 1),
('looks', 5, 'node', 1),
('looks', 20, 'node', 1),
('looks', 21, 'node', 1),
('lorem', 1, 'node', 1),
('lorem', 2, 'node', 27),
('lorem', 3, 'node', 16),
('lorem', 4, 'node', 5),
('lorem', 5, 'node', 4),
('lorem', 17, 'node', 8.50915),
('lorem', 19, 'node', 29),
('lorem', 20, 'node', 30),
('lorem', 21, 'node', 30),
('luctus', 17, 'node', 0.805455),
('magnam', 13, 'node', 1),
('magnam', 14, 'node', 1),
('magni', 13, 'node', 1),
('majority', 4, 'node', 1),
('majority', 19, 'node', 1),
('make', 1, 'node', 1),
('make', 2, 'node', 2),
('make', 19, 'node', 1),
('making', 3, 'node', 1),
('making', 4, 'node', 1),
('making', 5, 'node', 1),
('making', 17, 'node', 1),
('malorum', 3, 'node', 1),
('many', 4, 'node', 1),
('many', 19, 'node', 1),
('marfa', 13, 'node', 26),
('marketplaces', 1, 'node', 26),
('marketplaces', 4, 'node', 26),
('mcclintock', 3, 'node', 1),
('mcclintock', 17, 'node', 1),
('medium', 17, 'node', 11),
('messages', 17, 'node', 13),
('metus', 17, 'node', 0.968904),
('middle', 4, 'node', 1),
('middle', 5, 'node', 1),
('middle', 20, 'node', 1),
('middle', 21, 'node', 1),
('might', 18, 'node', 19),
('minima', 13, 'node', 1),
('minima', 14, 'node', 1),
('model', 4, 'node', 1),
('model', 5, 'node', 1),
('model', 20, 'node', 1),
('model', 21, 'node', 1),
('modi', 13, 'node', 1),
('modi', 14, 'node', 1),
('molestiae', 13, 'node', 1),
('molestiae', 14, 'node', 1),
('molestie', 17, 'node', 0.993146),
('mollis', 17, 'node', 0.810915),
('montes', 15, 'node', 2),
('montes', 16, 'node', 28),
('more', 3, 'node', 1),
('more', 17, 'node', 1.78434),
('music', 3, 'node', 11),
('music', 4, 'node', 11),
('music', 5, 'node', 11),
('music', 14, 'node', 11),
('music', 20, 'node', 11),
('name', 18, 'node', 1),
('natus', 13, 'node', 1),
('nec', 15, 'node', 1),
('nec', 16, 'node', 1),
('necessary', 4, 'node', 1),
('necessary', 5, 'node', 1),
('need', 4, 'node', 1),
('need', 5, 'node', 1),
('need', 19, 'node', 1),
('need', 20, 'node', 1),
('need', 21, 'node', 1),
('nemo', 13, 'node', 1),
('neque', 13, 'node', 1),
('neque', 14, 'node', 1),
('nesciunt', 13, 'node', 1),
('new', 4, 'node', 26),
('next', 2, 'node', 26),
('nibh', 17, 'node', 0.839384),
('nihil', 13, 'node', 1),
('nihil', 14, 'node', 1),
('nisi', 13, 'node', 1),
('nisi', 14, 'node', 1),
('nisi', 17, 'node', 1.73745),
('non', 13, 'node', 1),
('non', 14, 'node', 1),
('non', 17, 'node', 5.16736),
('noncharacteristic', 4, 'node', 1),
('noncharacteristic', 5, 'node', 1),
('nostrum', 13, 'node', 1),
('nostrum', 14, 'node', 1),
('not', 1, 'node', 1),
('not', 2, 'node', 3),
('not', 3, 'node', 1),
('not', 17, 'node', 1),
('not', 18, 'node', 19),
('not', 19, 'node', 1),
('note', 17, 'node', 0.766757),
('nulla', 17, 'node', 2.61908),
('nullam', 17, 'node', 0.842342),
('numquam', 13, 'node', 1),
('numquam', 14, 'node', 1),
('nunc', 15, 'node', 1),
('nunc', 16, 'node', 27),
('nunc', 17, 'node', 3.42847),
('obscure', 3, 'node', 1),
('obscure', 17, 'node', 1),
('odio', 15, 'node', 1),
('odio', 16, 'node', 27),
('odio', 17, 'node', 0.854391),
('odit', 13, 'node', 1),
('old', 3, 'node', 1),
('old', 17, 'node', 1),
('omnis', 13, 'node', 1),
('one', 3, 'node', 1),
('one', 17, 'node', 1),
('only', 1, 'node', 1),
('only', 2, 'node', 2),
('only', 19, 'node', 1),
('ornare', 17, 'node', 0.98493),
('over', 3, 'node', 1),
('over', 4, 'node', 1),
('over', 5, 'node', 1),
('over', 17, 'node', 1),
('package', 17, 'node', 3.09434),
('packaging', 5, 'node', 26),
('page', 18, 'node', 64),
('passage', 3, 'node', 1),
('passage', 4, 'node', 1),
('passage', 19, 'node', 1),
('passages', 4, 'node', 1),
('passages', 19, 'node', 1),
('pellentesque', 17, 'node', 1.71249),
('people', 1, 'node', 11),
('people', 5, 'node', 11),
('people', 15, 'node', 11),
('people', 16, 'node', 11),
('people', 19, 'node', 11),
('permalink', 2, 'node', 11),
('perspiciatis', 13, 'node', 1),
('perspiciatis', 14, 'node', 26),
('pharetra', 17, 'node', 0.848323),
('phasellus', 15, 'node', 2),
('phasellus', 16, 'node', 28),
('photos', 2, 'node', 26),
('php', 17, 'node', 0.794753),
('piece', 3, 'node', 1),
('piece', 17, 'node', 1),
('please', 17, 'node', 1),
('plus', 10, 'node', 26),
('poll', 3, 'node', 26),
('popular', 3, 'node', 2),
('popular', 17, 'node', 1),
('porro', 13, 'node', 1),
('porro', 14, 'node', 1),
('porttitor', 17, 'node', 1.75998),
('posuere', 17, 'node', 0.830633),
('predefined', 4, 'node', 1),
('predefined', 5, 'node', 1),
('predefined', 20, 'node', 1),
('predefined', 21, 'node', 1),
('premium', 17, 'node', 0.771698),
('printer', 1, 'node', 1),
('printer', 2, 'node', 2),
('printer', 19, 'node', 1),
('printing', 1, 'node', 1),
('printing', 2, 'node', 1),
('printing', 15, 'node', 26),
('printing', 17, 'node', 6),
('printing', 19, 'node', 1),
('pro', 17, 'node', 0.774192),
('productivity', 4, 'node', 26),
('professor', 3, 'node', 1),
('professor', 17, 'node', 1),
('psd', 17, 'node', 0.792123),
('purus', 15, 'node', 1),
('purus', 16, 'node', 1),
('quae', 13, 'node', 1),
('quaerat', 13, 'node', 1),
('quaerat', 14, 'node', 1),
('quam', 13, 'node', 1),
('quam', 14, 'node', 1),
('quam', 17, 'node', 1.68885),
('quasi', 13, 'node', 1),
('qui', 13, 'node', 3),
('qui', 14, 'node', 2),
('quia', 13, 'node', 4),
('quia', 14, 'node', 2),
('quis', 13, 'node', 2),
('quis', 14, 'node', 2),
('quis', 15, 'node', 1),
('quis', 16, 'node', 1),
('quis', 17, 'node', 1.6727),
('quisquam', 13, 'node', 1),
('quisquam', 14, 'node', 1),
('random', 3, 'node', 1),
('random', 17, 'node', 1),
('randomised', 4, 'node', 1),
('ratione', 13, 'node', 1),
('read', 17, 'node', 1),
('reasonable', 4, 'node', 1),
('reasonable', 5, 'node', 1),
('reasonable', 20, 'node', 1),
('reasonable', 21, 'node', 1),
('rem', 13, 'node', 1),
('removed', 18, 'node', 19),
('renaissance', 3, 'node', 1),
('repeat', 4, 'node', 1),
('repeat', 5, 'node', 1),
('repeat', 20, 'node', 1),
('repeat', 21, 'node', 1),
('repetition', 4, 'node', 1),
('repetition', 5, 'node', 1),
('reply', 2, 'node', 11),
('reprehenderit', 13, 'node', 1),
('reprehenderit', 14, 'node', 1),
('required', 17, 'node', 1),
('review', 1, 'node', 26),
('richard', 3, 'node', 1),
('richard', 17, 'node', 1),
('risus', 17, 'node', 1.72659),
('roots', 3, 'node', 1),
('roots', 17, 'node', 1),
('sagittis', 17, 'node', 3.43338),
('sapien', 17, 'node', 1.70561),
('scelerisque', 15, 'node', 1),
('scelerisque', 16, 'node', 1),
('scenester', 13, 'node', 26),
('scrambled', 1, 'node', 1),
('scrambled', 2, 'node', 2),
('scrambled', 19, 'node', 1),
('search', 1, 'node', 26),
('section', 3, 'node', 1),
('section', 17, 'node', 2),
('sections', 3, 'node', 1),
('sed', 13, 'node', 3),
('sed', 14, 'node', 27),
('sed', 17, 'node', 0.857458),
('sem', 17, 'node', 1),
('semper', 17, 'node', 0.976851),
('sentence', 4, 'node', 1),
('sentence', 5, 'node', 1),
('sentence', 20, 'node', 1),
('sentence', 21, 'node', 1),
('sequi', 13, 'node', 1),
('shortcodes', 17, 'node', 26),
('simple', 17, 'node', 2),
('simply', 1, 'node', 1),
('simply', 2, 'node', 27),
('simply', 3, 'node', 1),
('simply', 17, 'node', 7),
('simply', 19, 'node', 1),
('simply', 21, 'node', 26),
('sit', 3, 'node', 1),
('sit', 13, 'node', 3),
('sit', 14, 'node', 1),
('sit', 17, 'node', 5.22165),
('slightly', 4, 'node', 1),
('slightly', 19, 'node', 1),
('smal', 17, 'node', 11),
('sodales', 17, 'node', 1.69548),
('some', 4, 'node', 1),
('some', 19, 'node', 1),
('source', 3, 'node', 1),
('speeds', 3, 'node', 26),
('sports', 21, 'node', 11),
('standard', 19, 'node', 26),
('structures', 4, 'node', 1),
('structures', 5, 'node', 1),
('structures', 20, 'node', 1),
('structures', 21, 'node', 1),
('submitted', 2, 'node', 1),
('successfully', 17, 'node', 1),
('suffered', 4, 'node', 1),
('suffered', 19, 'node', 1),
('sunt', 13, 'node', 1),
('sure', 4, 'node', 1),
('sure', 5, 'node', 1),
('sure', 19, 'node', 1),
('sure', 20, 'node', 1),
('sure', 21, 'node', 1),
('survived', 1, 'node', 1),
('survived', 2, 'node', 2),
('survived', 19, 'node', 1),
('suscipit', 13, 'node', 1),
('suscipit', 14, 'node', 1),
('suscipit', 17, 'node', 1.72303),
('system', 17, 'node', 13),
('tab', 17, 'node', 33),
('table', 17, 'node', 10.4358),
('tabs', 17, 'node', 13),
('tag', 2, 'node', 11),
('tag', 3, 'node', 33),
('tag', 4, 'node', 11),
('tag', 5, 'node', 22),
('tag', 13, 'node', 22),
('tag', 14, 'node', 22),
('tag', 16, 'node', 11),
('tag', 19, 'node', 11),
('tag', 20, 'node', 11),
('tag', 21, 'node', 11),
('tempor', 17, 'node', 1.73018),
('tempora', 13, 'node', 1),
('tempora', 14, 'node', 1),
('tempus', 17, 'node', 1.66641),
('tend', 4, 'node', 1),
('tend', 5, 'node', 1),
('tend', 20, 'node', 1),
('tend', 21, 'node', 1),
('terms', 17, 'node', 1),
('text', 1, 'node', 1),
('text', 2, 'node', 1),
('text', 3, 'node', 1),
('text', 4, 'node', 1),
('text', 5, 'node', 1),
('text', 17, 'node', 8),
('text', 19, 'node', 1),
('text', 20, 'node', 1),
('text', 21, 'node', 1),
('that', 5, 'node', 26),
('the', 1, 'node', 27),
('the', 2, 'node', 1),
('the', 3, 'node', 34),
('the', 4, 'node', 7),
('the', 5, 'node', 6),
('the', 15, 'node', 26),
('the', 17, 'node', 7),
('the', 18, 'node', 19),
('the', 19, 'node', 28),
('the', 20, 'node', 30),
('the', 21, 'node', 4),
('theme', 2, 'node', 26),
('theory', 3, 'node', 1),
('there', 4, 'node', 2),
('there', 5, 'node', 1),
('there', 19, 'node', 2),
('there', 20, 'node', 1),
('there', 21, 'node', 1),
('therefore', 4, 'node', 1),
('therefore', 5, 'node', 1),
('therefore', 20, 'node', 1),
('therefore', 21, 'node', 1),
('this', 3, 'node', 1),
('this', 4, 'node', 1),
('this', 5, 'node', 1),
('this', 17, 'node', 3),
('through', 3, 'node', 1),
('tincidunt', 15, 'node', 1),
('tincidunt', 16, 'node', 1),
('tincidunt', 17, 'node', 0.980874),
('toggle', 17, 'node', 14),
('took', 1, 'node', 1),
('took', 2, 'node', 2),
('took', 19, 'node', 1),
('totam', 13, 'node', 1),
('travel', 2, 'node', 11),
('travel', 4, 'node', 11),
('travel', 15, 'node', 11),
('travel', 16, 'node', 11),
('treatise', 3, 'node', 1),
('tristique', 15, 'node', 1),
('tristique', 16, 'node', 1),
('tristique', 17, 'node', 1.68232),
('true', 4, 'node', 1),
('true', 5, 'node', 1),
('turpis', 15, 'node', 1),
('turpis', 16, 'node', 1),
('twitter', 12, 'node', 26),
('type', 1, 'node', 2),
('type', 2, 'node', 4),
('type', 19, 'node', 2),
('typesetting', 1, 'node', 1),
('typesetting', 2, 'node', 2),
('typesetting', 15, 'node', 26),
('typesetting', 17, 'node', 4),
('typesetting', 19, 'node', 1),
('ullam', 13, 'node', 1),
('ullam', 14, 'node', 1),
('ultricies', 15, 'node', 1),
('ultricies', 16, 'node', 1),
('ultricies', 17, 'node', 0.836446),
('unde', 13, 'node', 1),
('unde', 14, 'node', 26),
('undoubtable', 3, 'node', 1),
('unique', 2, 'node', 26),
('unknown', 1, 'node', 1),
('unknown', 2, 'node', 2),
('unknown', 19, 'node', 1),
('urna', 17, 'node', 1.66955),
('use', 4, 'node', 1),
('use', 19, 'node', 1),
('uses', 4, 'node', 1),
('uses', 5, 'node', 1),
('variations', 4, 'node', 1),
('variations', 19, 'node', 1),
('varius', 17, 'node', 1.75615),
('vehicula', 17, 'node', 0.833529),
('vel', 13, 'node', 1),
('vel', 14, 'node', 1),
('velit', 13, 'node', 2),
('velit', 14, 'node', 2),
('velit', 15, 'node', 1),
('velit', 16, 'node', 1),
('venenatis', 17, 'node', 0.822065),
('veniam', 13, 'node', 1),
('veniam', 14, 'node', 1),
('verified', 2, 'node', 1),
('veritatis', 13, 'node', 1),
('version', 17, 'node', 0.786915),
('very', 3, 'node', 1),
('vestibulum', 17, 'node', 1.75235),
('video', 17, 'node', 15),
('virginia', 3, 'node', 1),
('virginia', 17, 'node', 1),
('vitae', 13, 'node', 1),
('vitae', 17, 'node', 1.84037),
('voluptas', 13, 'node', 1),
('voluptate', 13, 'node', 1),
('voluptate', 14, 'node', 1),
('voluptatem', 13, 'node', 4),
('voluptatem', 14, 'node', 1),
('vulputate', 17, 'node', 1.69883),
('warning', 17, 'node', 1),
('ways', 2, 'node', 26),
('ways', 4, 'node', 26),
('website', 2, 'node', 26),
('which', 4, 'node', 2),
('which', 5, 'node', 1),
('which', 20, 'node', 1),
('which', 21, 'node', 1),
('will', 5, 'node', 26),
('with', 4, 'node', 1),
('with', 5, 'node', 1),
('with', 20, 'node', 1),
('with', 21, 'node', 1),
('word', 3, 'node', 1),
('words', 3, 'node', 1),
('words', 4, 'node', 3),
('words', 5, 'node', 2),
('words', 17, 'node', 1),
('world', 3, 'node', 26),
('written', 3, 'node', 1),
('years', 3, 'node', 1),
('years', 17, 'node', 1),
('you', 4, 'node', 2),
('you', 5, 'node', 27),
('you', 18, 'node', 19),
('you', 19, 'node', 2),
('you', 20, 'node', 1),
('you', 21, 'node', 1),
('your', 2, 'node', 26),
('your', 4, 'node', 26),
('your', 17, 'node', 2);

-- --------------------------------------------------------

--
-- Structure de la table `drupal_search_node_links`
--

CREATE TABLE IF NOT EXISTS `drupal_search_node_links` (
  `sid` int(10) unsigned NOT NULL DEFAULT '0' COMMENT 'The search_dataset.sid of the searchable item containing the link to the node.',
  `type` varchar(16) NOT NULL DEFAULT '' COMMENT 'The search_dataset.type of the searchable item containing the link to the node.',
  `nid` int(10) unsigned NOT NULL DEFAULT '0' COMMENT 'The node.nid that this item links to.',
  `caption` longtext COMMENT 'The text used to link to the node.nid.'
) ENGINE=InnoDB DEFAULT CHARSET=utf8 COMMENT='Stores items (like nodes) that link to other nodes, used...';

-- --------------------------------------------------------

--
-- Structure de la table `drupal_search_total`
--

CREATE TABLE IF NOT EXISTS `drupal_search_total` (
  `word` varchar(50) NOT NULL DEFAULT '' COMMENT 'Primary Key: Unique word in the search index.',
  `count` float DEFAULT NULL COMMENT 'The count of the word in the index using Zipf’s law to equalize the probability distribution.'
) ENGINE=InnoDB DEFAULT CHARSET=utf8 COMMENT='Stores search totals for words.';

--
-- Contenu de la table `drupal_search_total`
--

INSERT INTO `drupal_search_total` (`word`, `count`) VALUES
('1', 0.00782534),
('10', 0.00827253),
('1012', 0.30103),
('11', 0.30103),
('11032', 0.176091),
('11033', 0.30103),
('1112', 0.30103),
('112', 0.30103),
('12', 0.176091),
('13', 0.09691),
('14', 0.0791812),
('2', 0.0193052),
('200', 0.176091),
('2000', 0.176091),
('2013', 0.00827253),
('212', 0.30103),
('2245', 0.30103),
('23', 0.30103),
('3', 0.00782534),
('3282014', 0.30103),
('34', 0.30103),
('4', 0.0163904),
('404', 0.0163904),
('45', 0.124939),
('5', 0.0193052),
('512', 0.30103),
('6', 0.0193052),
('7', 0.0377886),
('712', 0.30103),
('8', 0.0377886),
('accordion', 0.0263289),
('account', 0.30103),
('accumsan', 0.197098),
('accusantium', 0.30103),
('activated', 0.30103),
('adipisci', 0.176091),
('adipiscing', 0.30103),
('admin', 0.00327771),
('aenean', 0.176091),
('aliquam', 0.176091),
('aliquet', 0.30103),
('aliquid', 0.176091),
('all', 0.0791812),
('alteration', 0.176091),
('always', 0.176091),
('amet', 0.0498497),
('and', 0.00653087),
('animation', 0.30103),
('ante', 0.30103),
('anything', 0.0791812),
('aperiam', 0.30103),
('architecto', 0.30103),
('are', 0.0184834),
('around', 0.0163904),
('aspernatur', 0.30103),
('augue', 0.130801),
('aut', 0.176091),
('autem', 0.176091),
('available', 0.176091),
('back', 0.0377886),
('basic', 0.30103),
('beatae', 0.30103),
('been', 0.0222764),
('belief', 0.176091),
('believable', 0.176091),
('beyond', 0.0163904),
('bibendum', 0.202913),
('bland', 0.0163904),
('blockquote', 0.176091),
('blockquotes', 0.0321847),
('blog', 0.00327771),
('bonorum', 0.30103),
('book', 0.30103),
('box', 0.30103),
('but', 0.176091),
('button', 0.012965),
('buttons', 0.0321847),
('changed', 0.30103),
('chunk', 0.0163904),
('chunks', 0.09691),
('cicero', 0.30103),
('cites', 0.30103),
('classical', 0.124939),
('code', 0.176091),
('collections', 0.0163904),
('college', 0.176091),
('colors', 0.30103),
('combined', 0.176091),
('comes', 0.176091),
('commodi', 0.176091),
('commodo', 0.30103),
('community', 0.0163904),
('consectetur', 0.09691),
('consequatur', 0.09691),
('consequuntur', 0.30103),
('content', 0.09691),
('contrary', 0.176091),
('corporis', 0.176091),
('creative', 0.0163904),
('cursus', 0.176091),
('dapibus', 0.30103),
('designs', 0.0163904),
('developer', 0.30103),
('dicta', 0.30103),
('dictionary', 0.176091),
('dignissim', 0.176091),
('discovered', 0.30103),
('dolor', 0.0713125),
('dolore', 0.176091),
('dolorem', 0.176091),
('doloremque', 0.30103),
('dolores', 0.30103),
('don', 0.30103),
('donec', 0.30103),
('dribbble', 0.0163904),
('drupalet', 0.30103),
('dui', 0.187784),
('duis', 0.13207),
('dummy', 0.0122345),
('during', 0.30103),
('eaque', 0.30103),
('eget', 0.20166),
('eius', 0.176091),
('eleifend', 0.196423),
('elementum', 0.09691),
('elit', 0.137626),
('embarrassing', 0.0791812),
('enim', 0.124939),
('ennui', 0.0163904),
('entertainment', 0.0377886),
('envato', 0.0163904),
('eos', 0.30103),
('erat', 0.30103),
('error', 0.176091),
('esse', 0.176091),
('est', 0.0617762),
('etc', 0.176091),
('ethics', 0.30103),
('etiam', 0.20229),
('eum', 0.176091),
('even', 0.30103),
('evil', 0.30103),
('exercitationem', 0.176091),
('explicabo', 0.30103),
('external', 0.176091),
('extremes', 0.30103),
('facebook', 0.0163904),
('fadribbble', 0.30103),
('fafacebook', 0.30103),
('fagithub', 0.30103),
('fagoogleplus', 0.30103),
('fainstagram', 0.30103),
('falinkedin', 0.30103),
('fatwitter', 0.30103),
('files', 0.152392),
('find', 0.0163904),
('finibus', 0.30103),
('first', 0.124939),
('fiv', 0.09691),
('footer', 0.30103),
('for', 0.00934003),
('form', 0.176091),
('found', 0.0222764),
('free', 0.01524),
('fri', 0.30103),
('from', 0.012965),
('fugit', 0.30103),
('galley', 0.09691),
('generate', 0.09691),
('generated', 0.0142404),
('generator', 0.176091),
('generators', 0.09691),
('github', 0.0163904),
('going', 0.124939),
('good', 0.30103),
('google', 0.0163904),
('gravida', 0.196761),
('grid', 0.0321847),
('had', 0.0222764),
('hampdensydney', 0.176091),
('handful', 0.09691),
('has', 0.0669468),
('have', 0.0202034),
('header', 0.0163904),
('here', 0.30103),
('hidden', 0.0791812),
('homepage', 0.0377886),
('html', 0.30103),
('hub', 0.0163904),
('humour', 0.124939),
('iaculis', 0.200063),
('iframe', 0.0321847),
('illo', 0.30103),
('improve', 0.0163904),
('improving', 0.0163904),
('incidunt', 0.176091),
('industry', 0.0511525),
('info', 0.30103),
('information', 0.30103),
('injected', 0.124939),
('input', 0.30103),
('insert', 0.30103),
('inspired', 0.0163904),
('instagram', 0.0163904),
('integer', 0.0687452),
('internet', 0.013364),
('inventore', 0.30103),
('ipsa', 0.30103),
('ipsam', 0.30103),
('ipsum', 0.00309627),
('isn', 0.0791812),
('iste', 0.30103),
('its', 0.0222764),
('iure', 0.176091),
('labore', 0.176091),
('laboriosam', 0.176091),
('lacus', 0.200706),
('large', 0.0377886),
('latin', 0.0511525),
('laudantium', 0.30103),
('leave', 0.0163904),
('lectus', 0.103412),
('leo', 0.203223),
('libero', 0.30103),
('line', 0.176091),
('linkedin', 0.0163904),
('literature', 0.124939),
('look', 0.30103),
('looked', 0.176091),
('looking', 0.0222764),
('looks', 0.09691),
('lorem', 0.00287596),
('luctus', 0.30103),
('magnam', 0.176091),
('magni', 0.30103),
('majority', 0.176091),
('make', 0.09691),
('making', 0.09691),
('malorum', 0.30103),
('many', 0.176091),
('marfa', 0.0163904),
('marketplaces', 0.00827253),
('mcclintock', 0.176091),
('medium', 0.0377886),
('messages', 0.0321847),
('metus', 0.30103),
('middle', 0.09691),
('might', 0.0222764),
('minima', 0.176091),
('model', 0.09691),
('modi', 0.176091),
('molestiae', 0.176091),
('molestie', 0.30103),
('mollis', 0.30103),
('montes', 0.0142404),
('more', 0.133268),
('music', 0.00782534),
('name', 0.30103),
('natus', 0.30103),
('nec', 0.176091),
('necessary', 0.176091),
('need', 0.0791812),
('nemo', 0.30103),
('neque', 0.176091),
('nesciunt', 0.30103),
('new', 0.0163904),
('next', 0.0163904),
('nibh', 0.30103),
('nihil', 0.176091),
('nisi', 0.102969),
('non', 0.0567225),
('noncharacteristic', 0.176091),
('nostrum', 0.176091),
('not', 0.0163904),
('note', 0.30103),
('nulla', 0.14045),
('nullam', 0.30103),
('numquam', 0.176091),
('nunc', 0.0136032),
('obscure', 0.176091),
('odio', 0.0147963),
('odit', 0.30103),
('old', 0.176091),
('omnis', 0.30103),
('one', 0.176091),
('only', 0.09691),
('ornare', 0.30103),
('over', 0.09691),
('package', 0.121616),
('packaging', 0.0163904),
('page', 0.00673338),
('passage', 0.124939),
('passages', 0.176091),
('pellentesque', 0.19974),
('people', 0.00782534),
('permalink', 0.0377886),
('perspiciatis', 0.0157943),
('pharetra', 0.30103),
('phasellus', 0.0142404),
('photos', 0.0163904),
('php', 0.30103),
('piece', 0.176091),
('please', 0.30103),
('plus', 0.0163904),
('poll', 0.0163904),
('popular', 0.124939),
('porro', 0.176091),
('porttitor', 0.195398),
('posuere', 0.30103),
('predefined', 0.09691),
('premium', 0.30103),
('printer', 0.09691),
('printing', 0.0122345),
('pro', 0.30103),
('productivity', 0.0163904),
('professor', 0.176091),
('psd', 0.30103),
('purus', 0.176091),
('quae', 0.30103),
('quaerat', 0.176091),
('quam', 0.104175),
('quasi', 0.30103),
('qui', 0.0791812),
('quia', 0.0669468),
('quis', 0.0532061),
('quisquam', 0.176091),
('random', 0.176091),
('randomised', 0.30103),
('ratione', 0.30103),
('read', 0.30103),
('reasonable', 0.09691),
('rem', 0.30103),
('removed', 0.0222764),
('renaissance', 0.30103),
('repeat', 0.09691),
('repetition', 0.176091),
('reply', 0.0377886),
('reprehenderit', 0.176091),
('required', 0.30103),
('review', 0.0163904),
('richard', 0.176091),
('risus', 0.198431),
('roots', 0.176091),
('sagittis', 0.111013),
('sapien', 0.200386),
('scelerisque', 0.176091),
('scenester', 0.0163904),
('scrambled', 0.09691),
('search', 0.0163904),
('section', 0.124939),
('sections', 0.30103),
('sed', 0.013851),
('sem', 0.30103),
('semper', 0.30103),
('sentence', 0.09691),
('sequi', 0.30103),
('shortcodes', 0.0163904),
('simple', 0.176091),
('simply', 0.00683942),
('sit', 0.0405357),
('slightly', 0.176091),
('smal', 0.0377886),
('sodales', 0.201344),
('some', 0.176091),
('source', 0.30103),
('speeds', 0.0163904),
('sports', 0.0377886),
('standard', 0.0163904),
('structures', 0.09691),
('submitted', 0.30103),
('successfully', 0.30103),
('suffered', 0.176091),
('sunt', 0.30103),
('sure', 0.0791812),
('survived', 0.09691),
('suscipit', 0.103324),
('system', 0.0321847),
('tab', 0.012965),
('table', 0.0397409),
('tabs', 0.0321847),
('tag', 0.00262414),
('tempor', 0.1981),
('tempora', 0.176091),
('tempus', 0.204145),
('tend', 0.09691),
('terms', 0.30103),
('text', 0.0263289),
('that', 0.0163904),
('the', 0.0022918),
('theme', 0.0163904),
('theory', 0.30103),
('there', 0.0579919),
('therefore', 0.09691),
('this', 0.0669468),
('through', 0.30103),
('tincidunt', 0.125635),
('toggle', 0.0299632),
('took', 0.09691),
('totam', 0.30103),
('travel', 0.00975984),
('treatise', 0.30103),
('tristique', 0.10434),
('true', 0.176091),
('turpis', 0.176091),
('twitter', 0.0163904),
('type', 0.0511525),
('typesetting', 0.0125891),
('ullam', 0.176091),
('ultricies', 0.131155),
('unde', 0.0157943),
('undoubtable', 0.30103),
('unique', 0.0163904),
('unknown', 0.09691),
('urna', 0.203839),
('use', 0.176091),
('uses', 0.176091),
('variations', 0.176091),
('varius', 0.195741),
('vehicula', 0.30103),
('vel', 0.176091),
('velit', 0.0669468),
('venenatis', 0.30103),
('veniam', 0.176091),
('verified', 0.30103),
('veritatis', 0.30103),
('version', 0.30103),
('very', 0.30103),
('vestibulum', 0.196083),
('video', 0.0280287),
('virginia', 0.176091),
('vitae', 0.130998),
('voluptas', 0.30103),
('voluptate', 0.176091),
('voluptatem', 0.0791812),
('vulputate', 0.201026),
('warning', 0.30103),
('ways', 0.00827253),
('website', 0.0163904),
('which', 0.0791812),
('will', 0.0163904),
('with', 0.09691),
('word', 0.30103),
('words', 0.0579919),
('world', 0.0163904),
('written', 0.30103),
('years', 0.176091),
('you', 0.00827253),
('your', 0.00796893);

-- --------------------------------------------------------

--
-- Structure de la table `drupal_semaphore`
--

CREATE TABLE IF NOT EXISTS `drupal_semaphore` (
  `name` varchar(255) NOT NULL DEFAULT '' COMMENT 'Primary Key: Unique name.',
  `value` varchar(255) NOT NULL DEFAULT '' COMMENT 'A value for the semaphore.',
  `expire` double NOT NULL COMMENT 'A Unix timestamp with microseconds indicating when the semaphore should expire.'
) ENGINE=InnoDB DEFAULT CHARSET=utf8 COMMENT='Table for holding semaphores, locks, flags, etc. that...';

-- --------------------------------------------------------

--
-- Structure de la table `drupal_sequences`
--

CREATE TABLE IF NOT EXISTS `drupal_sequences` (
  `value` int(10) unsigned NOT NULL COMMENT 'The value of the sequence.'
) ENGINE=InnoDB AUTO_INCREMENT=3 DEFAULT CHARSET=utf8 COMMENT='Stores IDs.';

--
-- Contenu de la table `drupal_sequences`
--

INSERT INTO `drupal_sequences` (`value`) VALUES
(2);

-- --------------------------------------------------------

--
-- Structure de la table `drupal_sessions`
--

CREATE TABLE IF NOT EXISTS `drupal_sessions` (
  `uid` int(10) unsigned NOT NULL COMMENT 'The users.uid corresponding to a session, or 0 for anonymous user.',
  `sid` varchar(128) NOT NULL COMMENT 'A session ID. The value is generated by Drupal’s session handlers.',
  `ssid` varchar(128) NOT NULL DEFAULT '' COMMENT 'Secure session ID. The value is generated by Drupal’s session handlers.',
  `hostname` varchar(128) NOT NULL DEFAULT '' COMMENT 'The IP address that last used this session ID (sid).',
  `timestamp` int(11) NOT NULL DEFAULT '0' COMMENT 'The Unix timestamp when this session last requested a page. Old records are purged by PHP automatically.',
  `cache` int(11) NOT NULL DEFAULT '0' COMMENT 'The time of this user’s last post. This is used when the site has specified a minimum_cache_lifetime. See cache_get().',
  `session` longblob COMMENT 'The serialized contents of $_SESSION, an array of name/value pairs that persists across page requests by this session ID. Drupal loads $_SESSION from here at the start of each request and saves it at the end.'
) ENGINE=InnoDB DEFAULT CHARSET=utf8 COMMENT='Drupal’s session handlers read and write into the...';

--
-- Contenu de la table `drupal_sessions`
--

INSERT INTO `drupal_sessions` (`uid`, `sid`, `ssid`, `hostname`, `timestamp`, `cache`, `session`) VALUES
(0, '21Crewx3YoKIT8xoArOkoRBrjH1PaR1xXrN84wy_IFI', '', '127.0.0.1', 1395990694, 0, ''),
(0, '5gHSbuDIyZqFJpdShVrL5jJ9EdDxiYdin7I55tmnbUY', '', '127.0.0.1', 1395938757, 0, ''),
(0, '8GSouCF7XLKWwEP_P0pP02WET-_s20YvcTsHIe0PpBw', '', '127.0.0.1', 1395967277, 0, ''),
(0, '8jqZdaeB3tjW_hJyE24JxRxTaWfkFmOs09fl4ffMFbo', '', '127.0.0.1', 1395969942, 0, ''),
(0, '9MsemfCjSQ2x0ZWznqRf0xobizvYvNTKkZjnMrCaNhY', '', '127.0.0.1', 1396019076, 0, 0x6d657373616765737c613a313a7b733a353a226572726f72223b613a313a7b693a303b733a34373a2254686520636f6d6d656e7420796f7520617265207265706c79696e6720746f20646f6573206e6f742065786973742e223b7d7d),
(1, 'ACWRLtsmCyYjgdlsPUEThrhLvVEZrfXR9K2kqA1jY-E', '', '127.0.0.1', 1396104363, 0, 0x626174636865737c613a323a7b693a313b623a313b693a323b623a313b7d6e6f64655f6f766572766965775f66696c7465727c613a313a7b693a303b613a323a7b693a303b733a343a2274797065223b693a313b733a343a22626c6f67223b7d7d),
(0, 'aQ6G5N2tjgax3ge3t7zdTqSIts9iP7_KfC2o6573ToU', '', '127.0.0.1', 1395907352, 0, ''),
(0, 'Cl6uad7DerNZPqyghxAbtzt1jlgR-BuVvjajQkfscx0', '', '127.0.0.1', 1395971730, 0, ''),
(0, 'czDiGewEAFKUlvjRQ47_4T5hd5s_U7pbaJkFtUMrTe0', '', '127.0.0.1', 1395990297, 0, ''),
(0, 'dytANf3TLTlz6wFGXkfWdrydaEb5Z6fnrNjB4baD-iM', '', '127.0.0.1', 1395990380, 0, ''),
(0, 'JEk9hO3f1V1cGt1rg63RdJlleGOKtcnj8lBKYLH197Q', '', '127.0.0.1', 1395941046, 0, ''),
(0, 'jiReigyei7_BHvYDL5OJTym1zcnxRXvbDqOGxIzaNWY', '', '127.0.0.1', 1396019076, 0, 0x6d657373616765737c613a313a7b733a353a226572726f72223b613a313a7b693a303b733a34373a2254686520636f6d6d656e7420796f7520617265207265706c79696e6720746f20646f6573206e6f742065786973742e223b7d7d),
(0, 'MMAN7ZS1GxgrGjonhS5_dOy1VdO38SM8ZX-O3kUuWvw', '', '127.0.0.1', 1395990231, 0, ''),
(0, 'oxHC1agCKyO2e09zpXJWc9-shYQ6dmGGPZUm_LT3-gU', '', '127.0.0.1', 1395990826, 0, ''),
(0, 'qWjo9UBpQW84ajJLJoXfds1netiwE1k2ihPBEtt6Y4A', '', '127.0.0.1', 1395990273, 0, ''),
(0, 'RV2KkcoOYdw1XGnrFeYdWEqRe0DmCWoO5eo5RLNglVM', '', '127.0.0.1', 1395940761, 0, ''),
(0, 'vagSVfT7DZOIggRbJqOhTmkijZqC9aBEETvH-8oJU-M', '', '127.0.0.1', 1396019076, 0, 0x6d657373616765737c613a313a7b733a353a226572726f72223b613a313a7b693a303b733a34373a2254686520636f6d6d656e7420796f7520617265207265706c79696e6720746f20646f6573206e6f742065786973742e223b7d7d),
(0, 'vJz0Lfnl-8zWufN7VlmeBWQcyVW3d4bBOcKNwNBYoDc', '', '127.0.0.1', 1396019076, 0, 0x6d657373616765737c613a313a7b733a353a226572726f72223b613a313a7b693a303b733a34373a2254686520636f6d6d656e7420796f7520617265207265706c79696e6720746f20646f6573206e6f742065786973742e223b7d7d),
(0, 'VpM4ZYSYLPdKy_RmstdUxmK70boLr8Uf8wC2KuSYSCE', '', '127.0.0.1', 1395989607, 0, ''),
(0, 'zRi9c8p8s1A0pxIS_tlQJ38vC3xMd48Ku_PVR1bYwcM', '', '127.0.0.1', 1395940978, 0, ''),
(0, '_TRQbwiH_Y6xpBwT0G2-vIhk95N1x7JsP78wBYG7vE8', '', '127.0.0.1', 1395990112, 0, '');

-- --------------------------------------------------------

--
-- Structure de la table `drupal_shortcut_set`
--

CREATE TABLE IF NOT EXISTS `drupal_shortcut_set` (
  `set_name` varchar(32) NOT NULL DEFAULT '' COMMENT 'Primary Key: The menu_links.menu_name under which the set’s links are stored.',
  `title` varchar(255) NOT NULL DEFAULT '' COMMENT 'The title of the set.'
) ENGINE=InnoDB DEFAULT CHARSET=utf8 COMMENT='Stores information about sets of shortcuts links.';

--
-- Contenu de la table `drupal_shortcut_set`
--

INSERT INTO `drupal_shortcut_set` (`set_name`, `title`) VALUES
('shortcut-set-1', 'Default');

-- --------------------------------------------------------

--
-- Structure de la table `drupal_shortcut_set_users`
--

CREATE TABLE IF NOT EXISTS `drupal_shortcut_set_users` (
  `uid` int(10) unsigned NOT NULL DEFAULT '0' COMMENT 'The users.uid for this set.',
  `set_name` varchar(32) NOT NULL DEFAULT '' COMMENT 'The shortcut_set.set_name that will be displayed for this user.'
) ENGINE=InnoDB DEFAULT CHARSET=utf8 COMMENT='Maps users to shortcut sets.';

-- --------------------------------------------------------

--
-- Structure de la table `drupal_system`
--

CREATE TABLE IF NOT EXISTS `drupal_system` (
  `filename` varchar(255) NOT NULL DEFAULT '' COMMENT 'The path of the primary file for this item, relative to the Drupal root; e.g. modules/node/node.module.',
  `name` varchar(255) NOT NULL DEFAULT '' COMMENT 'The name of the item; e.g. node.',
  `type` varchar(12) NOT NULL DEFAULT '' COMMENT 'The type of the item, either module, theme, or theme_engine.',
  `owner` varchar(255) NOT NULL DEFAULT '' COMMENT 'A theme’s ’parent’ . Can be either a theme or an engine.',
  `status` int(11) NOT NULL DEFAULT '0' COMMENT 'Boolean indicating whether or not this item is enabled.',
  `bootstrap` int(11) NOT NULL DEFAULT '0' COMMENT 'Boolean indicating whether this module is loaded during Drupal’s early bootstrapping phase (e.g. even before the page cache is consulted).',
  `schema_version` smallint(6) NOT NULL DEFAULT '-1' COMMENT 'The module’s database schema version number. -1 if the module is not installed (its tables do not exist); 0 or the largest N of the module’s hook_update_N() function that has either been run or existed when the module was first installed.',
  `weight` int(11) NOT NULL DEFAULT '0' COMMENT 'The order in which this module’s hooks should be invoked relative to other modules. Equal-weighted modules are ordered by name.',
  `info` blob COMMENT 'A serialized array containing information from the module’s .info file; keys can include name, description, package, version, core, dependencies, and php.'
) ENGINE=InnoDB DEFAULT CHARSET=utf8 COMMENT='A list of all modules, themes, and theme engines that are...';

--
-- Contenu de la table `drupal_system`
--

INSERT INTO `drupal_system` (`filename`, `name`, `type`, `owner`, `status`, `bootstrap`, `schema_version`, `weight`, `info`) VALUES
('modules/aggregator/aggregator.module', 'aggregator', 'module', '', 0, 0, -1, 0, 0x613a31333a7b733a343a226e616d65223b733a31303a2241676772656761746f72223b733a31313a226465736372697074696f6e223b733a35373a22416767726567617465732073796e6469636174656420636f6e74656e7420285253532c205244462c20616e642041746f6d206665656473292e223b733a373a227061636b616765223b733a343a22436f7265223b733a373a2276657273696f6e223b733a343a22372e3236223b733a343a22636f7265223b733a333a22372e78223b733a353a2266696c6573223b613a313a7b693a303b733a31353a2261676772656761746f722e74657374223b7d733a393a22636f6e666967757265223b733a34313a2261646d696e2f636f6e6669672f73657276696365732f61676772656761746f722f73657474696e6773223b733a31313a227374796c65736865657473223b613a313a7b733a333a22616c6c223b613a313a7b733a31343a2261676772656761746f722e637373223b733a33333a226d6f64756c65732f61676772656761746f722f61676772656761746f722e637373223b7d7d733a373a2270726f6a656374223b733a363a2264727570616c223b733a393a22646174657374616d70223b733a31303a2231333839383135393330223b733a31323a22646570656e64656e63696573223b613a303a7b7d733a333a22706870223b733a353a22352e322e34223b733a393a22626f6f747374726170223b693a303b7d),
('modules/aggregator/tests/aggregator_test.module', 'aggregator_test', 'module', '', 0, 0, -1, 0, 0x613a31323a7b733a343a226e616d65223b733a32333a2241676772656761746f72206d6f64756c65207465737473223b733a31313a226465736372697074696f6e223b733a34363a22537570706f7274206d6f64756c6520666f722061676772656761746f722072656c617465642074657374696e672e223b733a373a227061636b616765223b733a373a2254657374696e67223b733a373a2276657273696f6e223b733a343a22372e3236223b733a343a22636f7265223b733a333a22372e78223b733a363a2268696464656e223b623a313b733a373a2270726f6a656374223b733a363a2264727570616c223b733a393a22646174657374616d70223b733a31303a2231333839383135393330223b733a31323a22646570656e64656e63696573223b613a303a7b7d733a333a22706870223b733a353a22352e322e34223b733a353a2266696c6573223b613a303a7b7d733a393a22626f6f747374726170223b693a303b7d),
('modules/block/block.module', 'block', 'module', '', 1, 0, 7008, -5, 0x613a31323a7b733a343a226e616d65223b733a353a22426c6f636b223b733a31313a226465736372697074696f6e223b733a3134303a22436f6e74726f6c73207468652076697375616c206275696c64696e6720626c6f636b732061207061676520697320636f6e737472756374656420776974682e20426c6f636b732061726520626f786573206f6620636f6e74656e742072656e646572656420696e746f20616e20617265612c206f7220726567696f6e2c206f6620612077656220706167652e223b733a373a227061636b616765223b733a343a22436f7265223b733a373a2276657273696f6e223b733a343a22372e3236223b733a343a22636f7265223b733a333a22372e78223b733a353a2266696c6573223b613a313a7b693a303b733a31303a22626c6f636b2e74657374223b7d733a393a22636f6e666967757265223b733a32313a2261646d696e2f7374727563747572652f626c6f636b223b733a373a2270726f6a656374223b733a363a2264727570616c223b733a393a22646174657374616d70223b733a31303a2231333839383135393330223b733a31323a22646570656e64656e63696573223b613a303a7b7d733a333a22706870223b733a353a22352e322e34223b733a393a22626f6f747374726170223b693a303b7d),
('modules/block/tests/block_test.module', 'block_test', 'module', '', 0, 0, -1, 0, 0x613a31323a7b733a343a226e616d65223b733a31303a22426c6f636b2074657374223b733a31313a226465736372697074696f6e223b733a32313a2250726f7669646573207465737420626c6f636b732e223b733a373a227061636b616765223b733a373a2254657374696e67223b733a373a2276657273696f6e223b733a343a22372e3236223b733a343a22636f7265223b733a333a22372e78223b733a363a2268696464656e223b623a313b733a373a2270726f6a656374223b733a363a2264727570616c223b733a393a22646174657374616d70223b733a31303a2231333839383135393330223b733a31323a22646570656e64656e63696573223b613a303a7b7d733a333a22706870223b733a353a22352e322e34223b733a353a2266696c6573223b613a303a7b7d733a393a22626f6f747374726170223b693a303b7d),
('modules/blog/blog.module', 'blog', 'module', '', 1, 0, 0, 0, 0x613a31313a7b733a343a226e616d65223b733a343a22426c6f67223b733a31313a226465736372697074696f6e223b733a32353a22456e61626c6573206d756c74692d7573657220626c6f67732e223b733a373a227061636b616765223b733a343a22436f7265223b733a373a2276657273696f6e223b733a343a22372e3236223b733a343a22636f7265223b733a333a22372e78223b733a353a2266696c6573223b613a313a7b693a303b733a393a22626c6f672e74657374223b7d733a373a2270726f6a656374223b733a363a2264727570616c223b733a393a22646174657374616d70223b733a31303a2231333839383135393330223b733a31323a22646570656e64656e63696573223b613a303a7b7d733a333a22706870223b733a353a22352e322e34223b733a393a22626f6f747374726170223b693a303b7d),
('modules/book/book.module', 'book', 'module', '', 0, 0, -1, 0, 0x613a31333a7b733a343a226e616d65223b733a343a22426f6f6b223b733a31313a226465736372697074696f6e223b733a36363a22416c6c6f777320757365727320746f2063726561746520616e64206f7267616e697a652072656c6174656420636f6e74656e7420696e20616e206f75746c696e652e223b733a373a227061636b616765223b733a343a22436f7265223b733a373a2276657273696f6e223b733a343a22372e3236223b733a343a22636f7265223b733a333a22372e78223b733a353a2266696c6573223b613a313a7b693a303b733a393a22626f6f6b2e74657374223b7d733a393a22636f6e666967757265223b733a32373a2261646d696e2f636f6e74656e742f626f6f6b2f73657474696e6773223b733a31313a227374796c65736865657473223b613a313a7b733a333a22616c6c223b613a313a7b733a383a22626f6f6b2e637373223b733a32313a226d6f64756c65732f626f6f6b2f626f6f6b2e637373223b7d7d733a373a2270726f6a656374223b733a363a2264727570616c223b733a393a22646174657374616d70223b733a31303a2231333839383135393330223b733a31323a22646570656e64656e63696573223b613a303a7b7d733a333a22706870223b733a353a22352e322e34223b733a393a22626f6f747374726170223b693a303b7d),
('modules/color/color.module', 'color', 'module', '', 1, 0, 7001, 0, 0x613a31313a7b733a343a226e616d65223b733a353a22436f6c6f72223b733a31313a226465736372697074696f6e223b733a37303a22416c6c6f77732061646d696e6973747261746f727320746f206368616e67652074686520636f6c6f7220736368656d65206f6620636f6d70617469626c65207468656d65732e223b733a373a227061636b616765223b733a343a22436f7265223b733a373a2276657273696f6e223b733a343a22372e3236223b733a343a22636f7265223b733a333a22372e78223b733a353a2266696c6573223b613a313a7b693a303b733a31303a22636f6c6f722e74657374223b7d733a373a2270726f6a656374223b733a363a2264727570616c223b733a393a22646174657374616d70223b733a31303a2231333839383135393330223b733a31323a22646570656e64656e63696573223b613a303a7b7d733a333a22706870223b733a353a22352e322e34223b733a393a22626f6f747374726170223b693a303b7d),
('modules/comment/comment.module', 'comment', 'module', '', 1, 0, 7009, 0, 0x613a31333a7b733a343a226e616d65223b733a373a22436f6d6d656e74223b733a31313a226465736372697074696f6e223b733a35373a22416c6c6f777320757365727320746f20636f6d6d656e74206f6e20616e642064697363757373207075626c697368656420636f6e74656e742e223b733a373a227061636b616765223b733a343a22436f7265223b733a373a2276657273696f6e223b733a343a22372e3236223b733a343a22636f7265223b733a333a22372e78223b733a31323a22646570656e64656e63696573223b613a313a7b693a303b733a343a2274657874223b7d733a353a2266696c6573223b613a323a7b693a303b733a31343a22636f6d6d656e742e6d6f64756c65223b693a313b733a31323a22636f6d6d656e742e74657374223b7d733a393a22636f6e666967757265223b733a32313a2261646d696e2f636f6e74656e742f636f6d6d656e74223b733a31313a227374796c65736865657473223b613a313a7b733a333a22616c6c223b613a313a7b733a31313a22636f6d6d656e742e637373223b733a32373a226d6f64756c65732f636f6d6d656e742f636f6d6d656e742e637373223b7d7d733a373a2270726f6a656374223b733a363a2264727570616c223b733a393a22646174657374616d70223b733a31303a2231333839383135393330223b733a333a22706870223b733a353a22352e322e34223b733a393a22626f6f747374726170223b693a303b7d),
('modules/contact/contact.module', 'contact', 'module', '', 1, 0, 7003, 0, 0x613a31323a7b733a343a226e616d65223b733a373a22436f6e74616374223b733a31313a226465736372697074696f6e223b733a36313a22456e61626c65732074686520757365206f6620626f746820706572736f6e616c20616e6420736974652d7769646520636f6e7461637420666f726d732e223b733a373a227061636b616765223b733a343a22436f7265223b733a373a2276657273696f6e223b733a343a22372e3236223b733a343a22636f7265223b733a333a22372e78223b733a353a2266696c6573223b613a313a7b693a303b733a31323a22636f6e746163742e74657374223b7d733a393a22636f6e666967757265223b733a32333a2261646d696e2f7374727563747572652f636f6e74616374223b733a373a2270726f6a656374223b733a363a2264727570616c223b733a393a22646174657374616d70223b733a31303a2231333839383135393330223b733a31323a22646570656e64656e63696573223b613a303a7b7d733a333a22706870223b733a353a22352e322e34223b733a393a22626f6f747374726170223b693a303b7d),
('modules/contextual/contextual.module', 'contextual', 'module', '', 1, 0, 0, 0, 0x613a31313a7b733a343a226e616d65223b733a31363a22436f6e7465787475616c206c696e6b73223b733a31313a226465736372697074696f6e223b733a37353a2250726f766964657320636f6e7465787475616c206c696e6b7320746f20706572666f726d20616374696f6e732072656c6174656420746f20656c656d656e7473206f6e206120706167652e223b733a373a227061636b616765223b733a343a22436f7265223b733a373a2276657273696f6e223b733a343a22372e3236223b733a343a22636f7265223b733a333a22372e78223b733a353a2266696c6573223b613a313a7b693a303b733a31353a22636f6e7465787475616c2e74657374223b7d733a373a2270726f6a656374223b733a363a2264727570616c223b733a393a22646174657374616d70223b733a31303a2231333839383135393330223b733a31323a22646570656e64656e63696573223b613a303a7b7d733a333a22706870223b733a353a22352e322e34223b733a393a22626f6f747374726170223b693a303b7d),
('modules/dashboard/dashboard.module', 'dashboard', 'module', '', 1, 0, 0, 0, 0x613a31323a7b733a343a226e616d65223b733a393a2244617368626f617264223b733a31313a226465736372697074696f6e223b733a3133363a2250726f766964657320612064617368626f617264207061676520696e207468652061646d696e69737472617469766520696e7465726661636520666f72206f7267616e697a696e672061646d696e697374726174697665207461736b7320616e6420747261636b696e6720696e666f726d6174696f6e2077697468696e20796f757220736974652e223b733a343a22636f7265223b733a333a22372e78223b733a373a227061636b616765223b733a343a22436f7265223b733a373a2276657273696f6e223b733a343a22372e3236223b733a353a2266696c6573223b613a313a7b693a303b733a31343a2264617368626f6172642e74657374223b7d733a31323a22646570656e64656e63696573223b613a313a7b693a303b733a353a22626c6f636b223b7d733a393a22636f6e666967757265223b733a32353a2261646d696e2f64617368626f6172642f637573746f6d697a65223b733a373a2270726f6a656374223b733a363a2264727570616c223b733a393a22646174657374616d70223b733a31303a2231333839383135393330223b733a333a22706870223b733a353a22352e322e34223b733a393a22626f6f747374726170223b693a303b7d),
('modules/dblog/dblog.module', 'dblog', 'module', '', 1, 1, 7002, 0, 0x613a31313a7b733a343a226e616d65223b733a31363a224461746162617365206c6f6767696e67223b733a31313a226465736372697074696f6e223b733a34373a224c6f677320616e64207265636f7264732073797374656d206576656e747320746f207468652064617461626173652e223b733a373a227061636b616765223b733a343a22436f7265223b733a373a2276657273696f6e223b733a343a22372e3236223b733a343a22636f7265223b733a333a22372e78223b733a353a2266696c6573223b613a313a7b693a303b733a31303a2264626c6f672e74657374223b7d733a373a2270726f6a656374223b733a363a2264727570616c223b733a393a22646174657374616d70223b733a31303a2231333839383135393330223b733a31323a22646570656e64656e63696573223b613a303a7b7d733a333a22706870223b733a353a22352e322e34223b733a393a22626f6f747374726170223b693a303b7d),
('modules/field/field.module', 'field', 'module', '', 1, 0, 7003, 0, 0x613a31333a7b733a343a226e616d65223b733a353a224669656c64223b733a31313a226465736372697074696f6e223b733a35373a224669656c642041504920746f20616464206669656c647320746f20656e746974696573206c696b65206e6f64657320616e642075736572732e223b733a373a227061636b616765223b733a343a22436f7265223b733a373a2276657273696f6e223b733a343a22372e3236223b733a343a22636f7265223b733a333a22372e78223b733a353a2266696c6573223b613a343a7b693a303b733a31323a226669656c642e6d6f64756c65223b693a313b733a31363a226669656c642e6174746163682e696e63223b693a323b733a32303a226669656c642e696e666f2e636c6173732e696e63223b693a333b733a31363a2274657374732f6669656c642e74657374223b7d733a31323a22646570656e64656e63696573223b613a313a7b693a303b733a31373a226669656c645f73716c5f73746f72616765223b7d733a383a227265717569726564223b623a313b733a31313a227374796c65736865657473223b613a313a7b733a333a22616c6c223b613a313a7b733a31353a227468656d652f6669656c642e637373223b733a32393a226d6f64756c65732f6669656c642f7468656d652f6669656c642e637373223b7d7d733a373a2270726f6a656374223b733a363a2264727570616c223b733a393a22646174657374616d70223b733a31303a2231333839383135393330223b733a333a22706870223b733a353a22352e322e34223b733a393a22626f6f747374726170223b693a303b7d),
('modules/field/modules/field_sql_storage/field_sql_storage.module', 'field_sql_storage', 'module', '', 1, 0, 7002, 0, 0x613a31323a7b733a343a226e616d65223b733a31373a224669656c642053514c2073746f72616765223b733a31313a226465736372697074696f6e223b733a33373a2253746f726573206669656c64206461746120696e20616e2053514c2064617461626173652e223b733a373a227061636b616765223b733a343a22436f7265223b733a373a2276657273696f6e223b733a343a22372e3236223b733a343a22636f7265223b733a333a22372e78223b733a31323a22646570656e64656e63696573223b613a313a7b693a303b733a353a226669656c64223b7d733a353a2266696c6573223b613a313a7b693a303b733a32323a226669656c645f73716c5f73746f726167652e74657374223b7d733a383a227265717569726564223b623a313b733a373a2270726f6a656374223b733a363a2264727570616c223b733a393a22646174657374616d70223b733a31303a2231333839383135393330223b733a333a22706870223b733a353a22352e322e34223b733a393a22626f6f747374726170223b693a303b7d),
('modules/field/modules/list/list.module', 'list', 'module', '', 1, 0, 7002, 0, 0x613a31313a7b733a343a226e616d65223b733a343a224c697374223b733a31313a226465736372697074696f6e223b733a36393a22446566696e6573206c697374206669656c642074797065732e205573652077697468204f7074696f6e7320746f206372656174652073656c656374696f6e206c697374732e223b733a373a227061636b616765223b733a343a22436f7265223b733a373a2276657273696f6e223b733a343a22372e3236223b733a343a22636f7265223b733a333a22372e78223b733a31323a22646570656e64656e63696573223b613a323a7b693a303b733a353a226669656c64223b693a313b733a373a226f7074696f6e73223b7d733a353a2266696c6573223b613a313a7b693a303b733a31353a2274657374732f6c6973742e74657374223b7d733a373a2270726f6a656374223b733a363a2264727570616c223b733a393a22646174657374616d70223b733a31303a2231333839383135393330223b733a333a22706870223b733a353a22352e322e34223b733a393a22626f6f747374726170223b693a303b7d),
('modules/field/modules/list/tests/list_test.module', 'list_test', 'module', '', 0, 0, -1, 0, 0x613a31323a7b733a343a226e616d65223b733a393a224c6973742074657374223b733a31313a226465736372697074696f6e223b733a34313a22537570706f7274206d6f64756c6520666f7220746865204c697374206d6f64756c652074657374732e223b733a343a22636f7265223b733a333a22372e78223b733a373a227061636b616765223b733a373a2254657374696e67223b733a373a2276657273696f6e223b733a343a22372e3236223b733a363a2268696464656e223b623a313b733a373a2270726f6a656374223b733a363a2264727570616c223b733a393a22646174657374616d70223b733a31303a2231333839383135393330223b733a31323a22646570656e64656e63696573223b613a303a7b7d733a333a22706870223b733a353a22352e322e34223b733a353a2266696c6573223b613a303a7b7d733a393a22626f6f747374726170223b693a303b7d),
('modules/field/modules/number/number.module', 'number', 'module', '', 1, 0, 0, 0, 0x613a31313a7b733a343a226e616d65223b733a363a224e756d626572223b733a31313a226465736372697074696f6e223b733a32383a22446566696e6573206e756d65726963206669656c642074797065732e223b733a373a227061636b616765223b733a343a22436f7265223b733a373a2276657273696f6e223b733a343a22372e3236223b733a343a22636f7265223b733a333a22372e78223b733a31323a22646570656e64656e63696573223b613a313a7b693a303b733a353a226669656c64223b7d733a353a2266696c6573223b613a313a7b693a303b733a31313a226e756d6265722e74657374223b7d733a373a2270726f6a656374223b733a363a2264727570616c223b733a393a22646174657374616d70223b733a31303a2231333839383135393330223b733a333a22706870223b733a353a22352e322e34223b733a393a22626f6f747374726170223b693a303b7d),
('modules/field/modules/options/options.module', 'options', 'module', '', 1, 0, 0, 0, 0x613a31313a7b733a343a226e616d65223b733a373a224f7074696f6e73223b733a31313a226465736372697074696f6e223b733a38323a22446566696e65732073656c656374696f6e2c20636865636b20626f7820616e6420726164696f20627574746f6e207769646765747320666f72207465787420616e64206e756d65726963206669656c64732e223b733a373a227061636b616765223b733a343a22436f7265223b733a373a2276657273696f6e223b733a343a22372e3236223b733a343a22636f7265223b733a333a22372e78223b733a31323a22646570656e64656e63696573223b613a313a7b693a303b733a353a226669656c64223b7d733a353a2266696c6573223b613a313a7b693a303b733a31323a226f7074696f6e732e74657374223b7d733a373a2270726f6a656374223b733a363a2264727570616c223b733a393a22646174657374616d70223b733a31303a2231333839383135393330223b733a333a22706870223b733a353a22352e322e34223b733a393a22626f6f747374726170223b693a303b7d),
('modules/field/modules/text/text.module', 'text', 'module', '', 1, 0, 7000, 0, 0x613a31333a7b733a343a226e616d65223b733a343a2254657874223b733a31313a226465736372697074696f6e223b733a33323a22446566696e65732073696d706c652074657874206669656c642074797065732e223b733a373a227061636b616765223b733a343a22436f7265223b733a373a2276657273696f6e223b733a343a22372e3236223b733a343a22636f7265223b733a333a22372e78223b733a31323a22646570656e64656e63696573223b613a313a7b693a303b733a353a226669656c64223b7d733a353a2266696c6573223b613a313a7b693a303b733a393a22746578742e74657374223b7d733a383a227265717569726564223b623a313b733a373a2270726f6a656374223b733a363a2264727570616c223b733a393a22646174657374616d70223b733a31303a2231333839383135393330223b733a333a22706870223b733a353a22352e322e34223b733a393a22626f6f747374726170223b693a303b733a31313a226578706c616e6174696f6e223b733a39383a224669656c64207479706528732920696e20757365202d20736565203c6120687265663d222f44726f70626f782f64727570616c2f54462f6970726573732f61646d696e2f7265706f7274732f6669656c6473223e4669656c64206c6973743c2f613e223b7d),
('modules/field/tests/field_test.module', 'field_test', 'module', '', 0, 0, -1, 0, 0x613a31323a7b733a343a226e616d65223b733a31343a224669656c64204150492054657374223b733a31313a226465736372697074696f6e223b733a33393a22537570706f7274206d6f64756c6520666f7220746865204669656c64204150492074657374732e223b733a343a22636f7265223b733a333a22372e78223b733a373a227061636b616765223b733a373a2254657374696e67223b733a353a2266696c6573223b613a313a7b693a303b733a32313a226669656c645f746573742e656e746974792e696e63223b7d733a373a2276657273696f6e223b733a343a22372e3236223b733a363a2268696464656e223b623a313b733a373a2270726f6a656374223b733a363a2264727570616c223b733a393a22646174657374616d70223b733a31303a2231333839383135393330223b733a31323a22646570656e64656e63696573223b613a303a7b7d733a333a22706870223b733a353a22352e322e34223b733a393a22626f6f747374726170223b693a303b7d),
('modules/field_ui/field_ui.module', 'field_ui', 'module', '', 1, 0, 0, 0, 0x613a31313a7b733a343a226e616d65223b733a383a224669656c64205549223b733a31313a226465736372697074696f6e223b733a33333a225573657220696e7465726661636520666f7220746865204669656c64204150492e223b733a373a227061636b616765223b733a343a22436f7265223b733a373a2276657273696f6e223b733a343a22372e3236223b733a343a22636f7265223b733a333a22372e78223b733a31323a22646570656e64656e63696573223b613a313a7b693a303b733a353a226669656c64223b7d733a353a2266696c6573223b613a313a7b693a303b733a31333a226669656c645f75692e74657374223b7d733a373a2270726f6a656374223b733a363a2264727570616c223b733a393a22646174657374616d70223b733a31303a2231333839383135393330223b733a333a22706870223b733a353a22352e322e34223b733a393a22626f6f747374726170223b693a303b7d),
('modules/file/file.module', 'file', 'module', '', 1, 0, 0, 0, 0x613a31313a7b733a343a226e616d65223b733a343a2246696c65223b733a31313a226465736372697074696f6e223b733a32363a22446566696e657320612066696c65206669656c6420747970652e223b733a373a227061636b616765223b733a343a22436f7265223b733a373a2276657273696f6e223b733a343a22372e3236223b733a343a22636f7265223b733a333a22372e78223b733a31323a22646570656e64656e63696573223b613a313a7b693a303b733a353a226669656c64223b7d733a353a2266696c6573223b613a313a7b693a303b733a31353a2274657374732f66696c652e74657374223b7d733a373a2270726f6a656374223b733a363a2264727570616c223b733a393a22646174657374616d70223b733a31303a2231333839383135393330223b733a333a22706870223b733a353a22352e322e34223b733a393a22626f6f747374726170223b693a303b7d),
('modules/file/tests/file_module_test.module', 'file_module_test', 'module', '', 0, 0, -1, 0, 0x613a31323a7b733a343a226e616d65223b733a393a2246696c652074657374223b733a31313a226465736372697074696f6e223b733a35333a2250726f766964657320686f6f6b7320666f722074657374696e672046696c65206d6f64756c652066756e6374696f6e616c6974792e223b733a373a227061636b616765223b733a343a22436f7265223b733a373a2276657273696f6e223b733a343a22372e3236223b733a343a22636f7265223b733a333a22372e78223b733a363a2268696464656e223b623a313b733a373a2270726f6a656374223b733a363a2264727570616c223b733a393a22646174657374616d70223b733a31303a2231333839383135393330223b733a31323a22646570656e64656e63696573223b613a303a7b7d733a333a22706870223b733a353a22352e322e34223b733a353a2266696c6573223b613a303a7b7d733a393a22626f6f747374726170223b693a303b7d),
('modules/filter/filter.module', 'filter', 'module', '', 1, 0, 7010, 0, 0x613a31333a7b733a343a226e616d65223b733a363a2246696c746572223b733a31313a226465736372697074696f6e223b733a34333a2246696c7465727320636f6e74656e7420696e207072657061726174696f6e20666f7220646973706c61792e223b733a373a227061636b616765223b733a343a22436f7265223b733a373a2276657273696f6e223b733a343a22372e3236223b733a343a22636f7265223b733a333a22372e78223b733a353a2266696c6573223b613a313a7b693a303b733a31313a2266696c7465722e74657374223b7d733a383a227265717569726564223b623a313b733a393a22636f6e666967757265223b733a32383a2261646d696e2f636f6e6669672f636f6e74656e742f666f726d617473223b733a373a2270726f6a656374223b733a363a2264727570616c223b733a393a22646174657374616d70223b733a31303a2231333839383135393330223b733a31323a22646570656e64656e63696573223b613a303a7b7d733a333a22706870223b733a353a22352e322e34223b733a393a22626f6f747374726170223b693a303b7d),
('modules/forum/forum.module', 'forum', 'module', '', 0, 0, -1, 0, 0x613a31333a7b733a343a226e616d65223b733a353a22466f72756d223b733a31313a226465736372697074696f6e223b733a32373a2250726f76696465732064697363757373696f6e20666f72756d732e223b733a31323a22646570656e64656e63696573223b613a323a7b693a303b733a383a227461786f6e6f6d79223b693a313b733a373a22636f6d6d656e74223b7d733a373a227061636b616765223b733a343a22436f7265223b733a373a2276657273696f6e223b733a343a22372e3236223b733a343a22636f7265223b733a333a22372e78223b733a353a2266696c6573223b613a313a7b693a303b733a31303a22666f72756d2e74657374223b7d733a393a22636f6e666967757265223b733a32313a2261646d696e2f7374727563747572652f666f72756d223b733a31313a227374796c65736865657473223b613a313a7b733a333a22616c6c223b613a313a7b733a393a22666f72756d2e637373223b733a32333a226d6f64756c65732f666f72756d2f666f72756d2e637373223b7d7d733a373a2270726f6a656374223b733a363a2264727570616c223b733a393a22646174657374616d70223b733a31303a2231333839383135393330223b733a333a22706870223b733a353a22352e322e34223b733a393a22626f6f747374726170223b693a303b7d),
('modules/help/help.module', 'help', 'module', '', 1, 0, 0, 0, 0x613a31313a7b733a343a226e616d65223b733a343a2248656c70223b733a31313a226465736372697074696f6e223b733a33353a224d616e616765732074686520646973706c6179206f66206f6e6c696e652068656c702e223b733a373a227061636b616765223b733a343a22436f7265223b733a373a2276657273696f6e223b733a343a22372e3236223b733a343a22636f7265223b733a333a22372e78223b733a353a2266696c6573223b613a313a7b693a303b733a393a2268656c702e74657374223b7d733a373a2270726f6a656374223b733a363a2264727570616c223b733a393a22646174657374616d70223b733a31303a2231333839383135393330223b733a31323a22646570656e64656e63696573223b613a303a7b7d733a333a22706870223b733a353a22352e322e34223b733a393a22626f6f747374726170223b693a303b7d),
('modules/image/image.module', 'image', 'module', '', 1, 0, 7005, 0, 0x613a31343a7b733a343a226e616d65223b733a353a22496d616765223b733a31313a226465736372697074696f6e223b733a33343a2250726f766964657320696d616765206d616e6970756c6174696f6e20746f6f6c732e223b733a373a227061636b616765223b733a343a22436f7265223b733a373a2276657273696f6e223b733a343a22372e3236223b733a343a22636f7265223b733a333a22372e78223b733a31323a22646570656e64656e63696573223b613a313a7b693a303b733a343a2266696c65223b7d733a353a2266696c6573223b613a313a7b693a303b733a31303a22696d6167652e74657374223b7d733a393a22636f6e666967757265223b733a33313a2261646d696e2f636f6e6669672f6d656469612f696d6167652d7374796c6573223b733a373a2270726f6a656374223b733a363a2264727570616c223b733a393a22646174657374616d70223b733a31303a2231333839383135393330223b733a333a22706870223b733a353a22352e322e34223b733a393a22626f6f747374726170223b693a303b733a383a227265717569726564223b623a313b733a31313a226578706c616e6174696f6e223b733a39383a224669656c64207479706528732920696e20757365202d20736565203c6120687265663d222f44726f70626f782f64727570616c2f54462f6970726573732f61646d696e2f7265706f7274732f6669656c6473223e4669656c64206c6973743c2f613e223b7d),
('modules/image/tests/image_module_test.module', 'image_module_test', 'module', '', 0, 0, -1, 0, 0x613a31323a7b733a343a226e616d65223b733a31303a22496d6167652074657374223b733a31313a226465736372697074696f6e223b733a36393a2250726f766964657320686f6f6b20696d706c656d656e746174696f6e7320666f722074657374696e6720496d616765206d6f64756c652066756e6374696f6e616c6974792e223b733a373a227061636b616765223b733a343a22436f7265223b733a373a2276657273696f6e223b733a343a22372e3236223b733a343a22636f7265223b733a333a22372e78223b733a353a2266696c6573223b613a313a7b693a303b733a32343a22696d6167655f6d6f64756c655f746573742e6d6f64756c65223b7d733a363a2268696464656e223b623a313b733a373a2270726f6a656374223b733a363a2264727570616c223b733a393a22646174657374616d70223b733a31303a2231333839383135393330223b733a31323a22646570656e64656e63696573223b613a303a7b7d733a333a22706870223b733a353a22352e322e34223b733a393a22626f6f747374726170223b693a303b7d),
('modules/locale/locale.module', 'locale', 'module', '', 0, 0, -1, 0, 0x613a31323a7b733a343a226e616d65223b733a363a224c6f63616c65223b733a31313a226465736372697074696f6e223b733a3131393a2241646473206c616e67756167652068616e646c696e672066756e6374696f6e616c69747920616e6420656e61626c657320746865207472616e736c6174696f6e206f6620746865207573657220696e7465726661636520746f206c616e677561676573206f74686572207468616e20456e676c6973682e223b733a373a227061636b616765223b733a343a22436f7265223b733a373a2276657273696f6e223b733a343a22372e3236223b733a343a22636f7265223b733a333a22372e78223b733a353a2266696c6573223b613a313a7b693a303b733a31313a226c6f63616c652e74657374223b7d733a393a22636f6e666967757265223b733a33303a2261646d696e2f636f6e6669672f726567696f6e616c2f6c616e6775616765223b733a373a2270726f6a656374223b733a363a2264727570616c223b733a393a22646174657374616d70223b733a31303a2231333839383135393330223b733a31323a22646570656e64656e63696573223b613a303a7b7d733a333a22706870223b733a353a22352e322e34223b733a393a22626f6f747374726170223b693a303b7d),
('modules/locale/tests/locale_test.module', 'locale_test', 'module', '', 0, 0, -1, 0, 0x613a31323a7b733a343a226e616d65223b733a31313a224c6f63616c652054657374223b733a31313a226465736372697074696f6e223b733a34323a22537570706f7274206d6f64756c6520666f7220746865206c6f63616c65206c617965722074657374732e223b733a343a22636f7265223b733a333a22372e78223b733a373a227061636b616765223b733a373a2254657374696e67223b733a373a2276657273696f6e223b733a343a22372e3236223b733a363a2268696464656e223b623a313b733a373a2270726f6a656374223b733a363a2264727570616c223b733a393a22646174657374616d70223b733a31303a2231333839383135393330223b733a31323a22646570656e64656e63696573223b613a303a7b7d733a333a22706870223b733a353a22352e322e34223b733a353a2266696c6573223b613a303a7b7d733a393a22626f6f747374726170223b693a303b7d),
('modules/menu/menu.module', 'menu', 'module', '', 1, 0, 7003, 0, 0x613a31323a7b733a343a226e616d65223b733a343a224d656e75223b733a31313a226465736372697074696f6e223b733a36303a22416c6c6f77732061646d696e6973747261746f727320746f20637573746f6d697a65207468652073697465206e617669676174696f6e206d656e752e223b733a373a227061636b616765223b733a343a22436f7265223b733a373a2276657273696f6e223b733a343a22372e3236223b733a343a22636f7265223b733a333a22372e78223b733a353a2266696c6573223b613a313a7b693a303b733a393a226d656e752e74657374223b7d733a393a22636f6e666967757265223b733a32303a2261646d696e2f7374727563747572652f6d656e75223b733a373a2270726f6a656374223b733a363a2264727570616c223b733a393a22646174657374616d70223b733a31303a2231333839383135393330223b733a31323a22646570656e64656e63696573223b613a303a7b7d733a333a22706870223b733a353a22352e322e34223b733a393a22626f6f747374726170223b693a303b7d),
('modules/node/node.module', 'node', 'module', '', 1, 0, 7014, 0, 0x613a31343a7b733a343a226e616d65223b733a343a224e6f6465223b733a31313a226465736372697074696f6e223b733a36363a22416c6c6f777320636f6e74656e7420746f206265207375626d697474656420746f20746865207369746520616e6420646973706c61796564206f6e2070616765732e223b733a373a227061636b616765223b733a343a22436f7265223b733a373a2276657273696f6e223b733a343a22372e3236223b733a343a22636f7265223b733a333a22372e78223b733a353a2266696c6573223b613a323a7b693a303b733a31313a226e6f64652e6d6f64756c65223b693a313b733a393a226e6f64652e74657374223b7d733a383a227265717569726564223b623a313b733a393a22636f6e666967757265223b733a32313a2261646d696e2f7374727563747572652f7479706573223b733a31313a227374796c65736865657473223b613a313a7b733a333a22616c6c223b613a313a7b733a383a226e6f64652e637373223b733a32313a226d6f64756c65732f6e6f64652f6e6f64652e637373223b7d7d733a373a2270726f6a656374223b733a363a2264727570616c223b733a393a22646174657374616d70223b733a31303a2231333839383135393330223b733a31323a22646570656e64656e63696573223b613a303a7b7d733a333a22706870223b733a353a22352e322e34223b733a393a22626f6f747374726170223b693a303b7d),
('modules/node/tests/node_access_test.module', 'node_access_test', 'module', '', 0, 0, -1, 0, 0x613a31323a7b733a343a226e616d65223b733a32343a224e6f6465206d6f64756c6520616363657373207465737473223b733a31313a226465736372697074696f6e223b733a34333a22537570706f7274206d6f64756c6520666f72206e6f6465207065726d697373696f6e2074657374696e672e223b733a373a227061636b616765223b733a373a2254657374696e67223b733a373a2276657273696f6e223b733a343a22372e3236223b733a343a22636f7265223b733a333a22372e78223b733a363a2268696464656e223b623a313b733a373a2270726f6a656374223b733a363a2264727570616c223b733a393a22646174657374616d70223b733a31303a2231333839383135393330223b733a31323a22646570656e64656e63696573223b613a303a7b7d733a333a22706870223b733a353a22352e322e34223b733a353a2266696c6573223b613a303a7b7d733a393a22626f6f747374726170223b693a303b7d),
('modules/node/tests/node_test.module', 'node_test', 'module', '', 0, 0, -1, 0, 0x613a31323a7b733a343a226e616d65223b733a31373a224e6f6465206d6f64756c65207465737473223b733a31313a226465736372697074696f6e223b733a34303a22537570706f7274206d6f64756c6520666f72206e6f64652072656c617465642074657374696e672e223b733a373a227061636b616765223b733a373a2254657374696e67223b733a373a2276657273696f6e223b733a343a22372e3236223b733a343a22636f7265223b733a333a22372e78223b733a363a2268696464656e223b623a313b733a373a2270726f6a656374223b733a363a2264727570616c223b733a393a22646174657374616d70223b733a31303a2231333839383135393330223b733a31323a22646570656e64656e63696573223b613a303a7b7d733a333a22706870223b733a353a22352e322e34223b733a353a2266696c6573223b613a303a7b7d733a393a22626f6f747374726170223b693a303b7d),
('modules/node/tests/node_test_exception.module', 'node_test_exception', 'module', '', 0, 0, -1, 0, 0x613a31323a7b733a343a226e616d65223b733a32373a224e6f6465206d6f64756c6520657863657074696f6e207465737473223b733a31313a226465736372697074696f6e223b733a35303a22537570706f7274206d6f64756c6520666f72206e6f64652072656c6174656420657863657074696f6e2074657374696e672e223b733a373a227061636b616765223b733a373a2254657374696e67223b733a373a2276657273696f6e223b733a343a22372e3236223b733a343a22636f7265223b733a333a22372e78223b733a363a2268696464656e223b623a313b733a373a2270726f6a656374223b733a363a2264727570616c223b733a393a22646174657374616d70223b733a31303a2231333839383135393330223b733a31323a22646570656e64656e63696573223b613a303a7b7d733a333a22706870223b733a353a22352e322e34223b733a353a2266696c6573223b613a303a7b7d733a393a22626f6f747374726170223b693a303b7d),
('modules/openid/openid.module', 'openid', 'module', '', 0, 0, -1, 0, 0x613a31313a7b733a343a226e616d65223b733a363a224f70656e4944223b733a31313a226465736372697074696f6e223b733a34383a22416c6c6f777320757365727320746f206c6f6720696e746f20796f75722073697465207573696e67204f70656e49442e223b733a373a2276657273696f6e223b733a343a22372e3236223b733a373a227061636b616765223b733a343a22436f7265223b733a343a22636f7265223b733a333a22372e78223b733a353a2266696c6573223b613a313a7b693a303b733a31313a226f70656e69642e74657374223b7d733a373a2270726f6a656374223b733a363a2264727570616c223b733a393a22646174657374616d70223b733a31303a2231333839383135393330223b733a31323a22646570656e64656e63696573223b613a303a7b7d733a333a22706870223b733a353a22352e322e34223b733a393a22626f6f747374726170223b693a303b7d),
('modules/openid/tests/openid_test.module', 'openid_test', 'module', '', 0, 0, -1, 0, 0x613a31323a7b733a343a226e616d65223b733a32313a224f70656e49442064756d6d792070726f7669646572223b733a31313a226465736372697074696f6e223b733a33333a224f70656e49442070726f7669646572207573656420666f722074657374696e672e223b733a373a227061636b616765223b733a373a2254657374696e67223b733a373a2276657273696f6e223b733a343a22372e3236223b733a343a22636f7265223b733a333a22372e78223b733a31323a22646570656e64656e63696573223b613a313a7b693a303b733a363a226f70656e6964223b7d733a363a2268696464656e223b623a313b733a373a2270726f6a656374223b733a363a2264727570616c223b733a393a22646174657374616d70223b733a31303a2231333839383135393330223b733a333a22706870223b733a353a22352e322e34223b733a353a2266696c6573223b613a303a7b7d733a393a22626f6f747374726170223b693a303b7d),
('modules/overlay/overlay.module', 'overlay', 'module', '', 1, 1, 0, 0, 0x613a31313a7b733a343a226e616d65223b733a373a224f7665726c6179223b733a31313a226465736372697074696f6e223b733a35393a22446973706c617973207468652044727570616c2061646d696e697374726174696f6e20696e7465726661636520696e20616e206f7665726c61792e223b733a373a227061636b616765223b733a343a22436f7265223b733a373a2276657273696f6e223b733a343a22372e3236223b733a343a22636f7265223b733a333a22372e78223b733a373a2270726f6a656374223b733a363a2264727570616c223b733a393a22646174657374616d70223b733a31303a2231333839383135393330223b733a31323a22646570656e64656e63696573223b613a303a7b7d733a333a22706870223b733a353a22352e322e34223b733a353a2266696c6573223b613a303a7b7d733a393a22626f6f747374726170223b693a303b7d),
('modules/path/path.module', 'path', 'module', '', 1, 0, 0, 0, 0x613a31323a7b733a343a226e616d65223b733a343a2250617468223b733a31313a226465736372697074696f6e223b733a32383a22416c6c6f777320757365727320746f2072656e616d652055524c732e223b733a373a227061636b616765223b733a343a22436f7265223b733a373a2276657273696f6e223b733a343a22372e3236223b733a343a22636f7265223b733a333a22372e78223b733a353a2266696c6573223b613a313a7b693a303b733a393a22706174682e74657374223b7d733a393a22636f6e666967757265223b733a32343a2261646d696e2f636f6e6669672f7365617263682f70617468223b733a373a2270726f6a656374223b733a363a2264727570616c223b733a393a22646174657374616d70223b733a31303a2231333839383135393330223b733a31323a22646570656e64656e63696573223b613a303a7b7d733a333a22706870223b733a353a22352e322e34223b733a393a22626f6f747374726170223b693a303b7d),
('modules/php/php.module', 'php', 'module', '', 0, 0, -1, 0, 0x613a31313a7b733a343a226e616d65223b733a31303a225048502066696c746572223b733a31313a226465736372697074696f6e223b733a35303a22416c6c6f777320656d6265646465642050485020636f64652f736e69707065747320746f206265206576616c75617465642e223b733a373a227061636b616765223b733a343a22436f7265223b733a373a2276657273696f6e223b733a343a22372e3236223b733a343a22636f7265223b733a333a22372e78223b733a353a2266696c6573223b613a313a7b693a303b733a383a227068702e74657374223b7d733a373a2270726f6a656374223b733a363a2264727570616c223b733a393a22646174657374616d70223b733a31303a2231333839383135393330223b733a31323a22646570656e64656e63696573223b613a303a7b7d733a333a22706870223b733a353a22352e322e34223b733a393a22626f6f747374726170223b693a303b7d),
('modules/poll/poll.module', 'poll', 'module', '', 0, 0, -1, 0, 0x613a31323a7b733a343a226e616d65223b733a343a22506f6c6c223b733a31313a226465736372697074696f6e223b733a39353a22416c6c6f777320796f7572207369746520746f206361707475726520766f746573206f6e20646966666572656e7420746f7069637320696e2074686520666f726d206f66206d756c7469706c652063686f696365207175657374696f6e732e223b733a373a227061636b616765223b733a343a22436f7265223b733a373a2276657273696f6e223b733a343a22372e3236223b733a343a22636f7265223b733a333a22372e78223b733a353a2266696c6573223b613a313a7b693a303b733a393a22706f6c6c2e74657374223b7d733a31313a227374796c65736865657473223b613a313a7b733a333a22616c6c223b613a313a7b733a383a22706f6c6c2e637373223b733a32313a226d6f64756c65732f706f6c6c2f706f6c6c2e637373223b7d7d733a373a2270726f6a656374223b733a363a2264727570616c223b733a393a22646174657374616d70223b733a31303a2231333839383135393330223b733a31323a22646570656e64656e63696573223b613a303a7b7d733a333a22706870223b733a353a22352e322e34223b733a393a22626f6f747374726170223b693a303b7d),
('modules/profile/profile.module', 'profile', 'module', '', 0, 0, -1, 0, 0x613a31333a7b733a343a226e616d65223b733a373a2250726f66696c65223b733a31313a226465736372697074696f6e223b733a33363a22537570706f72747320636f6e666967757261626c6520757365722070726f66696c65732e223b733a373a227061636b616765223b733a343a22436f7265223b733a373a2276657273696f6e223b733a343a22372e3236223b733a343a22636f7265223b733a333a22372e78223b733a353a2266696c6573223b613a313a7b693a303b733a31323a2270726f66696c652e74657374223b7d733a393a22636f6e666967757265223b733a32373a2261646d696e2f636f6e6669672f70656f706c652f70726f66696c65223b733a363a2268696464656e223b623a313b733a373a2270726f6a656374223b733a363a2264727570616c223b733a393a22646174657374616d70223b733a31303a2231333839383135393330223b733a31323a22646570656e64656e63696573223b613a303a7b7d733a333a22706870223b733a353a22352e322e34223b733a393a22626f6f747374726170223b693a303b7d),
('modules/rdf/rdf.module', 'rdf', 'module', '', 1, 0, 0, 0, 0x613a31313a7b733a343a226e616d65223b733a333a22524446223b733a31313a226465736372697074696f6e223b733a3134383a22456e72696368657320796f757220636f6e74656e742077697468206d6574616461746120746f206c6574206f74686572206170706c69636174696f6e732028652e672e2073656172636820656e67696e65732c2061676772656761746f7273292062657474657220756e6465727374616e64206974732072656c6174696f6e736869707320616e6420617474726962757465732e223b733a373a227061636b616765223b733a343a22436f7265223b733a373a2276657273696f6e223b733a343a22372e3236223b733a343a22636f7265223b733a333a22372e78223b733a353a2266696c6573223b613a313a7b693a303b733a383a227264662e74657374223b7d733a373a2270726f6a656374223b733a363a2264727570616c223b733a393a22646174657374616d70223b733a31303a2231333839383135393330223b733a31323a22646570656e64656e63696573223b613a303a7b7d733a333a22706870223b733a353a22352e322e34223b733a393a22626f6f747374726170223b693a303b7d),
('modules/rdf/tests/rdf_test.module', 'rdf_test', 'module', '', 0, 0, -1, 0, 0x613a31323a7b733a343a226e616d65223b733a31363a22524446206d6f64756c65207465737473223b733a31313a226465736372697074696f6e223b733a33383a22537570706f7274206d6f64756c6520666f7220524446206d6f64756c652074657374696e672e223b733a373a227061636b616765223b733a373a2254657374696e67223b733a373a2276657273696f6e223b733a343a22372e3236223b733a343a22636f7265223b733a333a22372e78223b733a363a2268696464656e223b623a313b733a373a2270726f6a656374223b733a363a2264727570616c223b733a393a22646174657374616d70223b733a31303a2231333839383135393330223b733a31323a22646570656e64656e63696573223b613a303a7b7d733a333a22706870223b733a353a22352e322e34223b733a353a2266696c6573223b613a303a7b7d733a393a22626f6f747374726170223b693a303b7d),
('modules/search/search.module', 'search', 'module', '', 1, 0, 7000, 0, 0x613a31333a7b733a343a226e616d65223b733a363a22536561726368223b733a31313a226465736372697074696f6e223b733a33363a22456e61626c657320736974652d77696465206b6579776f726420736561726368696e672e223b733a373a227061636b616765223b733a343a22436f7265223b733a373a2276657273696f6e223b733a343a22372e3236223b733a343a22636f7265223b733a333a22372e78223b733a353a2266696c6573223b613a323a7b693a303b733a31393a227365617263682e657874656e6465722e696e63223b693a313b733a31313a227365617263682e74657374223b7d733a393a22636f6e666967757265223b733a32383a2261646d696e2f636f6e6669672f7365617263682f73657474696e6773223b733a31313a227374796c65736865657473223b613a313a7b733a333a22616c6c223b613a313a7b733a31303a227365617263682e637373223b733a32353a226d6f64756c65732f7365617263682f7365617263682e637373223b7d7d733a373a2270726f6a656374223b733a363a2264727570616c223b733a393a22646174657374616d70223b733a31303a2231333839383135393330223b733a31323a22646570656e64656e63696573223b613a303a7b7d733a333a22706870223b733a353a22352e322e34223b733a393a22626f6f747374726170223b693a303b7d),
('modules/search/tests/search_embedded_form.module', 'search_embedded_form', 'module', '', 0, 0, -1, 0, 0x613a31323a7b733a343a226e616d65223b733a32303a2253656172636820656d62656464656420666f726d223b733a31313a226465736372697074696f6e223b733a35393a22537570706f7274206d6f64756c6520666f7220736561726368206d6f64756c652074657374696e67206f6620656d62656464656420666f726d732e223b733a373a227061636b616765223b733a373a2254657374696e67223b733a373a2276657273696f6e223b733a343a22372e3236223b733a343a22636f7265223b733a333a22372e78223b733a363a2268696464656e223b623a313b733a373a2270726f6a656374223b733a363a2264727570616c223b733a393a22646174657374616d70223b733a31303a2231333839383135393330223b733a31323a22646570656e64656e63696573223b613a303a7b7d733a333a22706870223b733a353a22352e322e34223b733a353a2266696c6573223b613a303a7b7d733a393a22626f6f747374726170223b693a303b7d),
('modules/search/tests/search_extra_type.module', 'search_extra_type', 'module', '', 0, 0, -1, 0, 0x613a31323a7b733a343a226e616d65223b733a31363a2254657374207365617263682074797065223b733a31313a226465736372697074696f6e223b733a34313a22537570706f7274206d6f64756c6520666f7220736561726368206d6f64756c652074657374696e672e223b733a373a227061636b616765223b733a373a2254657374696e67223b733a373a2276657273696f6e223b733a343a22372e3236223b733a343a22636f7265223b733a333a22372e78223b733a363a2268696464656e223b623a313b733a373a2270726f6a656374223b733a363a2264727570616c223b733a393a22646174657374616d70223b733a31303a2231333839383135393330223b733a31323a22646570656e64656e63696573223b613a303a7b7d733a333a22706870223b733a353a22352e322e34223b733a353a2266696c6573223b613a303a7b7d733a393a22626f6f747374726170223b693a303b7d),
('modules/shortcut/shortcut.module', 'shortcut', 'module', '', 1, 0, 0, 0, 0x613a31323a7b733a343a226e616d65223b733a383a2253686f7274637574223b733a31313a226465736372697074696f6e223b733a36303a22416c6c6f777320757365727320746f206d616e61676520637573746f6d697a61626c65206c69737473206f662073686f7274637574206c696e6b732e223b733a373a227061636b616765223b733a343a22436f7265223b733a373a2276657273696f6e223b733a343a22372e3236223b733a343a22636f7265223b733a333a22372e78223b733a353a2266696c6573223b613a313a7b693a303b733a31333a2273686f72746375742e74657374223b7d733a393a22636f6e666967757265223b733a33363a2261646d696e2f636f6e6669672f757365722d696e746572666163652f73686f7274637574223b733a373a2270726f6a656374223b733a363a2264727570616c223b733a393a22646174657374616d70223b733a31303a2231333839383135393330223b733a31323a22646570656e64656e63696573223b613a303a7b7d733a333a22706870223b733a353a22352e322e34223b733a393a22626f6f747374726170223b693a303b7d),
('modules/simpletest/simpletest.module', 'simpletest', 'module', '', 0, 0, -1, 0, 0x[encoded data, 4214 characters]),
('modules/simpletest/tests/actions_loop_test.module', 'actions_loop_test', 'module', '', 0, 0, -1, 0, 0x613a31323a7b733a343a226e616d65223b733a31373a22416374696f6e73206c6f6f702074657374223b733a31313a226465736372697074696f6e223b733a33393a22537570706f7274206d6f64756c6520666f7220616374696f6e206c6f6f702074657374696e672e223b733a373a227061636b616765223b733a373a2254657374696e67223b733a373a2276657273696f6e223b733a343a22372e3236223b733a343a22636f7265223b733a333a22372e78223b733a363a2268696464656e223b623a313b733a373a2270726f6a656374223b733a363a2264727570616c223b733a393a22646174657374616d70223b733a31303a2231333839383135393330223b733a31323a22646570656e64656e63696573223b613a303a7b7d733a333a22706870223b733a353a22352e322e34223b733a353a2266696c6573223b613a303a7b7d733a393a22626f6f747374726170223b693a303b7d),
('modules/simpletest/tests/ajax_forms_test.module', 'ajax_forms_test', 'module', '', 0, 0, -1, 0, 0x613a31323a7b733a343a226e616d65223b733a32363a22414a415820666f726d2074657374206d6f636b206d6f64756c65223b733a31313a226465736372697074696f6e223b733a32353a225465737420666f7220414a415820666f726d2063616c6c732e223b733a343a22636f7265223b733a333a22372e78223b733a373a227061636b616765223b733a373a2254657374696e67223b733a373a2276657273696f6e223b733a343a22372e3236223b733a363a2268696464656e223b623a313b733a373a2270726f6a656374223b733a363a2264727570616c223b733a393a22646174657374616d70223b733a31303a2231333839383135393330223b733a31323a22646570656e64656e63696573223b613a303a7b7d733a333a22706870223b733a353a22352e322e34223b733a353a2266696c6573223b613a303a7b7d733a393a22626f6f747374726170223b693a303b7d),
('modules/simpletest/tests/ajax_test.module', 'ajax_test', 'module', '', 0, 0, -1, 0, 0x613a31323a7b733a343a226e616d65223b733a393a22414a41582054657374223b733a31313a226465736372697074696f6e223b733a34303a22537570706f7274206d6f64756c6520666f7220414a4158206672616d65776f726b2074657374732e223b733a373a227061636b616765223b733a373a2254657374696e67223b733a373a2276657273696f6e223b733a343a22372e3236223b733a343a22636f7265223b733a333a22372e78223b733a363a2268696464656e223b623a313b733a373a2270726f6a656374223b733a363a2264727570616c223b733a393a22646174657374616d70223b733a31303a2231333839383135393330223b733a31323a22646570656e64656e63696573223b613a303a7b7d733a333a22706870223b733a353a22352e322e34223b733a353a2266696c6573223b613a303a7b7d733a393a22626f6f747374726170223b693a303b7d);
INSERT INTO `drupal_system` (`filename`, `name`, `type`, `owner`, `status`, `bootstrap`, `schema_version`, `weight`, `info`) VALUES
('modules/simpletest/tests/batch_test.module', 'batch_test', 'module', '', 0, 0, -1, 0, 0x613a31323a7b733a343a226e616d65223b733a31343a224261746368204150492074657374223b733a31313a226465736372697074696f6e223b733a33353a22537570706f7274206d6f64756c6520666f72204261746368204150492074657374732e223b733a373a227061636b616765223b733a373a2254657374696e67223b733a373a2276657273696f6e223b733a343a22372e3236223b733a343a22636f7265223b733a333a22372e78223b733a363a2268696464656e223b623a313b733a373a2270726f6a656374223b733a363a2264727570616c223b733a393a22646174657374616d70223b733a31303a2231333839383135393330223b733a31323a22646570656e64656e63696573223b613a303a7b7d733a333a22706870223b733a353a22352e322e34223b733a353a2266696c6573223b613a303a7b7d733a393a22626f6f747374726170223b693a303b7d),
('modules/simpletest/tests/common_test.module', 'common_test', 'module', '', 0, 0, -1, 0, 0x613a31333a7b733a343a226e616d65223b733a31313a22436f6d6d6f6e2054657374223b733a31313a226465736372697074696f6e223b733a33323a22537570706f7274206d6f64756c6520666f7220436f6d6d6f6e2074657374732e223b733a373a227061636b616765223b733a373a2254657374696e67223b733a373a2276657273696f6e223b733a343a22372e3236223b733a343a22636f7265223b733a333a22372e78223b733a31313a227374796c65736865657473223b613a323a7b733a333a22616c6c223b613a313a7b733a31353a22636f6d6d6f6e5f746573742e637373223b733a34303a226d6f64756c65732f73696d706c65746573742f74657374732f636f6d6d6f6e5f746573742e637373223b7d733a353a227072696e74223b613a313a7b733a32313a22636f6d6d6f6e5f746573742e7072696e742e637373223b733a34363a226d6f64756c65732f73696d706c65746573742f74657374732f636f6d6d6f6e5f746573742e7072696e742e637373223b7d7d733a363a2268696464656e223b623a313b733a373a2270726f6a656374223b733a363a2264727570616c223b733a393a22646174657374616d70223b733a31303a2231333839383135393330223b733a31323a22646570656e64656e63696573223b613a303a7b7d733a333a22706870223b733a353a22352e322e34223b733a353a2266696c6573223b613a303a7b7d733a393a22626f6f747374726170223b693a303b7d),
('modules/simpletest/tests/common_test_cron_helper.module', 'common_test_cron_helper', 'module', '', 0, 0, -1, 0, 0x613a31323a7b733a343a226e616d65223b733a32333a22436f6d6d6f6e20546573742043726f6e2048656c706572223b733a31313a226465736372697074696f6e223b733a35363a2248656c706572206d6f64756c6520666f722043726f6e52756e54657374436173653a3a7465737443726f6e457863657074696f6e7328292e223b733a373a227061636b616765223b733a373a2254657374696e67223b733a373a2276657273696f6e223b733a343a22372e3236223b733a343a22636f7265223b733a333a22372e78223b733a363a2268696464656e223b623a313b733a373a2270726f6a656374223b733a363a2264727570616c223b733a393a22646174657374616d70223b733a31303a2231333839383135393330223b733a31323a22646570656e64656e63696573223b613a303a7b7d733a333a22706870223b733a353a22352e322e34223b733a353a2266696c6573223b613a303a7b7d733a393a22626f6f747374726170223b693a303b7d),
('modules/simpletest/tests/database_test.module', 'database_test', 'module', '', 0, 0, -1, 0, 0x613a31323a7b733a343a226e616d65223b733a31333a2244617461626173652054657374223b733a31313a226465736372697074696f6e223b733a34303a22537570706f7274206d6f64756c6520666f72204461746162617365206c617965722074657374732e223b733a343a22636f7265223b733a333a22372e78223b733a373a227061636b616765223b733a373a2254657374696e67223b733a373a2276657273696f6e223b733a343a22372e3236223b733a363a2268696464656e223b623a313b733a373a2270726f6a656374223b733a363a2264727570616c223b733a393a22646174657374616d70223b733a31303a2231333839383135393330223b733a31323a22646570656e64656e63696573223b613a303a7b7d733a333a22706870223b733a353a22352e322e34223b733a353a2266696c6573223b613a303a7b7d733a393a22626f6f747374726170223b693a303b7d),
('modules/simpletest/tests/drupal_system_listing_compatible_test/drupal_system_listing_compatible_test.module', 'drupal_system_listing_compatible_test', 'module', '', 0, 0, -1, 0, 0x613a31323a7b733a343a226e616d65223b733a33373a2244727570616c2073797374656d206c697374696e6720636f6d70617469626c652074657374223b733a31313a226465736372697074696f6e223b733a36323a22537570706f7274206d6f64756c6520666f722074657374696e67207468652064727570616c5f73797374656d5f6c697374696e672066756e6374696f6e2e223b733a373a227061636b616765223b733a373a2254657374696e67223b733a373a2276657273696f6e223b733a343a22372e3236223b733a343a22636f7265223b733a333a22372e78223b733a363a2268696464656e223b623a313b733a373a2270726f6a656374223b733a363a2264727570616c223b733a393a22646174657374616d70223b733a31303a2231333839383135393330223b733a31323a22646570656e64656e63696573223b613a303a7b7d733a333a22706870223b733a353a22352e322e34223b733a353a2266696c6573223b613a303a7b7d733a393a22626f6f747374726170223b693a303b7d),
('modules/simpletest/tests/drupal_system_listing_incompatible_test/drupal_system_listing_incompatible_test.module', 'drupal_system_listing_incompatible_test', 'module', '', 0, 0, -1, 0, 0x613a31323a7b733a343a226e616d65223b733a33393a2244727570616c2073797374656d206c697374696e6720696e636f6d70617469626c652074657374223b733a31313a226465736372697074696f6e223b733a36323a22537570706f7274206d6f64756c6520666f722074657374696e67207468652064727570616c5f73797374656d5f6c697374696e672066756e6374696f6e2e223b733a373a227061636b616765223b733a373a2254657374696e67223b733a373a2276657273696f6e223b733a343a22372e3236223b733a343a22636f7265223b733a333a22372e78223b733a363a2268696464656e223b623a313b733a373a2270726f6a656374223b733a363a2264727570616c223b733a393a22646174657374616d70223b733a31303a2231333839383135393330223b733a31323a22646570656e64656e63696573223b613a303a7b7d733a333a22706870223b733a353a22352e322e34223b733a353a2266696c6573223b613a303a7b7d733a393a22626f6f747374726170223b693a303b7d),
('modules/simpletest/tests/entity_cache_test.module', 'entity_cache_test', 'module', '', 0, 0, -1, 0, 0x613a31323a7b733a343a226e616d65223b733a31373a22456e746974792063616368652074657374223b733a31313a226465736372697074696f6e223b733a34303a22537570706f7274206d6f64756c6520666f722074657374696e6720656e746974792063616368652e223b733a373a227061636b616765223b733a373a2254657374696e67223b733a373a2276657273696f6e223b733a343a22372e3236223b733a343a22636f7265223b733a333a22372e78223b733a31323a22646570656e64656e63696573223b613a313a7b693a303b733a32383a22656e746974795f63616368655f746573745f646570656e64656e6379223b7d733a363a2268696464656e223b623a313b733a373a2270726f6a656374223b733a363a2264727570616c223b733a393a22646174657374616d70223b733a31303a2231333839383135393330223b733a333a22706870223b733a353a22352e322e34223b733a353a2266696c6573223b613a303a7b7d733a393a22626f6f747374726170223b693a303b7d),
('modules/simpletest/tests/entity_cache_test_dependency.module', 'entity_cache_test_dependency', 'module', '', 0, 0, -1, 0, 0x613a31323a7b733a343a226e616d65223b733a32383a22456e74697479206361636865207465737420646570656e64656e6379223b733a31313a226465736372697074696f6e223b733a35313a22537570706f727420646570656e64656e6379206d6f64756c6520666f722074657374696e6720656e746974792063616368652e223b733a373a227061636b616765223b733a373a2254657374696e67223b733a373a2276657273696f6e223b733a343a22372e3236223b733a343a22636f7265223b733a333a22372e78223b733a363a2268696464656e223b623a313b733a373a2270726f6a656374223b733a363a2264727570616c223b733a393a22646174657374616d70223b733a31303a2231333839383135393330223b733a31323a22646570656e64656e63696573223b613a303a7b7d733a333a22706870223b733a353a22352e322e34223b733a353a2266696c6573223b613a303a7b7d733a393a22626f6f747374726170223b693a303b7d),
('modules/simpletest/tests/entity_crud_hook_test.module', 'entity_crud_hook_test', 'module', '', 0, 0, -1, 0, 0x613a31323a7b733a343a226e616d65223b733a32323a22456e74697479204352554420486f6f6b732054657374223b733a31313a226465736372697074696f6e223b733a33353a22537570706f7274206d6f64756c6520666f72204352554420686f6f6b2074657374732e223b733a343a22636f7265223b733a333a22372e78223b733a373a227061636b616765223b733a373a2254657374696e67223b733a373a2276657273696f6e223b733a343a22372e3236223b733a363a2268696464656e223b623a313b733a373a2270726f6a656374223b733a363a2264727570616c223b733a393a22646174657374616d70223b733a31303a2231333839383135393330223b733a31323a22646570656e64656e63696573223b613a303a7b7d733a333a22706870223b733a353a22352e322e34223b733a353a2266696c6573223b613a303a7b7d733a393a22626f6f747374726170223b693a303b7d),
('modules/simpletest/tests/entity_query_access_test.module', 'entity_query_access_test', 'module', '', 0, 0, -1, 0, 0x613a31323a7b733a343a226e616d65223b733a32343a22456e74697479207175657279206163636573732074657374223b733a31313a226465736372697074696f6e223b733a34393a22537570706f7274206d6f64756c6520666f7220636865636b696e6720656e7469747920717565727920726573756c74732e223b733a373a227061636b616765223b733a373a2254657374696e67223b733a373a2276657273696f6e223b733a343a22372e3236223b733a343a22636f7265223b733a333a22372e78223b733a363a2268696464656e223b623a313b733a373a2270726f6a656374223b733a363a2264727570616c223b733a393a22646174657374616d70223b733a31303a2231333839383135393330223b733a31323a22646570656e64656e63696573223b613a303a7b7d733a333a22706870223b733a353a22352e322e34223b733a353a2266696c6573223b613a303a7b7d733a393a22626f6f747374726170223b693a303b7d),
('modules/simpletest/tests/error_test.module', 'error_test', 'module', '', 0, 0, -1, 0, 0x613a31323a7b733a343a226e616d65223b733a31303a224572726f722074657374223b733a31313a226465736372697074696f6e223b733a34373a22537570706f7274206d6f64756c6520666f72206572726f7220616e6420657863657074696f6e2074657374696e672e223b733a373a227061636b616765223b733a373a2254657374696e67223b733a373a2276657273696f6e223b733a343a22372e3236223b733a343a22636f7265223b733a333a22372e78223b733a363a2268696464656e223b623a313b733a373a2270726f6a656374223b733a363a2264727570616c223b733a393a22646174657374616d70223b733a31303a2231333839383135393330223b733a31323a22646570656e64656e63696573223b613a303a7b7d733a333a22706870223b733a353a22352e322e34223b733a353a2266696c6573223b613a303a7b7d733a393a22626f6f747374726170223b693a303b7d),
('modules/simpletest/tests/file_test.module', 'file_test', 'module', '', 0, 0, -1, 0, 0x613a31323a7b733a343a226e616d65223b733a393a2246696c652074657374223b733a31313a226465736372697074696f6e223b733a33393a22537570706f7274206d6f64756c6520666f722066696c652068616e646c696e672074657374732e223b733a373a227061636b616765223b733a373a2254657374696e67223b733a373a2276657273696f6e223b733a343a22372e3236223b733a343a22636f7265223b733a333a22372e78223b733a353a2266696c6573223b613a313a7b693a303b733a31363a2266696c655f746573742e6d6f64756c65223b7d733a363a2268696464656e223b623a313b733a373a2270726f6a656374223b733a363a2264727570616c223b733a393a22646174657374616d70223b733a31303a2231333839383135393330223b733a31323a22646570656e64656e63696573223b613a303a7b7d733a333a22706870223b733a353a22352e322e34223b733a393a22626f6f747374726170223b693a303b7d),
('modules/simpletest/tests/filter_test.module', 'filter_test', 'module', '', 0, 0, -1, 0, 0x613a31323a7b733a343a226e616d65223b733a31383a2246696c7465722074657374206d6f64756c65223b733a31313a226465736372697074696f6e223b733a33333a2254657374732066696c74657220686f6f6b7320616e642066756e6374696f6e732e223b733a373a227061636b616765223b733a373a2254657374696e67223b733a373a2276657273696f6e223b733a343a22372e3236223b733a343a22636f7265223b733a333a22372e78223b733a363a2268696464656e223b623a313b733a373a2270726f6a656374223b733a363a2264727570616c223b733a393a22646174657374616d70223b733a31303a2231333839383135393330223b733a31323a22646570656e64656e63696573223b613a303a7b7d733a333a22706870223b733a353a22352e322e34223b733a353a2266696c6573223b613a303a7b7d733a393a22626f6f747374726170223b693a303b7d),
('modules/simpletest/tests/form_test.module', 'form_test', 'module', '', 0, 0, -1, 0, 0x613a31323a7b733a343a226e616d65223b733a31323a22466f726d4150492054657374223b733a31313a226465736372697074696f6e223b733a33343a22537570706f7274206d6f64756c6520666f7220466f726d204150492074657374732e223b733a373a227061636b616765223b733a373a2254657374696e67223b733a373a2276657273696f6e223b733a343a22372e3236223b733a343a22636f7265223b733a333a22372e78223b733a363a2268696464656e223b623a313b733a373a2270726f6a656374223b733a363a2264727570616c223b733a393a22646174657374616d70223b733a31303a2231333839383135393330223b733a31323a22646570656e64656e63696573223b613a303a7b7d733a333a22706870223b733a353a22352e322e34223b733a353a2266696c6573223b613a303a7b7d733a393a22626f6f747374726170223b693a303b7d),
('modules/simpletest/tests/image_test.module', 'image_test', 'module', '', 0, 0, -1, 0, 0x613a31323a7b733a343a226e616d65223b733a31303a22496d6167652074657374223b733a31313a226465736372697074696f6e223b733a33393a22537570706f7274206d6f64756c6520666f7220696d61676520746f6f6c6b69742074657374732e223b733a373a227061636b616765223b733a373a2254657374696e67223b733a373a2276657273696f6e223b733a343a22372e3236223b733a343a22636f7265223b733a333a22372e78223b733a363a2268696464656e223b623a313b733a373a2270726f6a656374223b733a363a2264727570616c223b733a393a22646174657374616d70223b733a31303a2231333839383135393330223b733a31323a22646570656e64656e63696573223b613a303a7b7d733a333a22706870223b733a353a22352e322e34223b733a353a2266696c6573223b613a303a7b7d733a393a22626f6f747374726170223b693a303b7d),
('modules/simpletest/tests/menu_test.module', 'menu_test', 'module', '', 0, 0, -1, 0, 0x613a31323a7b733a343a226e616d65223b733a31353a22486f6f6b206d656e75207465737473223b733a31313a226465736372697074696f6e223b733a33373a22537570706f7274206d6f64756c6520666f72206d656e7520686f6f6b2074657374696e672e223b733a373a227061636b616765223b733a373a2254657374696e67223b733a373a2276657273696f6e223b733a343a22372e3236223b733a343a22636f7265223b733a333a22372e78223b733a363a2268696464656e223b623a313b733a373a2270726f6a656374223b733a363a2264727570616c223b733a393a22646174657374616d70223b733a31303a2231333839383135393330223b733a31323a22646570656e64656e63696573223b613a303a7b7d733a333a22706870223b733a353a22352e322e34223b733a353a2266696c6573223b613a303a7b7d733a393a22626f6f747374726170223b693a303b7d),
('modules/simpletest/tests/module_test.module', 'module_test', 'module', '', 0, 0, -1, 0, 0x613a31323a7b733a343a226e616d65223b733a31313a224d6f64756c652074657374223b733a31313a226465736372697074696f6e223b733a34313a22537570706f7274206d6f64756c6520666f72206d6f64756c652073797374656d2074657374696e672e223b733a373a227061636b616765223b733a373a2254657374696e67223b733a373a2276657273696f6e223b733a343a22372e3236223b733a343a22636f7265223b733a333a22372e78223b733a363a2268696464656e223b623a313b733a373a2270726f6a656374223b733a363a2264727570616c223b733a393a22646174657374616d70223b733a31303a2231333839383135393330223b733a31323a22646570656e64656e63696573223b613a303a7b7d733a333a22706870223b733a353a22352e322e34223b733a353a2266696c6573223b613a303a7b7d733a393a22626f6f747374726170223b693a303b7d),
('modules/simpletest/tests/path_test.module', 'path_test', 'module', '', 0, 0, -1, 0, 0x613a31323a7b733a343a226e616d65223b733a31353a22486f6f6b2070617468207465737473223b733a31313a226465736372697074696f6e223b733a33373a22537570706f7274206d6f64756c6520666f72207061746820686f6f6b2074657374696e672e223b733a373a227061636b616765223b733a373a2254657374696e67223b733a373a2276657273696f6e223b733a343a22372e3236223b733a343a22636f7265223b733a333a22372e78223b733a363a2268696464656e223b623a313b733a373a2270726f6a656374223b733a363a2264727570616c223b733a393a22646174657374616d70223b733a31303a2231333839383135393330223b733a31323a22646570656e64656e63696573223b613a303a7b7d733a333a22706870223b733a353a22352e322e34223b733a353a2266696c6573223b613a303a7b7d733a393a22626f6f747374726170223b693a303b7d),
('modules/simpletest/tests/psr_0_test/psr_0_test.module', 'psr_0_test', 'module', '', 0, 0, -1, 0, 0x613a31323a7b733a343a226e616d65223b733a31363a225053522d302054657374206361736573223b733a31313a226465736372697074696f6e223b733a34343a225465737420636c617373657320746f20626520646973636f76657265642062792073696d706c65746573742e223b733a343a22636f7265223b733a333a22372e78223b733a363a2268696464656e223b623a313b733a373a227061636b616765223b733a373a2254657374696e67223b733a373a2276657273696f6e223b733a343a22372e3236223b733a373a2270726f6a656374223b733a363a2264727570616c223b733a393a22646174657374616d70223b733a31303a2231333839383135393330223b733a31323a22646570656e64656e63696573223b613a303a7b7d733a333a22706870223b733a353a22352e322e34223b733a353a2266696c6573223b613a303a7b7d733a393a22626f6f747374726170223b693a303b7d),
('modules/simpletest/tests/requirements1_test.module', 'requirements1_test', 'module', '', 0, 0, -1, 0, 0x613a31323a7b733a343a226e616d65223b733a31393a22526571756972656d656e747320312054657374223b733a31313a226465736372697074696f6e223b733a38303a22546573747320746861742061206d6f64756c65206973206e6f7420696e7374616c6c6564207768656e206974206661696c7320686f6f6b5f726571756972656d656e74732827696e7374616c6c27292e223b733a373a227061636b616765223b733a373a2254657374696e67223b733a373a2276657273696f6e223b733a343a22372e3236223b733a343a22636f7265223b733a333a22372e78223b733a363a2268696464656e223b623a313b733a373a2270726f6a656374223b733a363a2264727570616c223b733a393a22646174657374616d70223b733a31303a2231333839383135393330223b733a31323a22646570656e64656e63696573223b613a303a7b7d733a333a22706870223b733a353a22352e322e34223b733a353a2266696c6573223b613a303a7b7d733a393a22626f6f747374726170223b693a303b7d),
('modules/simpletest/tests/requirements2_test.module', 'requirements2_test', 'module', '', 0, 0, -1, 0, 0x613a31323a7b733a343a226e616d65223b733a31393a22526571756972656d656e747320322054657374223b733a31313a226465736372697074696f6e223b733a39383a22546573747320746861742061206d6f64756c65206973206e6f7420696e7374616c6c6564207768656e20746865206f6e6520697420646570656e6473206f6e206661696c7320686f6f6b5f726571756972656d656e74732827696e7374616c6c292e223b733a31323a22646570656e64656e63696573223b613a323a7b693a303b733a31383a22726571756972656d656e7473315f74657374223b693a313b733a373a22636f6d6d656e74223b7d733a373a227061636b616765223b733a373a2254657374696e67223b733a373a2276657273696f6e223b733a343a22372e3236223b733a343a22636f7265223b733a333a22372e78223b733a363a2268696464656e223b623a313b733a373a2270726f6a656374223b733a363a2264727570616c223b733a393a22646174657374616d70223b733a31303a2231333839383135393330223b733a333a22706870223b733a353a22352e322e34223b733a353a2266696c6573223b613a303a7b7d733a393a22626f6f747374726170223b693a303b7d),
('modules/simpletest/tests/session_test.module', 'session_test', 'module', '', 0, 0, -1, 0, 0x613a31323a7b733a343a226e616d65223b733a31323a2253657373696f6e2074657374223b733a31313a226465736372697074696f6e223b733a34303a22537570706f7274206d6f64756c6520666f722073657373696f6e20646174612074657374696e672e223b733a373a227061636b616765223b733a373a2254657374696e67223b733a373a2276657273696f6e223b733a343a22372e3236223b733a343a22636f7265223b733a333a22372e78223b733a363a2268696464656e223b623a313b733a373a2270726f6a656374223b733a363a2264727570616c223b733a393a22646174657374616d70223b733a31303a2231333839383135393330223b733a31323a22646570656e64656e63696573223b613a303a7b7d733a333a22706870223b733a353a22352e322e34223b733a353a2266696c6573223b613a303a7b7d733a393a22626f6f747374726170223b693a303b7d),
('modules/simpletest/tests/system_dependencies_test.module', 'system_dependencies_test', 'module', '', 0, 0, -1, 0, 0x613a31323a7b733a343a226e616d65223b733a32323a2253797374656d20646570656e64656e63792074657374223b733a31313a226465736372697074696f6e223b733a34373a22537570706f7274206d6f64756c6520666f722074657374696e672073797374656d20646570656e64656e636965732e223b733a373a227061636b616765223b733a373a2254657374696e67223b733a373a2276657273696f6e223b733a343a22372e3236223b733a343a22636f7265223b733a333a22372e78223b733a363a2268696464656e223b623a313b733a31323a22646570656e64656e63696573223b613a313a7b693a303b733a31393a225f6d697373696e675f646570656e64656e6379223b7d733a373a2270726f6a656374223b733a363a2264727570616c223b733a393a22646174657374616d70223b733a31303a2231333839383135393330223b733a333a22706870223b733a353a22352e322e34223b733a353a2266696c6573223b613a303a7b7d733a393a22626f6f747374726170223b693a303b7d),
('modules/simpletest/tests/system_incompatible_core_version_dependencies_test.module', 'system_incompatible_core_version_dependencies_test', 'module', '', 0, 0, -1, 0, 0x613a31323a7b733a343a226e616d65223b733a35303a2253797374656d20696e636f6d70617469626c6520636f72652076657273696f6e20646570656e64656e636965732074657374223b733a31313a226465736372697074696f6e223b733a34373a22537570706f7274206d6f64756c6520666f722074657374696e672073797374656d20646570656e64656e636965732e223b733a373a227061636b616765223b733a373a2254657374696e67223b733a373a2276657273696f6e223b733a343a22372e3236223b733a343a22636f7265223b733a333a22372e78223b733a363a2268696464656e223b623a313b733a31323a22646570656e64656e63696573223b613a313a7b693a303b733a33373a2273797374656d5f696e636f6d70617469626c655f636f72655f76657273696f6e5f74657374223b7d733a373a2270726f6a656374223b733a363a2264727570616c223b733a393a22646174657374616d70223b733a31303a2231333839383135393330223b733a333a22706870223b733a353a22352e322e34223b733a353a2266696c6573223b613a303a7b7d733a393a22626f6f747374726170223b693a303b7d),
('modules/simpletest/tests/system_incompatible_core_version_test.module', 'system_incompatible_core_version_test', 'module', '', 0, 0, -1, 0, 0x613a31323a7b733a343a226e616d65223b733a33373a2253797374656d20696e636f6d70617469626c6520636f72652076657273696f6e2074657374223b733a31313a226465736372697074696f6e223b733a34373a22537570706f7274206d6f64756c6520666f722074657374696e672073797374656d20646570656e64656e636965732e223b733a373a227061636b616765223b733a373a2254657374696e67223b733a373a2276657273696f6e223b733a343a22372e3236223b733a343a22636f7265223b733a333a22352e78223b733a363a2268696464656e223b623a313b733a373a2270726f6a656374223b733a363a2264727570616c223b733a393a22646174657374616d70223b733a31303a2231333839383135393330223b733a31323a22646570656e64656e63696573223b613a303a7b7d733a333a22706870223b733a353a22352e322e34223b733a353a2266696c6573223b613a303a7b7d733a393a22626f6f747374726170223b693a303b7d),
('modules/simpletest/tests/system_incompatible_module_version_dependencies_test.module', 'system_incompatible_module_version_dependencies_test', 'module', '', 0, 0, -1, 0, 0x613a31323a7b733a343a226e616d65223b733a35323a2253797374656d20696e636f6d70617469626c65206d6f64756c652076657273696f6e20646570656e64656e636965732074657374223b733a31313a226465736372697074696f6e223b733a34373a22537570706f7274206d6f64756c6520666f722074657374696e672073797374656d20646570656e64656e636965732e223b733a373a227061636b616765223b733a373a2254657374696e67223b733a373a2276657273696f6e223b733a343a22372e3236223b733a343a22636f7265223b733a333a22372e78223b733a363a2268696464656e223b623a313b733a31323a22646570656e64656e63696573223b613a313a7b693a303b733a34363a2273797374656d5f696e636f6d70617469626c655f6d6f64756c655f76657273696f6e5f7465737420283e322e3029223b7d733a373a2270726f6a656374223b733a363a2264727570616c223b733a393a22646174657374616d70223b733a31303a2231333839383135393330223b733a333a22706870223b733a353a22352e322e34223b733a353a2266696c6573223b613a303a7b7d733a393a22626f6f747374726170223b693a303b7d),
('modules/simpletest/tests/system_incompatible_module_version_test.module', 'system_incompatible_module_version_test', 'module', '', 0, 0, -1, 0, 0x613a31323a7b733a343a226e616d65223b733a33393a2253797374656d20696e636f6d70617469626c65206d6f64756c652076657273696f6e2074657374223b733a31313a226465736372697074696f6e223b733a34373a22537570706f7274206d6f64756c6520666f722074657374696e672073797374656d20646570656e64656e636965732e223b733a373a227061636b616765223b733a373a2254657374696e67223b733a373a2276657273696f6e223b733a343a22372e3236223b733a343a22636f7265223b733a333a22372e78223b733a363a2268696464656e223b623a313b733a373a2270726f6a656374223b733a363a2264727570616c223b733a393a22646174657374616d70223b733a31303a2231333839383135393330223b733a31323a22646570656e64656e63696573223b613a303a7b7d733a333a22706870223b733a353a22352e322e34223b733a353a2266696c6573223b613a303a7b7d733a393a22626f6f747374726170223b693a303b7d),
('modules/simpletest/tests/system_test.module', 'system_test', 'module', '', 0, 0, -1, 0, 0x613a31323a7b733a343a226e616d65223b733a31313a2253797374656d2074657374223b733a31313a226465736372697074696f6e223b733a33343a22537570706f7274206d6f64756c6520666f722073797374656d2074657374696e672e223b733a373a227061636b616765223b733a373a2254657374696e67223b733a373a2276657273696f6e223b733a343a22372e3236223b733a343a22636f7265223b733a333a22372e78223b733a353a2266696c6573223b613a313a7b693a303b733a31383a2273797374656d5f746573742e6d6f64756c65223b7d733a363a2268696464656e223b623a313b733a373a2270726f6a656374223b733a363a2264727570616c223b733a393a22646174657374616d70223b733a31303a2231333839383135393330223b733a31323a22646570656e64656e63696573223b613a303a7b7d733a333a22706870223b733a353a22352e322e34223b733a393a22626f6f747374726170223b693a303b7d),
('modules/simpletest/tests/taxonomy_test.module', 'taxonomy_test', 'module', '', 0, 0, -1, 0, 0x613a31323a7b733a343a226e616d65223b733a32303a225461786f6e6f6d792074657374206d6f64756c65223b733a31313a226465736372697074696f6e223b733a34353a222254657374732066756e6374696f6e7320616e6420686f6f6b73206e6f74207573656420696e20636f7265222e223b733a373a227061636b616765223b733a373a2254657374696e67223b733a373a2276657273696f6e223b733a343a22372e3236223b733a343a22636f7265223b733a333a22372e78223b733a363a2268696464656e223b623a313b733a31323a22646570656e64656e63696573223b613a313a7b693a303b733a383a227461786f6e6f6d79223b7d733a373a2270726f6a656374223b733a363a2264727570616c223b733a393a22646174657374616d70223b733a31303a2231333839383135393330223b733a333a22706870223b733a353a22352e322e34223b733a353a2266696c6573223b613a303a7b7d733a393a22626f6f747374726170223b693a303b7d),
('modules/simpletest/tests/theme_test.module', 'theme_test', 'module', '', 0, 0, -1, 0, 0x613a31323a7b733a343a226e616d65223b733a31303a225468656d652074657374223b733a31313a226465736372697074696f6e223b733a34303a22537570706f7274206d6f64756c6520666f72207468656d652073797374656d2074657374696e672e223b733a373a227061636b616765223b733a373a2254657374696e67223b733a373a2276657273696f6e223b733a343a22372e3236223b733a343a22636f7265223b733a333a22372e78223b733a363a2268696464656e223b623a313b733a373a2270726f6a656374223b733a363a2264727570616c223b733a393a22646174657374616d70223b733a31303a2231333839383135393330223b733a31323a22646570656e64656e63696573223b613a303a7b7d733a333a22706870223b733a353a22352e322e34223b733a353a2266696c6573223b613a303a7b7d733a393a22626f6f747374726170223b693a303b7d),
('modules/simpletest/tests/update_script_test.module', 'update_script_test', 'module', '', 0, 0, -1, 0, 0x613a31323a7b733a343a226e616d65223b733a31383a22557064617465207363726970742074657374223b733a31313a226465736372697074696f6e223b733a34313a22537570706f7274206d6f64756c6520666f7220757064617465207363726970742074657374696e672e223b733a373a227061636b616765223b733a373a2254657374696e67223b733a373a2276657273696f6e223b733a343a22372e3236223b733a343a22636f7265223b733a333a22372e78223b733a363a2268696464656e223b623a313b733a373a2270726f6a656374223b733a363a2264727570616c223b733a393a22646174657374616d70223b733a31303a2231333839383135393330223b733a31323a22646570656e64656e63696573223b613a303a7b7d733a333a22706870223b733a353a22352e322e34223b733a353a2266696c6573223b613a303a7b7d733a393a22626f6f747374726170223b693a303b7d),
('modules/simpletest/tests/update_test_1.module', 'update_test_1', 'module', '', 0, 0, -1, 0, 0x613a31323a7b733a343a226e616d65223b733a31313a225570646174652074657374223b733a31313a226465736372697074696f6e223b733a33343a22537570706f7274206d6f64756c6520666f72207570646174652074657374696e672e223b733a373a227061636b616765223b733a373a2254657374696e67223b733a373a2276657273696f6e223b733a343a22372e3236223b733a343a22636f7265223b733a333a22372e78223b733a363a2268696464656e223b623a313b733a373a2270726f6a656374223b733a363a2264727570616c223b733a393a22646174657374616d70223b733a31303a2231333839383135393330223b733a31323a22646570656e64656e63696573223b613a303a7b7d733a333a22706870223b733a353a22352e322e34223b733a353a2266696c6573223b613a303a7b7d733a393a22626f6f747374726170223b693a303b7d),
('modules/simpletest/tests/update_test_2.module', 'update_test_2', 'module', '', 0, 0, -1, 0, 0x613a31323a7b733a343a226e616d65223b733a31313a225570646174652074657374223b733a31313a226465736372697074696f6e223b733a33343a22537570706f7274206d6f64756c6520666f72207570646174652074657374696e672e223b733a373a227061636b616765223b733a373a2254657374696e67223b733a373a2276657273696f6e223b733a343a22372e3236223b733a343a22636f7265223b733a333a22372e78223b733a363a2268696464656e223b623a313b733a373a2270726f6a656374223b733a363a2264727570616c223b733a393a22646174657374616d70223b733a31303a2231333839383135393330223b733a31323a22646570656e64656e63696573223b613a303a7b7d733a333a22706870223b733a353a22352e322e34223b733a353a2266696c6573223b613a303a7b7d733a393a22626f6f747374726170223b693a303b7d),
('modules/simpletest/tests/update_test_3.module', 'update_test_3', 'module', '', 0, 0, -1, 0, 0x613a31323a7b733a343a226e616d65223b733a31313a225570646174652074657374223b733a31313a226465736372697074696f6e223b733a33343a22537570706f7274206d6f64756c6520666f72207570646174652074657374696e672e223b733a373a227061636b616765223b733a373a2254657374696e67223b733a373a2276657273696f6e223b733a343a22372e3236223b733a343a22636f7265223b733a333a22372e78223b733a363a2268696464656e223b623a313b733a373a2270726f6a656374223b733a363a2264727570616c223b733a393a22646174657374616d70223b733a31303a2231333839383135393330223b733a31323a22646570656e64656e63696573223b613a303a7b7d733a333a22706870223b733a353a22352e322e34223b733a353a2266696c6573223b613a303a7b7d733a393a22626f6f747374726170223b693a303b7d),
('modules/simpletest/tests/url_alter_test.module', 'url_alter_test', 'module', '', 0, 0, -1, 0, 0x613a31323a7b733a343a226e616d65223b733a31353a2255726c5f616c746572207465737473223b733a31313a226465736372697074696f6e223b733a34353a224120737570706f7274206d6f64756c657320666f722075726c5f616c74657220686f6f6b2074657374696e672e223b733a343a22636f7265223b733a333a22372e78223b733a373a227061636b616765223b733a373a2254657374696e67223b733a373a2276657273696f6e223b733a343a22372e3236223b733a363a2268696464656e223b623a313b733a373a2270726f6a656374223b733a363a2264727570616c223b733a393a22646174657374616d70223b733a31303a2231333839383135393330223b733a31323a22646570656e64656e63696573223b613a303a7b7d733a333a22706870223b733a353a22352e322e34223b733a353a2266696c6573223b613a303a7b7d733a393a22626f6f747374726170223b693a303b7d),
('modules/simpletest/tests/xmlrpc_test.module', 'xmlrpc_test', 'module', '', 0, 0, -1, 0, 0x613a31323a7b733a343a226e616d65223b733a31323a22584d4c2d5250432054657374223b733a31313a226465736372697074696f6e223b733a37353a22537570706f7274206d6f64756c6520666f7220584d4c2d525043207465737473206163636f7264696e6720746f207468652076616c696461746f72312073706563696669636174696f6e2e223b733a373a227061636b616765223b733a373a2254657374696e67223b733a373a2276657273696f6e223b733a343a22372e3236223b733a343a22636f7265223b733a333a22372e78223b733a363a2268696464656e223b623a313b733a373a2270726f6a656374223b733a363a2264727570616c223b733a393a22646174657374616d70223b733a31303a2231333839383135393330223b733a31323a22646570656e64656e63696573223b613a303a7b7d733a333a22706870223b733a353a22352e322e34223b733a353a2266696c6573223b613a303a7b7d733a393a22626f6f747374726170223b693a303b7d),
('modules/statistics/statistics.module', 'statistics', 'module', '', 0, 0, -1, 0, 0x613a31323a7b733a343a226e616d65223b733a31303a2253746174697374696373223b733a31313a226465736372697074696f6e223b733a33373a224c6f677320616363657373207374617469737469637320666f7220796f757220736974652e223b733a373a227061636b616765223b733a343a22436f7265223b733a373a2276657273696f6e223b733a343a22372e3236223b733a343a22636f7265223b733a333a22372e78223b733a353a2266696c6573223b613a313a7b693a303b733a31353a22737461746973746963732e74657374223b7d733a393a22636f6e666967757265223b733a33303a2261646d696e2f636f6e6669672f73797374656d2f73746174697374696373223b733a373a2270726f6a656374223b733a363a2264727570616c223b733a393a22646174657374616d70223b733a31303a2231333839383135393330223b733a31323a22646570656e64656e63696573223b613a303a7b7d733a333a22706870223b733a353a22352e322e34223b733a393a22626f6f747374726170223b693a303b7d),
('modules/syslog/syslog.module', 'syslog', 'module', '', 0, 0, -1, 0, 0x613a31323a7b733a343a226e616d65223b733a363a225379736c6f67223b733a31313a226465736372697074696f6e223b733a34313a224c6f677320616e64207265636f7264732073797374656d206576656e747320746f207379736c6f672e223b733a373a227061636b616765223b733a343a22436f7265223b733a373a2276657273696f6e223b733a343a22372e3236223b733a343a22636f7265223b733a333a22372e78223b733a353a2266696c6573223b613a313a7b693a303b733a31313a227379736c6f672e74657374223b7d733a393a22636f6e666967757265223b733a33323a2261646d696e2f636f6e6669672f646576656c6f706d656e742f6c6f6767696e67223b733a373a2270726f6a656374223b733a363a2264727570616c223b733a393a22646174657374616d70223b733a31303a2231333839383135393330223b733a31323a22646570656e64656e63696573223b613a303a7b7d733a333a22706870223b733a353a22352e322e34223b733a393a22626f6f747374726170223b693a303b7d),
('modules/system/system.module', 'system', 'module', '', 1, 0, 7079, 0, 0x613a31333a7b733a343a226e616d65223b733a363a2253797374656d223b733a31313a226465736372697074696f6e223b733a35343a2248616e646c65732067656e6572616c207369746520636f6e66696775726174696f6e20666f722061646d696e6973747261746f72732e223b733a373a227061636b616765223b733a343a22436f7265223b733a373a2276657273696f6e223b733a343a22372e3236223b733a343a22636f7265223b733a333a22372e78223b733a353a2266696c6573223b613a363a7b693a303b733a31393a2273797374656d2e61726368697665722e696e63223b693a313b733a31353a2273797374656d2e6d61696c2e696e63223b693a323b733a31363a2273797374656d2e71756575652e696e63223b693a333b733a31343a2273797374656d2e7461722e696e63223b693a343b733a31383a2273797374656d2e757064617465722e696e63223b693a353b733a31313a2273797374656d2e74657374223b7d733a383a227265717569726564223b623a313b733a393a22636f6e666967757265223b733a31393a2261646d696e2f636f6e6669672f73797374656d223b733a373a2270726f6a656374223b733a363a2264727570616c223b733a393a22646174657374616d70223b733a31303a2231333839383135393330223b733a31323a22646570656e64656e63696573223b613a303a7b7d733a333a22706870223b733a353a22352e322e34223b733a393a22626f6f747374726170223b693a303b7d),
('modules/taxonomy/taxonomy.module', 'taxonomy', 'module', '', 1, 0, 7011, 0, 0x613a31343a7b733a343a226e616d65223b733a383a225461786f6e6f6d79223b733a31313a226465736372697074696f6e223b733a33383a22456e61626c6573207468652063617465676f72697a6174696f6e206f6620636f6e74656e742e223b733a373a227061636b616765223b733a343a22436f7265223b733a373a2276657273696f6e223b733a343a22372e3236223b733a343a22636f7265223b733a333a22372e78223b733a31323a22646570656e64656e63696573223b613a313a7b693a303b733a373a226f7074696f6e73223b7d733a353a2266696c6573223b613a323a7b693a303b733a31353a227461786f6e6f6d792e6d6f64756c65223b693a313b733a31333a227461786f6e6f6d792e74657374223b7d733a393a22636f6e666967757265223b733a32343a2261646d696e2f7374727563747572652f7461786f6e6f6d79223b733a373a2270726f6a656374223b733a363a2264727570616c223b733a393a22646174657374616d70223b733a31303a2231333839383135393330223b733a333a22706870223b733a353a22352e322e34223b733a393a22626f6f747374726170223b693a303b733a383a227265717569726564223b623a313b733a31313a226578706c616e6174696f6e223b733a39383a224669656c64207479706528732920696e20757365202d20736565203c6120687265663d222f44726f70626f782f64727570616c2f54462f6970726573732f61646d696e2f7265706f7274732f6669656c6473223e4669656c64206c6973743c2f613e223b7d),
('modules/toolbar/toolbar.module', 'toolbar', 'module', '', 1, 0, 0, 0, 0x613a31313a7b733a343a226e616d65223b733a373a22546f6f6c626172223b733a31313a226465736372697074696f6e223b733a39393a2250726f7669646573206120746f6f6c62617220746861742073686f77732074686520746f702d6c6576656c2061646d696e697374726174696f6e206d656e75206974656d7320616e64206c696e6b732066726f6d206f74686572206d6f64756c65732e223b733a343a22636f7265223b733a333a22372e78223b733a373a227061636b616765223b733a343a22436f7265223b733a373a2276657273696f6e223b733a343a22372e3236223b733a373a2270726f6a656374223b733a363a2264727570616c223b733a393a22646174657374616d70223b733a31303a2231333839383135393330223b733a31323a22646570656e64656e63696573223b613a303a7b7d733a333a22706870223b733a353a22352e322e34223b733a353a2266696c6573223b613a303a7b7d733a393a22626f6f747374726170223b693a303b7d),
('modules/tracker/tracker.module', 'tracker', 'module', '', 0, 0, -1, 0, 0x613a31313a7b733a343a226e616d65223b733a373a22547261636b6572223b733a31313a226465736372697074696f6e223b733a34353a22456e61626c657320747261636b696e67206f6620726563656e7420636f6e74656e7420666f722075736572732e223b733a31323a22646570656e64656e63696573223b613a313a7b693a303b733a373a22636f6d6d656e74223b7d733a373a227061636b616765223b733a343a22436f7265223b733a373a2276657273696f6e223b733a343a22372e3236223b733a343a22636f7265223b733a333a22372e78223b733a353a2266696c6573223b613a313a7b693a303b733a31323a22747261636b65722e74657374223b7d733a373a2270726f6a656374223b733a363a2264727570616c223b733a393a22646174657374616d70223b733a31303a2231333839383135393330223b733a333a22706870223b733a353a22352e322e34223b733a393a22626f6f747374726170223b693a303b7d),
('modules/translation/tests/translation_test.module', 'translation_test', 'module', '', 0, 0, -1, 0, 0x613a31323a7b733a343a226e616d65223b733a32343a22436f6e74656e74205472616e736c6174696f6e2054657374223b733a31313a226465736372697074696f6e223b733a34393a22537570706f7274206d6f64756c6520666f722074686520636f6e74656e74207472616e736c6174696f6e2074657374732e223b733a343a22636f7265223b733a333a22372e78223b733a373a227061636b616765223b733a373a2254657374696e67223b733a373a2276657273696f6e223b733a343a22372e3236223b733a363a2268696464656e223b623a313b733a373a2270726f6a656374223b733a363a2264727570616c223b733a393a22646174657374616d70223b733a31303a2231333839383135393330223b733a31323a22646570656e64656e63696573223b613a303a7b7d733a333a22706870223b733a353a22352e322e34223b733a353a2266696c6573223b613a303a7b7d733a393a22626f6f747374726170223b693a303b7d),
('modules/translation/translation.module', 'translation', 'module', '', 0, 0, -1, 0, 0x613a31313a7b733a343a226e616d65223b733a31393a22436f6e74656e74207472616e736c6174696f6e223b733a31313a226465736372697074696f6e223b733a35373a22416c6c6f777320636f6e74656e7420746f206265207472616e736c6174656420696e746f20646966666572656e74206c616e6775616765732e223b733a31323a22646570656e64656e63696573223b613a313a7b693a303b733a363a226c6f63616c65223b7d733a373a227061636b616765223b733a343a22436f7265223b733a373a2276657273696f6e223b733a343a22372e3236223b733a343a22636f7265223b733a333a22372e78223b733a353a2266696c6573223b613a313a7b693a303b733a31363a227472616e736c6174696f6e2e74657374223b7d733a373a2270726f6a656374223b733a363a2264727570616c223b733a393a22646174657374616d70223b733a31303a2231333839383135393330223b733a333a22706870223b733a353a22352e322e34223b733a393a22626f6f747374726170223b693a303b7d),
('modules/trigger/tests/trigger_test.module', 'trigger_test', 'module', '', 0, 0, -1, 0, 0x613a31323a7b733a343a226e616d65223b733a31323a22547269676765722054657374223b733a31313a226465736372697074696f6e223b733a33333a22537570706f7274206d6f64756c6520666f7220547269676765722074657374732e223b733a373a227061636b616765223b733a373a2254657374696e67223b733a343a22636f7265223b733a333a22372e78223b733a363a2268696464656e223b623a313b733a373a2276657273696f6e223b733a343a22372e3236223b733a373a2270726f6a656374223b733a363a2264727570616c223b733a393a22646174657374616d70223b733a31303a2231333839383135393330223b733a31323a22646570656e64656e63696573223b613a303a7b7d733a333a22706870223b733a353a22352e322e34223b733a353a2266696c6573223b613a303a7b7d733a393a22626f6f747374726170223b693a303b7d),
('modules/trigger/trigger.module', 'trigger', 'module', '', 0, 0, -1, 0, 0x613a31323a7b733a343a226e616d65223b733a373a2254726967676572223b733a31313a226465736372697074696f6e223b733a39303a22456e61626c657320616374696f6e7320746f206265206669726564206f6e206365727461696e2073797374656d206576656e74732c2073756368206173207768656e206e657720636f6e74656e7420697320637265617465642e223b733a373a227061636b616765223b733a343a22436f7265223b733a373a2276657273696f6e223b733a343a22372e3236223b733a343a22636f7265223b733a333a22372e78223b733a353a2266696c6573223b613a313a7b693a303b733a31323a22747269676765722e74657374223b7d733a393a22636f6e666967757265223b733a32333a2261646d696e2f7374727563747572652f74726967676572223b733a373a2270726f6a656374223b733a363a2264727570616c223b733a393a22646174657374616d70223b733a31303a2231333839383135393330223b733a31323a22646570656e64656e63696573223b613a303a7b7d733a333a22706870223b733a353a22352e322e34223b733a393a22626f6f747374726170223b693a303b7d),
('modules/update/tests/aaa_update_test.module', 'aaa_update_test', 'module', '', 0, 0, -1, 0, 0x613a31323a7b733a343a226e616d65223b733a31353a22414141205570646174652074657374223b733a31313a226465736372697074696f6e223b733a34313a22537570706f7274206d6f64756c6520666f7220757064617465206d6f64756c652074657374696e672e223b733a373a227061636b616765223b733a373a2254657374696e67223b733a343a22636f7265223b733a333a22372e78223b733a363a2268696464656e223b623a313b733a373a2276657273696f6e223b733a343a22372e3236223b733a373a2270726f6a656374223b733a363a2264727570616c223b733a393a22646174657374616d70223b733a31303a2231333839383135393330223b733a31323a22646570656e64656e63696573223b613a303a7b7d733a333a22706870223b733a353a22352e322e34223b733a353a2266696c6573223b613a303a7b7d733a393a22626f6f747374726170223b693a303b7d),
('modules/update/tests/bbb_update_test.module', 'bbb_update_test', 'module', '', 0, 0, -1, 0, 0x613a31323a7b733a343a226e616d65223b733a31353a22424242205570646174652074657374223b733a31313a226465736372697074696f6e223b733a34313a22537570706f7274206d6f64756c6520666f7220757064617465206d6f64756c652074657374696e672e223b733a373a227061636b616765223b733a373a2254657374696e67223b733a343a22636f7265223b733a333a22372e78223b733a363a2268696464656e223b623a313b733a373a2276657273696f6e223b733a343a22372e3236223b733a373a2270726f6a656374223b733a363a2264727570616c223b733a393a22646174657374616d70223b733a31303a2231333839383135393330223b733a31323a22646570656e64656e63696573223b613a303a7b7d733a333a22706870223b733a353a22352e322e34223b733a353a2266696c6573223b613a303a7b7d733a393a22626f6f747374726170223b693a303b7d),
('modules/update/tests/ccc_update_test.module', 'ccc_update_test', 'module', '', 0, 0, -1, 0, 0x613a31323a7b733a343a226e616d65223b733a31353a22434343205570646174652074657374223b733a31313a226465736372697074696f6e223b733a34313a22537570706f7274206d6f64756c6520666f7220757064617465206d6f64756c652074657374696e672e223b733a373a227061636b616765223b733a373a2254657374696e67223b733a343a22636f7265223b733a333a22372e78223b733a363a2268696464656e223b623a313b733a373a2276657273696f6e223b733a343a22372e3236223b733a373a2270726f6a656374223b733a363a2264727570616c223b733a393a22646174657374616d70223b733a31303a2231333839383135393330223b733a31323a22646570656e64656e63696573223b613a303a7b7d733a333a22706870223b733a353a22352e322e34223b733a353a2266696c6573223b613a303a7b7d733a393a22626f6f747374726170223b693a303b7d),
('modules/update/tests/update_test.module', 'update_test', 'module', '', 0, 0, -1, 0, 0x613a31323a7b733a343a226e616d65223b733a31313a225570646174652074657374223b733a31313a226465736372697074696f6e223b733a34313a22537570706f7274206d6f64756c6520666f7220757064617465206d6f64756c652074657374696e672e223b733a373a227061636b616765223b733a373a2254657374696e67223b733a373a2276657273696f6e223b733a343a22372e3236223b733a343a22636f7265223b733a333a22372e78223b733a363a2268696464656e223b623a313b733a373a2270726f6a656374223b733a363a2264727570616c223b733a393a22646174657374616d70223b733a31303a2231333839383135393330223b733a31323a22646570656e64656e63696573223b613a303a7b7d733a333a22706870223b733a353a22352e322e34223b733a353a2266696c6573223b613a303a7b7d733a393a22626f6f747374726170223b693a303b7d),
('modules/update/update.module', 'update', 'module', '', 0, 0, -1, 0, 0x613a31323a7b733a343a226e616d65223b733a31343a22557064617465206d616e61676572223b733a31313a226465736372697074696f6e223b733a3130343a22436865636b7320666f7220617661696c61626c6520757064617465732c20616e642063616e207365637572656c7920696e7374616c6c206f7220757064617465206d6f64756c657320616e64207468656d65732076696120612077656220696e746572666163652e223b733a373a2276657273696f6e223b733a343a22372e3236223b733a373a227061636b616765223b733a343a22436f7265223b733a343a22636f7265223b733a333a22372e78223b733a353a2266696c6573223b613a313a7b693a303b733a31313a227570646174652e74657374223b7d733a393a22636f6e666967757265223b733a33303a2261646d696e2f7265706f7274732f757064617465732f73657474696e6773223b733a373a2270726f6a656374223b733a363a2264727570616c223b733a393a22646174657374616d70223b733a31303a2231333839383135393330223b733a31323a22646570656e64656e63696573223b613a303a7b7d733a333a22706870223b733a353a22352e322e34223b733a393a22626f6f747374726170223b693a303b7d),
('modules/user/tests/user_form_test.module', 'user_form_test', 'module', '', 0, 0, -1, 0, 0x613a31323a7b733a343a226e616d65223b733a32323a2255736572206d6f64756c6520666f726d207465737473223b733a31313a226465736372697074696f6e223b733a33373a22537570706f7274206d6f64756c6520666f72207573657220666f726d2074657374696e672e223b733a373a227061636b616765223b733a373a2254657374696e67223b733a373a2276657273696f6e223b733a343a22372e3236223b733a343a22636f7265223b733a333a22372e78223b733a363a2268696464656e223b623a313b733a373a2270726f6a656374223b733a363a2264727570616c223b733a393a22646174657374616d70223b733a31303a2231333839383135393330223b733a31323a22646570656e64656e63696573223b613a303a7b7d733a333a22706870223b733a353a22352e322e34223b733a353a2266696c6573223b613a303a7b7d733a393a22626f6f747374726170223b693a303b7d),
('modules/user/user.module', 'user', 'module', '', 1, 0, 7018, 0, 0x613a31343a7b733a343a226e616d65223b733a343a2255736572223b733a31313a226465736372697074696f6e223b733a34373a224d616e6167657320746865207573657220726567697374726174696f6e20616e64206c6f67696e2073797374656d2e223b733a373a227061636b616765223b733a343a22436f7265223b733a373a2276657273696f6e223b733a343a22372e3236223b733a343a22636f7265223b733a333a22372e78223b733a353a2266696c6573223b613a323a7b693a303b733a31313a22757365722e6d6f64756c65223b693a313b733a393a22757365722e74657374223b7d733a383a227265717569726564223b623a313b733a393a22636f6e666967757265223b733a31393a2261646d696e2f636f6e6669672f70656f706c65223b733a31313a227374796c65736865657473223b613a313a7b733a333a22616c6c223b613a313a7b733a383a22757365722e637373223b733a32313a226d6f64756c65732f757365722f757365722e637373223b7d7d733a373a2270726f6a656374223b733a363a2264727570616c223b733a393a22646174657374616d70223b733a31303a2231333839383135393330223b733a31323a22646570656e64656e63696573223b613a303a7b7d733a333a22706870223b733a353a22352e322e34223b733a393a22626f6f747374726170223b693a303b7d),
('profiles/standard/standard.profile', 'standard', 'module', '', 1, 0, 0, 1000, 0x613a31343a7b733a343a226e616d65223b733a383a225374616e64617264223b733a31313a226465736372697074696f6e223b733a35313a22496e7374616c6c207769746820636f6d6d6f6e6c792075736564206665617475726573207072652d636f6e666967757265642e223b733a373a2276657273696f6e223b733a343a22372e3236223b733a343a22636f7265223b733a333a22372e78223b733a31323a22646570656e64656e63696573223b613a32313a7b693a303b733a353a22626c6f636b223b693a313b733a353a22636f6c6f72223b693a323b733a373a22636f6d6d656e74223b693a333b733a31303a22636f6e7465787475616c223b693a343b733a393a2264617368626f617264223b693a353b733a343a2268656c70223b693a363b733a353a22696d616765223b693a373b733a343a226c697374223b693a383b733a343a226d656e75223b693a393b733a363a226e756d626572223b693a31303b733a373a226f7074696f6e73223b693a31313b733a343a2270617468223b693a31323b733a383a227461786f6e6f6d79223b693a31333b733a353a2264626c6f67223b693a31343b733a363a22736561726368223b693a31353b733a383a2273686f7274637574223b693a31363b733a373a22746f6f6c626172223b693a31373b733a373a226f7665726c6179223b693a31383b733a383a226669656c645f7569223b693a31393b733a343a2266696c65223b693a32303b733a333a22726466223b7d733a373a2270726f6a656374223b733a363a2264727570616c223b733a393a22646174657374616d70223b733a31303a2231333839383135393330223b733a373a227061636b616765223b733a353a224f74686572223b733a333a22706870223b733a353a22352e322e34223b733a353a2266696c6573223b613a303a7b7d733a393a22626f6f747374726170223b693a303b733a363a2268696464656e223b623a313b733a383a227265717569726564223b623a313b733a31373a22646973747269627574696f6e5f6e616d65223b733a363a2244727570616c223b7d),
('sites/all/modules/calendar_block/calendar_block.module', 'calendar_block', 'module', '', 1, 0, 0, 0, 0x613a31313a7b733a343a226e616d65223b733a31343a2243616c656e64617220426c6f636b223b733a31313a226465736372697074696f6e223b733a35353a22486967686c7920637573746f6d697a61626c652063616c656e64617220626c6f636b20666f7220766172696f757320707572706f736573223b733a373a227061636b616765223b733a31343a225573657220496e74657266616365223b733a373a2276657273696f6e223b733a31313a22372e782d332e782d646576223b733a343a22636f7265223b733a333a22372e78223b733a353a2266696c6573223b613a313a7b693a303b733a32313a2263616c656e6461725f626c6f636b2e6d6f64756c65223b7d733a373a2270726f6a656374223b733a31343a2263616c656e6461725f626c6f636b223b733a393a22646174657374616d70223b733a31303a2231333830353537333631223b733a31323a22646570656e64656e63696573223b613a303a7b7d733a333a22706870223b733a353a22352e322e34223b733a393a22626f6f747374726170223b693a303b7d),
('sites/all/modules/context/context.module', 'context', 'module', '', 1, 0, 7000, 0, 0x613a31313a7b733a343a226e616d65223b733a373a22436f6e74657874223b733a31323a22646570656e64656e63696573223b613a313a7b693a303b733a363a2263746f6f6c73223b7d733a31313a226465736372697074696f6e223b733a36363a2250726f76696465206d6f64756c6573207769746820612063616368652074686174206c6173747320666f7220612073696e676c65207061676520726571756573742e223b733a373a227061636b616765223b733a373a22436f6e74657874223b733a343a22636f7265223b733a333a22372e78223b733a353a2266696c6573223b613a333a7b693a303b733a31383a2274657374732f636f6e746578742e74657374223b693a313b733a32393a2274657374732f636f6e746578742e636f6e646974696f6e732e74657374223b693a323b733a32383a2274657374732f636f6e746578742e7265616374696f6e732e74657374223b7d733a373a2276657273696f6e223b733a373a22372e782d332e32223b733a373a2270726f6a656374223b733a373a22636f6e74657874223b733a393a22646174657374616d70223b733a31303a2231333930393331333134223b733a333a22706870223b733a353a22352e322e34223b733a393a22626f6f747374726170223b693a303b7d);
INSERT INTO `drupal_system` (`filename`, `name`, `type`, `owner`, `status`, `bootstrap`, `schema_version`, `weight`, `info`) VALUES
('sites/all/modules/context/context_layouts/context_layouts.module', 'context_layouts', 'module', '', 1, 0, 0, 0, 0x613a31313a7b733a343a226e616d65223b733a31353a22436f6e74657874206c61796f757473223b733a31313a226465736372697074696f6e223b733a38303a22416c6c6f77207468656d65206c6179657220746f2070726f76696465206d756c7469706c6520726567696f6e206c61796f75747320616e6420696e74656772617465207769746820636f6e746578742e223b733a31323a22646570656e64656e63696573223b613a313a7b693a303b733a373a22636f6e74657874223b7d733a373a227061636b616765223b733a373a22436f6e74657874223b733a343a22636f7265223b733a333a22372e78223b733a353a2266696c6573223b613a313a7b693a303b733a34323a22706c7567696e732f636f6e746578745f6c61796f7574735f7265616374696f6e5f626c6f636b2e696e63223b7d733a373a2276657273696f6e223b733a373a22372e782d332e32223b733a373a2270726f6a656374223b733a373a22636f6e74657874223b733a393a22646174657374616d70223b733a31303a2231333930393331333134223b733a333a22706870223b733a353a22352e322e34223b733a393a22626f6f747374726170223b693a303b7d),
('sites/all/modules/context/context_ui/context_ui.module', 'context_ui', 'module', '', 1, 0, 6004, 0, 0x613a31323a7b733a343a226e616d65223b733a31303a22436f6e74657874205549223b733a31313a226465736372697074696f6e223b733a36383a2250726f766964657320612073696d706c6520554920666f722073657474696e67732075702061207369746520737472756374757265207573696e6720436f6e746578742e223b733a31323a22646570656e64656e63696573223b613a313a7b693a303b733a373a22636f6e74657874223b7d733a373a227061636b616765223b733a373a22436f6e74657874223b733a343a22636f7265223b733a333a22372e78223b733a393a22636f6e666967757265223b733a32333a2261646d696e2f7374727563747572652f636f6e74657874223b733a353a2266696c6573223b613a323a7b693a303b733a31343a22636f6e746578742e6d6f64756c65223b693a313b733a32313a2274657374732f636f6e746578745f75692e74657374223b7d733a373a2276657273696f6e223b733a373a22372e782d332e32223b733a373a2270726f6a656374223b733a373a22636f6e74657874223b733a393a22646174657374616d70223b733a31303a2231333930393331333134223b733a333a22706870223b733a353a22352e322e34223b733a393a22626f6f747374726170223b693a303b7d),
('sites/all/modules/ctools/bulk_export/bulk_export.module', 'bulk_export', 'module', '', 0, 0, -1, 0, 0x613a31313a7b733a343a226e616d65223b733a31313a2242756c6b204578706f7274223b733a31313a226465736372697074696f6e223b733a36373a22506572666f726d732062756c6b206578706f7274696e67206f662064617461206f626a65637473206b6e6f776e2061626f7574206279204368616f7320746f6f6c732e223b733a343a22636f7265223b733a333a22372e78223b733a31323a22646570656e64656e63696573223b613a313a7b693a303b733a363a2263746f6f6c73223b7d733a373a227061636b616765223b733a31363a224368616f7320746f6f6c207375697465223b733a373a2276657273696f6e223b733a373a22372e782d312e33223b733a373a2270726f6a656374223b733a363a2263746f6f6c73223b733a393a22646174657374616d70223b733a31303a2231333635303133353132223b733a333a22706870223b733a353a22352e322e34223b733a353a2266696c6573223b613a303a7b7d733a393a22626f6f747374726170223b693a303b7d),
('sites/all/modules/ctools/ctools.module', 'ctools', 'module', '', 1, 0, 6008, 0, 0x613a31313a7b733a343a226e616d65223b733a31313a224368616f7320746f6f6c73223b733a31313a226465736372697074696f6e223b733a34363a2241206c696272617279206f662068656c7066756c20746f6f6c73206279204d65726c696e206f66204368616f732e223b733a343a22636f7265223b733a333a22372e78223b733a373a227061636b616765223b733a31363a224368616f7320746f6f6c207375697465223b733a353a2266696c6573223b613a333a7b693a303b733a32303a22696e636c756465732f636f6e746578742e696e63223b693a313b733a32323a22696e636c756465732f6d6174682d657870722e696e63223b693a323b733a32313a22696e636c756465732f7374796c697a65722e696e63223b7d733a373a2276657273696f6e223b733a373a22372e782d312e33223b733a373a2270726f6a656374223b733a363a2263746f6f6c73223b733a393a22646174657374616d70223b733a31303a2231333635303133353132223b733a31323a22646570656e64656e63696573223b613a303a7b7d733a333a22706870223b733a353a22352e322e34223b733a393a22626f6f747374726170223b693a303b7d),
('sites/all/modules/ctools/ctools_access_ruleset/ctools_access_ruleset.module', 'ctools_access_ruleset', 'module', '', 0, 0, -1, 0, 0x613a31313a7b733a343a226e616d65223b733a31353a22437573746f6d2072756c6573657473223b733a31313a226465736372697074696f6e223b733a38313a2243726561746520637573746f6d2c206578706f727461626c652c207265757361626c65206163636573732072756c657365747320666f72206170706c69636174696f6e73206c696b652050616e656c732e223b733a343a22636f7265223b733a333a22372e78223b733a373a227061636b616765223b733a31363a224368616f7320746f6f6c207375697465223b733a31323a22646570656e64656e63696573223b613a313a7b693a303b733a363a2263746f6f6c73223b7d733a373a2276657273696f6e223b733a373a22372e782d312e33223b733a373a2270726f6a656374223b733a363a2263746f6f6c73223b733a393a22646174657374616d70223b733a31303a2231333635303133353132223b733a333a22706870223b733a353a22352e322e34223b733a353a2266696c6573223b613a303a7b7d733a393a22626f6f747374726170223b693a303b7d),
('sites/all/modules/ctools/ctools_ajax_sample/ctools_ajax_sample.module', 'ctools_ajax_sample', 'module', '', 0, 0, -1, 0, 0x613a31313a7b733a343a226e616d65223b733a33333a224368616f7320546f6f6c73202843546f6f6c732920414a4158204578616d706c65223b733a31313a226465736372697074696f6e223b733a34313a2253686f777320686f7720746f207573652074686520706f776572206f66204368616f7320414a41582e223b733a373a227061636b616765223b733a31363a224368616f7320746f6f6c207375697465223b733a31323a22646570656e64656e63696573223b613a313a7b693a303b733a363a2263746f6f6c73223b7d733a343a22636f7265223b733a333a22372e78223b733a373a2276657273696f6e223b733a373a22372e782d312e33223b733a373a2270726f6a656374223b733a363a2263746f6f6c73223b733a393a22646174657374616d70223b733a31303a2231333635303133353132223b733a333a22706870223b733a353a22352e322e34223b733a353a2266696c6573223b613a303a7b7d733a393a22626f6f747374726170223b693a303b7d),
('sites/all/modules/ctools/ctools_custom_content/ctools_custom_content.module', 'ctools_custom_content', 'module', '', 0, 0, -1, 0, 0x613a31313a7b733a343a226e616d65223b733a32303a22437573746f6d20636f6e74656e742070616e6573223b733a31313a226465736372697074696f6e223b733a37393a2243726561746520637573746f6d2c206578706f727461626c652c207265757361626c6520636f6e74656e742070616e657320666f72206170706c69636174696f6e73206c696b652050616e656c732e223b733a343a22636f7265223b733a333a22372e78223b733a373a227061636b616765223b733a31363a224368616f7320746f6f6c207375697465223b733a31323a22646570656e64656e63696573223b613a313a7b693a303b733a363a2263746f6f6c73223b7d733a373a2276657273696f6e223b733a373a22372e782d312e33223b733a373a2270726f6a656374223b733a363a2263746f6f6c73223b733a393a22646174657374616d70223b733a31303a2231333635303133353132223b733a333a22706870223b733a353a22352e322e34223b733a353a2266696c6573223b613a303a7b7d733a393a22626f6f747374726170223b693a303b7d),
('sites/all/modules/ctools/ctools_plugin_example/ctools_plugin_example.module', 'ctools_plugin_example', 'module', '', 0, 0, -1, 0, 0x613a31313a7b733a343a226e616d65223b733a33353a224368616f7320546f6f6c73202843546f6f6c732920506c7567696e204578616d706c65223b733a31313a226465736372697074696f6e223b733a37353a2253686f777320686f7720616e2065787465726e616c206d6f64756c652063616e2070726f766964652063746f6f6c7320706c7567696e732028666f722050616e656c732c206574632e292e223b733a373a227061636b616765223b733a31363a224368616f7320746f6f6c207375697465223b733a31323a22646570656e64656e63696573223b613a343a7b693a303b733a363a2263746f6f6c73223b693a313b733a363a2270616e656c73223b693a323b733a31323a22706167655f6d616e61676572223b693a333b733a31333a22616476616e6365645f68656c70223b7d733a343a22636f7265223b733a333a22372e78223b733a373a2276657273696f6e223b733a373a22372e782d312e33223b733a373a2270726f6a656374223b733a363a2263746f6f6c73223b733a393a22646174657374616d70223b733a31303a2231333635303133353132223b733a333a22706870223b733a353a22352e322e34223b733a353a2266696c6573223b613a303a7b7d733a393a22626f6f747374726170223b693a303b7d),
('sites/all/modules/ctools/page_manager/page_manager.module', 'page_manager', 'module', '', 0, 0, -1, 0, 0x613a31313a7b733a343a226e616d65223b733a31323a2250616765206d616e61676572223b733a31313a226465736372697074696f6e223b733a35343a2250726f7669646573206120554920616e642041504920746f206d616e6167652070616765732077697468696e2074686520736974652e223b733a343a22636f7265223b733a333a22372e78223b733a31323a22646570656e64656e63696573223b613a313a7b693a303b733a363a2263746f6f6c73223b7d733a373a227061636b616765223b733a31363a224368616f7320746f6f6c207375697465223b733a373a2276657273696f6e223b733a373a22372e782d312e33223b733a373a2270726f6a656374223b733a363a2263746f6f6c73223b733a393a22646174657374616d70223b733a31303a2231333635303133353132223b733a333a22706870223b733a353a22352e322e34223b733a353a2266696c6573223b613a303a7b7d733a393a22626f6f747374726170223b693a303b7d),
('sites/all/modules/ctools/stylizer/stylizer.module', 'stylizer', 'module', '', 0, 0, -1, 0, 0x613a31313a7b733a343a226e616d65223b733a383a225374796c697a6572223b733a31313a226465736372697074696f6e223b733a35333a2243726561746520637573746f6d207374796c657320666f72206170706c69636174696f6e7320737563682061732050616e656c732e223b733a343a22636f7265223b733a333a22372e78223b733a373a227061636b616765223b733a31363a224368616f7320746f6f6c207375697465223b733a31323a22646570656e64656e63696573223b613a323a7b693a303b733a363a2263746f6f6c73223b693a313b733a353a22636f6c6f72223b7d733a373a2276657273696f6e223b733a373a22372e782d312e33223b733a373a2270726f6a656374223b733a363a2263746f6f6c73223b733a393a22646174657374616d70223b733a31303a2231333635303133353132223b733a333a22706870223b733a353a22352e322e34223b733a353a2266696c6573223b613a303a7b7d733a393a22626f6f747374726170223b693a303b7d),
('sites/all/modules/ctools/tests/ctools_export_test/ctools_export_test.module', 'ctools_export_test', 'module', '', 0, 0, -1, 0, 0x613a31323a7b733a343a226e616d65223b733a31383a2243546f6f6c73206578706f72742074657374223b733a31313a226465736372697074696f6e223b733a32353a2243546f6f6c73206578706f72742074657374206d6f64756c65223b733a343a22636f7265223b733a333a22372e78223b733a373a227061636b616765223b733a31363a224368616f7320746f6f6c207375697465223b733a31323a22646570656e64656e63696573223b613a313a7b693a303b733a363a2263746f6f6c73223b7d733a363a2268696464656e223b623a313b733a353a2266696c6573223b613a313a7b693a303b733a31383a2263746f6f6c735f6578706f72742e74657374223b7d733a373a2276657273696f6e223b733a373a22372e782d312e33223b733a373a2270726f6a656374223b733a363a2263746f6f6c73223b733a393a22646174657374616d70223b733a31303a2231333635303133353132223b733a333a22706870223b733a353a22352e322e34223b733a393a22626f6f747374726170223b693a303b7d),
('sites/all/modules/ctools/tests/ctools_plugin_test.module', 'ctools_plugin_test', 'module', '', 0, 0, -1, 0, 0x613a31323a7b733a343a226e616d65223b733a32343a224368616f7320746f6f6c7320706c7567696e732074657374223b733a31313a226465736372697074696f6e223b733a34323a2250726f766964657320686f6f6b7320666f722074657374696e672063746f6f6c7320706c7567696e732e223b733a373a227061636b616765223b733a31363a224368616f7320746f6f6c207375697465223b733a343a22636f7265223b733a333a22372e78223b733a31323a22646570656e64656e63696573223b613a313a7b693a303b733a363a2263746f6f6c73223b7d733a353a2266696c6573223b613a363a7b693a303b733a31393a2263746f6f6c732e706c7567696e732e74657374223b693a313b733a31373a226f626a6563745f63616368652e74657374223b693a323b733a383a226373732e74657374223b693a333b733a31323a22636f6e746578742e74657374223b693a343b733a32303a226d6174685f65787072657373696f6e2e74657374223b693a353b733a32363a226d6174685f65787072657373696f6e5f737461636b2e74657374223b7d733a363a2268696464656e223b623a313b733a373a2276657273696f6e223b733a373a22372e782d312e33223b733a373a2270726f6a656374223b733a363a2263746f6f6c73223b733a393a22646174657374616d70223b733a31303a2231333635303133353132223b733a333a22706870223b733a353a22352e322e34223b733a393a22626f6f747374726170223b693a303b7d),
('sites/all/modules/ctools/views_content/views_content.module', 'views_content', 'module', '', 0, 0, -1, 0, 0x613a31313a7b733a343a226e616d65223b733a31393a22566965777320636f6e74656e742070616e6573223b733a31313a226465736372697074696f6e223b733a3130343a22416c6c6f777320566965777320636f6e74656e7420746f206265207573656420696e2050616e656c732c2044617368626f61726420616e64206f74686572206d6f64756c657320776869636820757365207468652043546f6f6c7320436f6e74656e74204150492e223b733a373a227061636b616765223b733a31363a224368616f7320746f6f6c207375697465223b733a31323a22646570656e64656e63696573223b613a323a7b693a303b733a363a2263746f6f6c73223b693a313b733a353a227669657773223b7d733a343a22636f7265223b733a333a22372e78223b733a353a2266696c6573223b613a333a7b693a303b733a36313a22706c7567696e732f76696577732f76696577735f636f6e74656e745f706c7567696e5f646973706c61795f63746f6f6c735f636f6e746578742e696e63223b693a313b733a35373a22706c7567696e732f76696577732f76696577735f636f6e74656e745f706c7567696e5f646973706c61795f70616e656c5f70616e652e696e63223b693a323b733a35393a22706c7567696e732f76696577732f76696577735f636f6e74656e745f706c7567696e5f7374796c655f63746f6f6c735f636f6e746578742e696e63223b7d733a373a2276657273696f6e223b733a373a22372e782d312e33223b733a373a2270726f6a656374223b733a363a2263746f6f6c73223b733a393a22646174657374616d70223b733a31303a2231333635303133353132223b733a333a22706870223b733a353a22352e322e34223b733a393a22626f6f747374726170223b693a303b7d),
('sites/all/modules/ipress/widget/widget.module', 'widget', 'module', '', 1, 0, 0, 0, 0x613a393a7b733a343a226e616d65223b733a31333a2249707265737320576964676574223b733a31313a226465736372697074696f6e223b733a36303a2250726f7669646520637573746f6d20776964676574207375636820617320747769747465722c666c69636b722c206c617465737420776f726b2e2e2e223b733a343a22636f7265223b733a333a22372e78223b733a373a227061636b616765223b733a363a22497072657373223b733a31323a22646570656e64656e63696573223b613a303a7b7d733a373a2276657273696f6e223b4e3b733a333a22706870223b733a353a22352e322e34223b733a353a2266696c6573223b613a303a7b7d733a393a22626f6f747374726170223b693a303b7d),
('sites/all/modules/menu_attributes/menu_attributes.module', 'menu_attributes', 'module', '', 1, 0, 7001, 10, 0x613a31323a7b733a343a226e616d65223b733a31353a224d656e752061747472696275746573223b733a31313a226465736372697074696f6e223b733a36363a22416c6c6f77732061646d696e6973747261746f727320746f207370656369667920637573746f6d206174747269627574657320666f72206d656e75206974656d732e223b733a31323a22646570656e64656e63696573223b613a313a7b693a303b733a343a226d656e75223b7d733a343a22636f7265223b733a333a22372e78223b733a393a22636f6e666967757265223b733a32393a2261646d696e2f7374727563747572652f6d656e752f73657474696e6773223b733a353a2266696c6573223b613a313a7b693a303b733a32303a226d656e755f617474726962757465732e74657374223b7d733a373a2276657273696f6e223b733a31313a22372e782d312e302d726332223b733a373a2270726f6a656374223b733a31353a226d656e755f61747472696275746573223b733a393a22646174657374616d70223b733a31303a2231333338353431353536223b733a373a227061636b616765223b733a353a224f74686572223b733a333a22706870223b733a353a22352e322e34223b733a393a22626f6f747374726170223b693a303b7d),
('sites/all/modules/pathauto/pathauto.module', 'pathauto', 'module', '', 1, 0, 7005, 1, 0x613a31333a7b733a343a226e616d65223b733a383a22506174686175746f223b733a31313a226465736372697074696f6e223b733a39353a2250726f76696465732061206d656368616e69736d20666f72206d6f64756c657320746f206175746f6d61746963616c6c792067656e657261746520616c696173657320666f722074686520636f6e74656e742074686579206d616e6167652e223b733a31323a22646570656e64656e63696573223b613a323a7b693a303b733a343a2270617468223b693a313b733a353a22746f6b656e223b7d733a343a22636f7265223b733a333a22372e78223b733a353a2266696c6573223b613a313a7b693a303b733a31333a22706174686175746f2e74657374223b7d733a393a22636f6e666967757265223b733a33333a2261646d696e2f636f6e6669672f7365617263682f706174682f7061747465726e73223b733a31303a227265636f6d6d656e6473223b613a313a7b693a303b733a383a227265646972656374223b7d733a373a2276657273696f6e223b733a373a22372e782d312e32223b733a373a2270726f6a656374223b733a383a22706174686175746f223b733a393a22646174657374616d70223b733a31303a2231333434353235313835223b733a373a227061636b616765223b733a353a224f74686572223b733a333a22706870223b733a353a22352e322e34223b733a393a22626f6f747374726170223b693a303b7d),
('sites/all/modules/token/tests/token_test.module', 'token_test', 'module', '', 0, 0, -1, 0, 0x613a31323a7b733a343a226e616d65223b733a31303a22546f6b656e2054657374223b733a31313a226465736372697074696f6e223b733a33393a2254657374696e67206d6f64756c6520666f7220746f6b656e2066756e6374696f6e616c6974792e223b733a373a227061636b616765223b733a373a2254657374696e67223b733a343a22636f7265223b733a333a22372e78223b733a353a2266696c6573223b613a313a7b693a303b733a31373a22746f6b656e5f746573742e6d6f64756c65223b7d733a363a2268696464656e223b623a313b733a373a2276657273696f6e223b733a373a22372e782d312e35223b733a373a2270726f6a656374223b733a353a22746f6b656e223b733a393a22646174657374616d70223b733a31303a2231333631363635303236223b733a31323a22646570656e64656e63696573223b613a303a7b7d733a333a22706870223b733a353a22352e322e34223b733a393a22626f6f747374726170223b693a303b7d),
('sites/all/modules/token/token.module', 'token', 'module', '', 1, 0, 7001, 0, 0x613a31313a7b733a343a226e616d65223b733a353a22546f6b656e223b733a31313a226465736372697074696f6e223b733a37333a2250726f76696465732061207573657220696e7465726661636520666f722074686520546f6b656e2041504920616e6420736f6d65206d697373696e6720636f726520746f6b656e732e223b733a343a22636f7265223b733a333a22372e78223b733a353a2266696c6573223b613a313a7b693a303b733a31303a22746f6b656e2e74657374223b7d733a373a2276657273696f6e223b733a373a22372e782d312e35223b733a373a2270726f6a656374223b733a353a22746f6b656e223b733a393a22646174657374616d70223b733a31303a2231333631363635303236223b733a31323a22646570656e64656e63696573223b613a303a7b7d733a373a227061636b616765223b733a353a224f74686572223b733a333a22706870223b733a353a22352e322e34223b733a393a22626f6f747374726170223b693a303b7d),
('sites/all/modules/views/tests/views_test.module', 'views_test', 'module', '', 0, 0, -1, 0, 0x613a31323a7b733a343a226e616d65223b733a31303a2256696577732054657374223b733a31313a226465736372697074696f6e223b733a32323a2254657374206d6f64756c6520666f722056696577732e223b733a373a227061636b616765223b733a353a225669657773223b733a343a22636f7265223b733a333a22372e78223b733a31323a22646570656e64656e63696573223b613a313a7b693a303b733a353a227669657773223b7d733a363a2268696464656e223b623a313b733a373a2276657273696f6e223b733a373a22372e782d332e37223b733a373a2270726f6a656374223b733a353a227669657773223b733a393a22646174657374616d70223b733a31303a2231333635343939323336223b733a333a22706870223b733a353a22352e322e34223b733a353a2266696c6573223b613a303a7b7d733a393a22626f6f747374726170223b693a303b7d);
INSERT INTO `drupal_system` (`filename`, `name`, `type`, `owner`, `status`, `bootstrap`, `schema_version`, `weight`, `info`) VALUES
('sites/all/modules/views/views.module', 'views', 'module', '', 1, 0, 7301, 10, 0x[encoded data, 36462 characters]),
('sites/all/modules/views/views_ui.module', 'views_ui', 'module', '', 1, 0, 0, 0, 0x613a31323a7b733a343a226e616d65223b733a383a225669657773205549223b733a31313a226465736372697074696f6e223b733a39333a2241646d696e69737472617469766520696e7465726661636520746f2076696577732e20576974686f75742074686973206d6f64756c652c20796f752063616e6e6f7420637265617465206f72206564697420796f75722076696577732e223b733a373a227061636b616765223b733a353a225669657773223b733a343a22636f7265223b733a333a22372e78223b733a393a22636f6e666967757265223b733a32313a2261646d696e2f7374727563747572652f7669657773223b733a31323a22646570656e64656e63696573223b613a313a7b693a303b733a353a227669657773223b7d733a353a2266696c6573223b613a323a7b693a303b733a31353a2276696577735f75692e6d6f64756c65223b693a313b733a35373a22706c7567696e732f76696577735f77697a6172642f76696577735f75695f626173655f76696577735f77697a6172642e636c6173732e706870223b7d733a373a2276657273696f6e223b733a373a22372e782d332e37223b733a373a2270726f6a656374223b733a353a227669657773223b733a393a22646174657374616d70223b733a31303a2231333635343939323336223b733a333a22706870223b733a353a22352e322e34223b733a393a22626f6f747374726170223b693a303b7d),
('sites/all/themes/ipress/ipress.info', 'ipress', 'theme', 'themes/engines/phptemplate/phptemplate.engine', 1, 0, -1, 0, 0x613a31383a7b733a343a226e616d65223b733a363a22497072657373223b733a31313a226465736372697074696f6e223b733a3130383a2249707265737320726561647920666f722075736520496e64757374726965732c205363686f6f6c2c20686f73706974616c2c20636f72706f7261746976652c2074726176656c2c2066617368696f6e2c206a6577656c6c65727920616e6420616e7920627573696e6573732e223b733a373a227061636b616765223b733a343a22436f7265223b733a373a2276657273696f6e223b733a333a22372e78223b733a343a22636f7265223b733a333a22372e78223b733a31303a2273637265656e73686f74223b733a33383a2273697465732f616c6c2f7468656d65732f6970726573732f73637265656e73686f742e706e67223b733a373a22726567696f6e73223b613a31363a7b733a383a226c6566745f626172223b733a383a224c65667420626172223b733a393a2272696768745f626172223b733a393a22526967687420626172223b733a393a226d61696e5f6d656e75223b733a393a224d61696e206d656e75223b733a31363a226164735f62616e6e65725f7269676874223b733a31363a224144532062616e6e6572207269676874223b733a31313a227365617263685f666f726d223b733a31313a2253656172636820666f726d223b733a383a22746f705f6e657773223b733a383a22546f70206e657773223b733a373a22636f6e74656e74223b733a31323a224d61696e20636f6e74656e74223b733a31333a22736964656261725f6669727374223b733a31333a2253696465626172206669727374223b733a31343a22736964656261725f7365636f6e64223b733a31343a2253696465626172207365636f6e64223b733a31343a22666f6f7465725f636f6c5f6f6e65223b733a31323a22466f6f74657220636f6c2031223b733a31343a22666f6f7465725f636f6c5f74776f223b733a31323a22466f6f74657220636f6c2032223b733a31363a22666f6f7465725f636f6c5f7468726565223b733a31323a22466f6f74657220636f6c2033223b733a31353a22666f6f7465725f636f6c5f666f7572223b733a31323a22466f6f74657220636f6c2034223b733a31343a2264617368626f6172645f6d61696e223b733a31363a2244617368626f61726420286d61696e29223b733a31373a2264617368626f6172645f73696465626172223b733a31393a2244617368626f61726420287369646562617229223b733a31383a2264617368626f6172645f696e616374697665223b733a32303a2244617368626f6172642028696e61637469766529223b7d733a383a226665617475726573223b613a393a7b693a303b733a343a226c6f676f223b693a313b733a343a226e616d65223b693a323b733a363a22736c6f67616e223b693a333b733a31373a226e6f64655f757365725f70696374757265223b693a343b733a32303a22636f6d6d656e745f757365725f70696374757265223b693a353b733a32353a22636f6d6d656e745f757365725f766572696669636174696f6e223b693a363b733a373a2266617669636f6e223b693a373b733a31363a22676f5f746f5f746f705f627574746f6e223b693a383b733a31343a227365636f6e646172795f6d656e75223b7d733a383a2273657474696e6773223b613a333a7b733a31383a2262726561646372756d625f646973706c6179223b733a333a22796573223b733a32303a2262726561646372756d625f736570617261746f72223b733a383a222026233138373b20223b733a31353a2262726561646372756d625f686f6d65223b733a313a2231223b7d733a373a2270726f6a656374223b733a363a22497072657373223b733a393a22646174657374616d70223b733a31303a2231333635303237303132223b733a363a22656e67696e65223b733a31313a2270687074656d706c617465223b733a333a22706870223b733a353a22352e322e34223b733a31313a227374796c65736865657473223b613a303a7b7d733a373a2273637269707473223b613a303a7b7d733a31353a226f7665726c61795f726567696f6e73223b613a353a7b693a303b733a31343a2264617368626f6172645f6d61696e223b693a313b733a31373a2264617368626f6172645f73696465626172223b693a323b733a31383a2264617368626f6172645f696e616374697665223b693a333b733a373a22636f6e74656e74223b693a343b733a343a2268656c70223b7d733a31343a22726567696f6e735f68696464656e223b613a323a7b693a303b733a383a22706167655f746f70223b693a313b733a31313a22706167655f626f74746f6d223b7d733a32383a226f7665726c61795f737570706c656d656e74616c5f726567696f6e73223b613a313a7b693a303b733a383a22706167655f746f70223b7d7d),
('themes/bartik/bartik.info', 'bartik', 'theme', 'themes/engines/phptemplate/phptemplate.engine', 1, 0, -1, 0, 0x[encoded data, 4126 characters]),
('themes/garland/garland.info', 'garland', 'theme', 'themes/engines/phptemplate/phptemplate.engine', 0, 0, -1, 0, 0x613a31383a7b733a343a226e616d65223b733a373a224761726c616e64223b733a31313a226465736372697074696f6e223b733a3131313a2241206d756c74692d636f6c756d6e207468656d652077686963682063616e20626520636f6e6669677572656420746f206d6f6469667920636f6c6f727320616e6420737769746368206265747765656e20666978656420616e6420666c756964207769647468206c61796f7574732e223b733a373a227061636b616765223b733a343a22436f7265223b733a373a2276657273696f6e223b733a343a22372e3236223b733a343a22636f7265223b733a333a22372e78223b733a31313a227374796c65736865657473223b613a323a7b733a333a22616c6c223b613a313a7b733a393a227374796c652e637373223b733a32343a227468656d65732f6761726c616e642f7374796c652e637373223b7d733a353a227072696e74223b613a313a7b733a393a227072696e742e637373223b733a32343a227468656d65732f6761726c616e642f7072696e742e637373223b7d7d733a383a2273657474696e6773223b613a313a7b733a31333a226761726c616e645f7769647468223b733a353a22666c756964223b7d733a373a2270726f6a656374223b733a363a2264727570616c223b733a393a22646174657374616d70223b733a31303a2231333839383135393330223b733a363a22656e67696e65223b733a31313a2270687074656d706c617465223b733a373a22726567696f6e73223b613a31323a7b733a31333a22736964656261725f6669727374223b733a31323a224c6566742073696465626172223b733a31343a22736964656261725f7365636f6e64223b733a31333a2252696768742073696465626172223b733a373a22636f6e74656e74223b733a373a22436f6e74656e74223b733a363a22686561646572223b733a363a22486561646572223b733a363a22666f6f746572223b733a363a22466f6f746572223b733a31313a22686967686c696768746564223b733a31313a22486967686c696768746564223b733a343a2268656c70223b733a343a2248656c70223b733a383a22706167655f746f70223b733a383a225061676520746f70223b733a31313a22706167655f626f74746f6d223b733a31313a225061676520626f74746f6d223b733a31343a2264617368626f6172645f6d61696e223b733a31363a2244617368626f61726420286d61696e29223b733a31373a2264617368626f6172645f73696465626172223b733a31393a2244617368626f61726420287369646562617229223b733a31383a2264617368626f6172645f696e616374697665223b733a32303a2244617368626f6172642028696e61637469766529223b7d733a383a226665617475726573223b613a393a7b693a303b733a343a226c6f676f223b693a313b733a373a2266617669636f6e223b693a323b733a343a226e616d65223b693a333b733a363a22736c6f67616e223b693a343b733a31373a226e6f64655f757365725f70696374757265223b693a353b733a32303a22636f6d6d656e745f757365725f70696374757265223b693a363b733a32353a22636f6d6d656e745f757365725f766572696669636174696f6e223b693a373b733a393a226d61696e5f6d656e75223b693a383b733a31343a227365636f6e646172795f6d656e75223b7d733a31303a2273637265656e73686f74223b733a32393a227468656d65732f6761726c616e642f73637265656e73686f742e706e67223b733a333a22706870223b733a353a22352e322e34223b733a373a2273637269707473223b613a303a7b7d733a31353a226f7665726c61795f726567696f6e73223b613a353a7b693a303b733a31343a2264617368626f6172645f6d61696e223b693a313b733a31373a2264617368626f6172645f73696465626172223b693a323b733a31383a2264617368626f6172645f696e616374697665223b693a333b733a373a22636f6e74656e74223b693a343b733a343a2268656c70223b7d733a31343a22726567696f6e735f68696464656e223b613a323a7b693a303b733a383a22706167655f746f70223b693a313b733a31313a22706167655f626f74746f6d223b7d733a32383a226f7665726c61795f737570706c656d656e74616c5f726567696f6e73223b613a313a7b693a303b733a383a22706167655f746f70223b7d7d);
INSERT INTO `drupal_system` (`filename`, `name`, `type`, `owner`, `status`, `bootstrap`, `schema_version`, `weight`, `info`) VALUES
('themes/seven/seven.info', 'seven', 'theme', 'themes/engines/phptemplate/phptemplate.engine', 1, 0, -1, 0, 0x613a31383a7b733a343a226e616d65223b733a353a22536576656e223b733a31313a226465736372697074696f6e223b733a36353a22412073696d706c65206f6e652d636f6c756d6e2c207461626c656c6573732c20666c7569642077696474682061646d696e697374726174696f6e207468656d652e223b733a373a227061636b616765223b733a343a22436f7265223b733a373a2276657273696f6e223b733a343a22372e3236223b733a343a22636f7265223b733a333a22372e78223b733a31313a227374796c65736865657473223b613a313a7b733a363a2273637265656e223b613a323a7b733a393a2272657365742e637373223b733a32323a227468656d65732f736576656e2f72657365742e637373223b733a393a227374796c652e637373223b733a32323a227468656d65732f736576656e2f7374796c652e637373223b7d7d733a383a2273657474696e6773223b613a313a7b733a32303a2273686f72746375745f6d6f64756c655f6c696e6b223b733a313a2231223b7d733a373a22726567696f6e73223b613a383a7b733a373a22636f6e74656e74223b733a373a22436f6e74656e74223b733a343a2268656c70223b733a343a2248656c70223b733a383a22706167655f746f70223b733a383a225061676520746f70223b733a31313a22706167655f626f74746f6d223b733a31313a225061676520626f74746f6d223b733a31333a22736964656261725f6669727374223b733a31333a2246697273742073696465626172223b733a31343a2264617368626f6172645f6d61696e223b733a31363a2244617368626f61726420286d61696e29223b733a31373a2264617368626f6172645f73696465626172223b733a31393a2244617368626f61726420287369646562617229223b733a31383a2264617368626f6172645f696e616374697665223b733a32303a2244617368626f6172642028696e61637469766529223b7d733a31343a22726567696f6e735f68696464656e223b613a333a7b693a303b733a31333a22736964656261725f6669727374223b693a313b733a383a22706167655f746f70223b693a323b733a31313a22706167655f626f74746f6d223b7d733a373a2270726f6a656374223b733a363a2264727570616c223b733a393a22646174657374616d70223b733a31303a2231333839383135393330223b733a363a22656e67696e65223b733a31313a2270687074656d706c617465223b733a383a226665617475726573223b613a393a7b693a303b733a343a226c6f676f223b693a313b733a373a2266617669636f6e223b693a323b733a343a226e616d65223b693a333b733a363a22736c6f67616e223b693a343b733a31373a226e6f64655f757365725f70696374757265223b693a353b733a32303a22636f6d6d656e745f757365725f70696374757265223b693a363b733a32353a22636f6d6d656e745f757365725f766572696669636174696f6e223b693a373b733a393a226d61696e5f6d656e75223b693a383b733a31343a227365636f6e646172795f6d656e75223b7d733a31303a2273637265656e73686f74223b733a32373a227468656d65732f736576656e2f73637265656e73686f742e706e67223b733a333a22706870223b733a353a22352e322e34223b733a373a2273637269707473223b613a303a7b7d733a31353a226f7665726c61795f726567696f6e73223b613a353a7b693a303b733a31343a2264617368626f6172645f6d61696e223b693a313b733a31373a2264617368626f6172645f73696465626172223b693a323b733a31383a2264617368626f6172645f696e616374697665223b693a333b733a373a22636f6e74656e74223b693a343b733a343a2268656c70223b7d733a32383a226f7665726c61795f737570706c656d656e74616c5f726567696f6e73223b613a313a7b693a303b733a383a22706167655f746f70223b7d7d),
('themes/stark/stark.info', 'stark', 'theme', 'themes/engines/phptemplate/phptemplate.engine', 0, 0, -1, 0, 0x613a31373a7b733a343a226e616d65223b733a353a22537461726b223b733a31313a226465736372697074696f6e223b733a3230383a2254686973207468656d652064656d6f6e737472617465732044727570616c27732064656661756c742048544d4c206d61726b757020616e6420435353207374796c65732e20546f206c6561726e20686f7720746f206275696c6420796f7572206f776e207468656d6520616e64206f766572726964652044727570616c27732064656661756c7420636f64652c2073656520746865203c6120687265663d22687474703a2f2f64727570616c2e6f72672f7468656d652d6775696465223e5468656d696e672047756964653c2f613e2e223b733a373a227061636b616765223b733a343a22436f7265223b733a373a2276657273696f6e223b733a343a22372e3236223b733a343a22636f7265223b733a333a22372e78223b733a31313a227374796c65736865657473223b613a313a7b733a333a22616c6c223b613a313a7b733a31303a226c61796f75742e637373223b733a32333a227468656d65732f737461726b2f6c61796f75742e637373223b7d7d733a373a2270726f6a656374223b733a363a2264727570616c223b733a393a22646174657374616d70223b733a31303a2231333839383135393330223b733a363a22656e67696e65223b733a31313a2270687074656d706c617465223b733a373a22726567696f6e73223b613a31323a7b733a31333a22736964656261725f6669727374223b733a31323a224c6566742073696465626172223b733a31343a22736964656261725f7365636f6e64223b733a31333a2252696768742073696465626172223b733a373a22636f6e74656e74223b733a373a22436f6e74656e74223b733a363a22686561646572223b733a363a22486561646572223b733a363a22666f6f746572223b733a363a22466f6f746572223b733a31313a22686967686c696768746564223b733a31313a22486967686c696768746564223b733a343a2268656c70223b733a343a2248656c70223b733a383a22706167655f746f70223b733a383a225061676520746f70223b733a31313a22706167655f626f74746f6d223b733a31313a225061676520626f74746f6d223b733a31343a2264617368626f6172645f6d61696e223b733a31363a2244617368626f61726420286d61696e29223b733a31373a2264617368626f6172645f73696465626172223b733a31393a2244617368626f61726420287369646562617229223b733a31383a2264617368626f6172645f696e616374697665223b733a32303a2244617368626f6172642028696e61637469766529223b7d733a383a226665617475726573223b613a393a7b693a303b733a343a226c6f676f223b693a313b733a373a2266617669636f6e223b693a323b733a343a226e616d65223b693a333b733a363a22736c6f67616e223b693a343b733a31373a226e6f64655f757365725f70696374757265223b693a353b733a32303a22636f6d6d656e745f757365725f70696374757265223b693a363b733a32353a22636f6d6d656e745f757365725f766572696669636174696f6e223b693a373b733a393a226d61696e5f6d656e75223b693a383b733a31343a227365636f6e646172795f6d656e75223b7d733a31303a2273637265656e73686f74223b733a32373a227468656d65732f737461726b2f73637265656e73686f742e706e67223b733a333a22706870223b733a353a22352e322e34223b733a373a2273637269707473223b613a303a7b7d733a31353a226f7665726c61795f726567696f6e73223b613a353a7b693a303b733a31343a2264617368626f6172645f6d61696e223b693a313b733a31373a2264617368626f6172645f73696465626172223b693a323b733a31383a2264617368626f6172645f696e616374697665223b693a333b733a373a22636f6e74656e74223b693a343b733a343a2268656c70223b7d733a31343a22726567696f6e735f68696464656e223b613a323a7b693a303b733a383a22706167655f746f70223b693a313b733a31313a22706167655f626f74746f6d223b7d733a32383a226f7665726c61795f737570706c656d656e74616c5f726567696f6e73223b613a313a7b693a303b733a383a22706167655f746f70223b7d7d);

-- --------------------------------------------------------

--
-- Structure de la table `drupal_taxonomy_index`
--

